{"id":5932,"date":"2017-01-08T03:09:13","date_gmt":"2017-01-08T00:09:13","guid":{"rendered":"http:\/\/blogs.magicjudges.org\/rules\/?page_id=5932"},"modified":"2017-02-14T23:49:56","modified_gmt":"2017-02-14T20:49:56","slug":"mtr-appendix-e-es","status":"publish","type":"page","link":"https:\/\/blogs.magicjudges.org\/rules\/mtr-appendix-e-es\/","title":{"rendered":"MTR Ap\u00e9ndice E \u2014 Cantidad de rondas recomendadas en torneos suizos"},"content":{"rendered":"<p style=\"text-align: justify\">Esta es la cantidad de rondas suizas necesarias para los torneos Premier (como Grand Prix Trials, Preliminary Pro Tour Qualifiers, Regional Pro Tour Qualifiers, Regional Last Chance Qualifiers, World <strong>Magic<\/strong> Cup Qualifiers y World <strong>Magic<\/strong> Cup Qualifier Last Chance Qualifiers). Puede ser usado a discreci\u00f3n del organizador de torneo para los torneos que no sean premier.<\/p>\n<table class=\"table table-hover table-condensed; aligncenter\">\n<tbody>\n<tr>\n<td style=\"width: 200px;text-align: left;background-color: #cccccc\" scope=\"col\"><strong>Jugadores (Equipos)<\/strong><\/td>\n<td style=\"width: 500px;text-align: center;vertical-align: middle;background-color: #cccccc\" scope=\"col\"><strong>Rondas suizas<\/strong><\/td>\n<td style=\"width: 350px;text-align: center;vertical-align: middle;background-color: #cccccc\" scope=\"col\"><strong>Eliminatoria<\/strong><\/td>\n<\/tr>\n<tr>\n<td style=\"width: 150px;text-align: left\">8<\/td>\n<td style=\"width: 80px;text-align: center;vertical-align: middle\">3 rondas de eliminaci\u00f3n simple (sin suizas)<\/td>\n<td style=\"width: 80px;text-align: center;vertical-align: middle\">Ninguna (es eliminaci\u00f3n simple)<\/td>\n<\/tr>\n<tr>\n<td style=\"width: 150px;text-align: left;vertical-align: middle\">9-16<\/td>\n<td style=\"width: 80px;text-align: center;vertical-align: middle\">4 (si es formato Limitado con eliminatoria Booster Draft)<br \/>\n5 (Todos los otros formatos)<\/td>\n<td style=\"width: 80px;text-align: center;vertical-align: middle\">Top 8 (si es formato Limitado con eliminatoria Booster Draft)<br \/>\nTop 4 (Todos los otros formatos)<\/td>\n<\/tr>\n<tr>\n<td style=\"width: 150px;text-align: left\">17-32<\/td>\n<td style=\"width: 80px;text-align: center;vertical-align: middle\">5<\/td>\n<td style=\"width: 80px;text-align: center;vertical-align: middle\">Top 8<\/td>\n<\/tr>\n<tr>\n<td style=\"width: 150px;text-align: left\">33-64<\/td>\n<td style=\"width: 80px;text-align: center;vertical-align: middle\">6<\/td>\n<td style=\"width: 80px;text-align: center;vertical-align: middle\">Top 8<\/td>\n<\/tr>\n<tr>\n<td style=\"width: 150px;text-align: left\">65-128<\/td>\n<td style=\"width: 80px;text-align: center;vertical-align: middle\">7<\/td>\n<td style=\"width: 80px;text-align: center;vertical-align: middle\">Top 8<\/td>\n<\/tr>\n<tr>\n<td style=\"width: 150px;text-align: left\">129-226<\/td>\n<td style=\"width: 80px;text-align: center;vertical-align: middle\">8<\/td>\n<td style=\"width: 80px;text-align: center;vertical-align: middle\">Top 8<\/td>\n<\/tr>\n<tr>\n<td style=\"width: 150px;text-align: left\">227-409<\/td>\n<td style=\"width: 80px;text-align: center;vertical-align: middle\">9<\/td>\n<td style=\"width: 80px;text-align: center;vertical-align: middle\">Top 8<\/td>\n<\/tr>\n<tr>\n<td style=\"width: 150px;text-align: left\">410+<\/td>\n<td style=\"width: 80px;text-align: center;vertical-align: middle\">10<\/td>\n<td style=\"width: 80px;text-align: center;vertical-align: middle\">Top 8<\/td>\n<\/tr>\n<\/tbody>\n<\/table>\n<p style=\"text-align: justify\">Los torneos en equipo consideran a cada equipo como un jugador para esto.<\/p>\n<p style=\"text-align: justify\">En torneos donde se usan rondas libres, cada jugador con 1 ronda libre deber\u00eda contar como 2 jugadores, cada jugador con 2 rondas libres deber\u00eda contar como 4 jugadores, y cada jugador con 3 rondas libres deber\u00eda contar como 8 jugadores al usar la tabla anterior. <\/p>\n","protected":false},"excerpt":{"rendered":"<p>Esta es la cantidad de rondas suizas necesarias para los torneos Premier (como Grand Prix Trials, Preliminary Pro Tour Qualifiers, Regional Pro Tour Qualifiers, Regional Last Chance Qualifiers, World Magic Cup Qualifiers y World Magic Cup Qualifier Last Chance Qualifiers). Puede ser usado a discreci\u00f3n del organizador de torneo para los torneos que no sean [&hellip;]<\/p>\n","protected":false},"author":190,"featured_media":0,"parent":0,"menu_order":0,"comment_status":"closed","ping_status":"closed","template":"","meta":{"footnotes":"","_links_to":"","_links_to_target":""},"language":[8],"class_list":["post-5932","page","type-page","status-publish","hentry","language-es"],"_links":{"self":[{"href":"https:\/\/blogs.magicjudges.org\/rules\/wp-json\/wp\/v2\/pages\/5932","targetHints":{"allow":["GET"]}}],"collection":[{"href":"https:\/\/blogs.magicjudges.org\/rules\/wp-json\/wp\/v2\/pages"}],"about":[{"href":"https:\/\/blogs.magicjudges.org\/rules\/wp-json\/wp\/v2\/types\/page"}],"author":[{"embeddable":true,"href":"https:\/\/blogs.magicjudges.org\/rules\/wp-json\/wp\/v2\/users\/190"}],"replies":[{"embeddable":true,"href":"https:\/\/blogs.magicjudges.org\/rules\/wp-json\/wp\/v2\/comments?post=5932"}],"version-history":[{"count":3,"href":"https:\/\/blogs.magicjudges.org\/rules\/wp-json\/wp\/v2\/pages\/5932\/revisions"}],"predecessor-version":[{"id":6343,"href":"https:\/\/blogs.magicjudges.org\/rules\/wp-json\/wp\/v2\/pages\/5932\/revisions\/6343"}],"wp:attachment":[{"href":"https:\/\/blogs.magicjudges.org\/rules\/wp-json\/wp\/v2\/media?parent=5932"}],"wp:term":[{"taxonomy":"language","embeddable":true,"href":"https:\/\/blogs.magicjudges.org\/rules\/wp-json\/wp\/v2\/language?post=5932"}],"curies":[{"name":"wp","href":"https:\/\/api.w.org\/{rel}","templated":true}]}}