{"id":5950,"date":"2017-01-08T03:31:33","date_gmt":"2017-01-08T00:31:33","guid":{"rendered":"http:\/\/blogs.magicjudges.org\/rules\/?page_id=5950"},"modified":"2018-10-03T08:17:09","modified_gmt":"2018-10-03T05:17:09","slug":"mtr1-9-es","status":"publish","type":"page","link":"https:\/\/blogs.magicjudges.org\/rules\/mtr1-9-es\/","title":{"rendered":"MTR 1.9 Administrador de resultados"},"content":{"rendered":"<p><span style=\"font-weight: 400\">El administrador de resultados asegura la creaci\u00f3n correcta de las parejas y todos los otros registros necesarios durante el torneo.<\/span><\/p>\n<p><span style=\"font-weight: 400\"><div class=\"alert alert-info\" role=\"alert\"> <\/span><i><span style=\"font-weight: 400\">Esto incluye los talones de resultados y todas las sanciones asignadas por un juez durante el torneo. Los administradores de resultados usualmente mantienen los talones de resultados separados y organizados por ronda, as\u00ed, en caso que surja un problema tienen los documentos relevantes tanto de manera electr\u00f3nica (WER) como la copia en papel.<\/span><\/i><\/p>\n<p><span style=\"font-weight: 400\"><\/div><\/span><\/p>\n<p><span style=\"font-weight: 400\">Las responsabilidades del administrador de resultados incluyen:<\/span><\/p>\n<ul>\n<li style=\"font-weight: 400\"><span style=\"font-weight: 400\">Generar las parejas correctamente en cada ronda e ingresar correctamente los resultados de esas rondas.<\/span><\/li>\n<li style=\"font-weight: 400\"><span style=\"font-weight: 400\">Generar posiciones para publicar antes de la \u00faltima ronda suiza. Para otras rondas se puede publicar tambi\u00e9n a criterio del Juez principal.<\/span><\/li>\n<li style=\"font-weight: 400\"><span style=\"font-weight: 400\">Resolver todos los problemas de resultados que surjan consultando con el juez principal.<\/span><\/li>\n<li style=\"font-weight: 400\"><span style=\"font-weight: 400\">Asegurarse que toda la informaci\u00f3n necesaria es incluida en el informe del torneo que ser\u00e1 enviado a la DCI.<\/span><\/li>\n<\/ul>\n<p><span style=\"font-weight: 400\"><div class=\"alert alert-info\" role=\"alert\"> <\/span><i><span style=\"font-weight: 400\">Mientras que administrar resultados pudiera parecer simple, asegurar que los resultados de cada partida son guardados correctamente es crucial para garantizar que el torneo se desarrolle de la mejor forma posible.<\/span><\/i><\/p>\n<p><i><span style=\"font-weight: 400\">Los organizadores de torneo son usualmente los administradores de resultados en eventos m\u00e1s peque\u00f1os como en Pruebas para Grand Prix, pero en eventos m\u00e1s grandes un juez usualmente toma la responsabilidad de administrar resultados. Grandes eventos Premier usualmente tienen administradores de resultados profesionales que poseen experiencia con el software para administrar resultados. Sus habilidades como administrador de resultados no est\u00e1n correlacionados con su nivel de juez; algunos algunos administradores de resultados profesionales no est\u00e1n certificados, otros son jueces nivel 2+.<\/span><\/i><span style=\"font-weight: 400\"><\/div><\/span><\/p>\n<p><span style=\"font-weight: 400\">El juez principal es la autoridad definitiva al determinar acciones correctivas para errores de resultados.<\/span><\/p>\n<p><span style=\"font-weight: 400\"><div class=\"alert alert-info\" role=\"alert\"> <\/span><i><span style=\"font-weight: 400\">En caso de cualquier problema con los emparejamientos en una ronda, el juez principal puede dictar una soluci\u00f3n que \u00e9l o ella encuentre pertinente. Despu\u00e9s de todo, el juez principal es quien toma las \u00faltimas decisiones respecto al desarrollo del evento.<\/span><\/i><span style=\"font-weight: 400\"><\/div><\/span><\/p>\n<p style=\"text-align: justify;margin-bottom: 0px\">\n","protected":false},"excerpt":{"rendered":"<p>El administrador de resultados asegura la creaci\u00f3n correcta de las parejas y todos los otros registros necesarios durante el torneo. Las responsabilidades del administrador de resultados incluyen: Generar las parejas correctamente en cada ronda e ingresar correctamente los resultados de esas rondas. Generar posiciones para publicar antes de la \u00faltima ronda suiza. Para otras rondas [&hellip;]<\/p>\n","protected":false},"author":190,"featured_media":0,"parent":0,"menu_order":0,"comment_status":"closed","ping_status":"closed","template":"","meta":{"footnotes":"","_links_to":"","_links_to_target":""},"language":[8],"class_list":["post-5950","page","type-page","status-publish","hentry","language-es"],"_links":{"self":[{"href":"https:\/\/blogs.magicjudges.org\/rules\/wp-json\/wp\/v2\/pages\/5950","targetHints":{"allow":["GET"]}}],"collection":[{"href":"https:\/\/blogs.magicjudges.org\/rules\/wp-json\/wp\/v2\/pages"}],"about":[{"href":"https:\/\/blogs.magicjudges.org\/rules\/wp-json\/wp\/v2\/types\/page"}],"author":[{"embeddable":true,"href":"https:\/\/blogs.magicjudges.org\/rules\/wp-json\/wp\/v2\/users\/190"}],"replies":[{"embeddable":true,"href":"https:\/\/blogs.magicjudges.org\/rules\/wp-json\/wp\/v2\/comments?post=5950"}],"version-history":[{"count":3,"href":"https:\/\/blogs.magicjudges.org\/rules\/wp-json\/wp\/v2\/pages\/5950\/revisions"}],"predecessor-version":[{"id":8346,"href":"https:\/\/blogs.magicjudges.org\/rules\/wp-json\/wp\/v2\/pages\/5950\/revisions\/8346"}],"wp:attachment":[{"href":"https:\/\/blogs.magicjudges.org\/rules\/wp-json\/wp\/v2\/media?parent=5950"}],"wp:term":[{"taxonomy":"language","embeddable":true,"href":"https:\/\/blogs.magicjudges.org\/rules\/wp-json\/wp\/v2\/language?post=5950"}],"curies":[{"name":"wp","href":"https:\/\/api.w.org\/{rel}","templated":true}]}}