{"id":5966,"date":"2016-01-12T23:52:00","date_gmt":"2016-01-12T20:52:00","guid":{"rendered":"http:\/\/blogs.magicjudges.org\/rules\/?page_id=5966"},"modified":"2019-01-22T19:26:57","modified_gmt":"2019-01-22T16:26:57","slug":"magic-the-gathering-tournament-rules-fr","status":"publish","type":"page","link":"https:\/\/blogs.magicjudges.org\/rules\/magic-the-gathering-tournament-rules-fr\/","title":{"rendered":"Les r\u00e8gles de tournoi de Magic: The Gathering"},"content":{"rendered":"<div style=\"float: right;width: 300px;margin-right: 0px;margin-top: -20px;text-align: right\"><em>Applicable au 19 janvier 2018<br \/>\nDerni\u00e8re mise \u00e0 jour le 08 d\u00e9cembre 2017<\/em><\/div>\n<h2 style=\"text-align: justify;margin-top: -20px\">Introduction<\/h2>\n<div style=\"float: right;width: 80%;padding-left: 20px\">\n<p style=\"text-align: justify\">La DCI est une organisation mondiale d\u00e9di\u00e9e au jeu organis\u00e9. Elle publie, applique et d\u00e9veloppe les r\u00e8gles et usages, utilisant les buts et la philosophie d\u00e9finis dans ce document, dans le<a href=\"http:\/\/blogs.magicjudges.org\/rules\/ipg-fr\/\">Guide des proc\u00e9dures et infractions de Magic (IPG)<\/a> et dans <a href=\"http:\/\/blogs.magicjudges.org\/translatedrules\/2014\/10\/16\/jar-20140926-fr\/\">Arbitrer en jeu convivial (JAR)<\/a>. Elle r\u00e9vise constamment ces r\u00e8gles et usages pour s\u2019assurer que ses buts soient atteints.<\/p>\n<\/div>\n<div style=\"float: left;width: 20%;text-align: center\"><div class=\"alert alert-grey\" role=\"alert\"> <a href=\"http:\/\/www.dcirules.org\/resources\/french\/MTG_MTR_20Jan17_FR.pdf\" target=\"_blank\" rel=\"noopener\"><img loading=\"lazy\" decoding=\"async\" class=\"wp-image-1294 size-full\" src=\"http:\/\/blogs.magicjudges.org\/rules\/files\/2015\/10\/PDFicon.png\" alt=\"T\u00e9l\u00e9charger les mtr\" width=\"100\" height=\"100\" \/><\/a> <strong><a style=\"font-size: 13px\" href=\"https:\/\/drive.google.com\/open?id=1W_DfekCadj6ht9zMae_Mfnf2wwN5ST4E\" target=\"_blank\" rel=\"noopener\"><br \/>\nT\u00e9l\u00e9charger les mtr<\/a><\/strong><\/div><\/div>\n<p><br style=\"clear: both; height: 1px; margin: -1px 0pt 0pt; overflow: hidden;\"><br \/>\nIl existe deux types de tournois homologu\u00e9s de <strong>Magic<\/strong> : class\u00e9s et amicaux. Pendant les tournois class\u00e9s, chaque victoire, match nul ou bye rapporte des points Planeswalker aux joueurs. Les tournois amicaux n\u2019offrent qu\u2019un seul point Planeswalker pour la participation.<\/p>\n<p style=\"text-align: justify\">Le but de ce document est de fournir l\u2019infrastructure \u00e0 utiliser pour organiser des tournois de Magic: The Gathering (\u00ab <strong>Magic<\/strong> \u00bb) en d\u00e9finissant les r\u00e8gles appropri\u00e9es, les responsabilit\u00e9s, et les proc\u00e9dures \u00e0 suivre dans tous les tournois de <strong>Magic<\/strong> homologu\u00e9s par la DCI.<\/p>\n<p style=\"text-align: justify\">Les tournois homologu\u00e9s par la DCI doivent \u00eatre organis\u00e9s de mani\u00e8re coh\u00e9rente quelle que soit leur localisation. Cela assure un traitement \u00e9quitable de tous les joueurs dans les diff\u00e9rentes r\u00e9gions et facilite leur transition vers les tournois internationaux.<\/p>\n<p style=\"text-align: justify\">Tous les joueurs sont trait\u00e9s \u00e9quitablement et partagent les responsabilit\u00e9s en accord avec le Niveau d\u2019Application des R\u00e8gles (REL) de l\u2019\u00e9v\u00e8nement. Les joueurs et les officiels de tournoi doivent coop\u00e9rer pour atteindre le but commun qu\u2019est le bon d\u00e9roulement d\u2019un tournoi homologu\u00e9 par la DCI. Les joueurs et les officiels de tournoi doivent se traiter mutuellement de fa\u00e7on juste et respectueuse, en suivant aussi bien les r\u00e8gles que l\u2019esprit dans lequel ces r\u00e8gles ont \u00e9t\u00e9 cr\u00e9\u00e9es. Ils se doivent de suivre les r\u00e8gles de tournoi de <strong>Magic<\/strong> les plus r\u00e9centes ainsi que les r\u00e8gles compl\u00e8tes de Magic: The Gathering. Les spectateurs ont leurs propres responsabilit\u00e9s. Les personnes ne respectant pas les r\u00e8gles de la DCI sont sujettes aux p\u00e9nalit\u00e9s d\u00e9finies dans le document pertinent vis-\u00e0-vis du Niveau d\u2019Application des R\u00e8gles du tournoi.<\/p>\n<p style=\"text-align: justify\">Les informations dans ce document peuvent contredire (ou avoir des informations non d\u00e9finies dans) les r\u00e8gles compl\u00e8tes. Dans ce cas, ce document fait foi.<\/p>\n<p style=\"text-align: justify\">Certaines directives officielles de tournoi, h\u00e9berg\u00e9es sur le site web de Wizards of the Coast, peuvent d\u00e9finir des usages et proc\u00e9dures alternatifs ou suppl\u00e9mentaires. Si une contradiction existe entre ce document et la directive officielle de tournoi h\u00e9berg\u00e9e sur le site web de Wizards of the Coast, l\u2019information de la directive fait foi.<\/p>\n<p style=\"text-align: justify\">Wizards of the Coast se r\u00e9serve le droit de modifier ces r\u00e8gles, ainsi que le droit d\u2019interpr\u00e9ter, modifier, clarifier ou d\u2019\u00e9mettre des changements officiels \u00e0 ces r\u00e8gles sans pr\u00e9avis.<\/p>\n<p style=\"text-align: justify\">Les mises \u00e0 jour de ce document pour l\u2019ann\u00e9e 2018 auront lieu selon le tableau suivant :<\/p>\n<table style=\"border: 1px solid black;border-collapse: collapse\">\n<tbody>\n<tr bgcolor=\"#800000\">\n<th style=\"color: #ffffff;border: 1px solid black;width: 200px;text-align: center\">Date d&#8217;annonce<\/th>\n<th style=\"color: #ffffff;border: 1px solid black;width: 200px;text-align: center\">Date d&#8217;effet<\/th>\n<\/tr>\n<tr>\n<td style=\"border: 1px solid black;width: 200px;text-align: center\">15 janvier 2018<\/td>\n<td style=\"border: 1px solid black;width: 200px;text-align: center\">19 janvier 2018<\/td>\n<\/tr>\n<tr>\n<td style=\"border: 1px solid black;width: 200px;text-align: center\">23 avril 2018<\/td>\n<td style=\"border: 1px solid black;width: 200px;text-align: center\">26 avril 2018<\/td>\n<\/tr>\n<tr>\n<td style=\"border: 1px solid black;width: 200px;text-align: center\">09 juillet 2018<\/td>\n<td style=\"border: 1px solid black;width: 200px;text-align: center\">13 juillet 2018<\/td>\n<\/tr>\n<tr>\n<td style=\"border: 1px solid black;width: 200px;text-align: center\">01 octobre 2018<\/td>\n<td style=\"border: 1px solid black;width: 200px;text-align: center\">05 octobre 2018<\/td>\n<\/tr>\n<\/tbody>\n<\/table>\n<p style=\"text-align: justify\">La version la plus r\u00e9cente de ce document est disponible sur <a href=\"http:\/\/wpn.wizards.com\/en\/document\/magic-gathering-tournament-rules\">http:\/\/wpn.wizards.com\/en\/document\/magic-gathering-tournament-rules<\/a> pour la version anglaise et <a href=\"http:\/\/blogs.magicjudges.org\/translatedrules\/?lang=fr\">http:\/\/blogs.magicjudges.org\/translatedrules\/?lang=fr<\/a> pour la version fran\u00e7aise. La version anglaise est la seule version officielle et doit \u00eatre utilis\u00e9e en cas de d\u00e9saccord.<\/p>\n<h2>MTR annot\u00e9<\/h2>\n<p style=\"text-align: justify;margin-bottom: 0px\">Les MTR annot\u00e9es sont une d\u00e9construction ligne par ligne des MTR. Certaines parties des MTR peuvent \u00eatre tr\u00e8s denses tout en ne contenant que tr\u00e8s peu de mots superflus. Chaque phrase a une signification propre et l&#8217;objectif des AMTR est d&#8217;attirer l&#8217;attention sur les d\u00e9tails subtils que ces phrases dissimulent. Elles peuvent servir de guide d&#8217;\u00e9tudes en vue du Niveau 2, \u00e0 rafra\u00eechir la m\u00e9moire des arbitres qui ont fait une pause, ou \u00e0 trancher un d\u00e9bat entre arbitres, mais son but premier est l&#8217;\u00c9DUCATION.<\/p>\n<div class=\"alert alert-info\" role=\"alert\"> <em>Le contenu des MTR annot\u00e9es appara\u00eet sur ce site sous forme de panneaux bleus ins\u00e9r\u00e9s dans les MTR, comme ceci.<\/em><\/div>\n<p style=\"text-align: justify\">Ce document est maintenu \u00e0 jour de fa\u00e7on active. Si vous voyez un probl\u00e8me ou que vous avez une suggestion pour une meilleure clart\u00e9, vous pouvez envoyer cela \u00e0 <a>MagicJudges.amtr@gmail.com<\/a> et nous l&#8217;\u00e9tudierons.<\/p>\n<p style=\"text-align: justify;font-size: 24px\">Contenu<\/p>\n<h2 style=\"text-align: justify;font-size: 16px;margin-top: -20px\">1. Fondamentaux des tournois<\/h2>\n<p style=\"padding-left: 30px\">\n1.1. <a href=\"http:\/\/blogs.magicjudges.org\/rules\/mtr1-1-fr\/\">Types de tournois<\/a><br \/>\n1.2. <a href=\"http:\/\/blogs.magicjudges.org\/rules\/mtr1-2-fr\/\">Publication d\u2019informations sur les tournois<\/a><br \/>\n1.3. <a href=\"http:\/\/blogs.magicjudges.org\/rules\/mtr1-3-fr\/\">R\u00f4les de tournoi<\/a><br \/>\n1.4. <a href=\"http:\/\/blogs.magicjudges.org\/rules\/mtr1-4-fr\/\">\u00c9ligibilit\u00e9 \u00e0 la participation<\/a><br \/>\n1.5. <a href=\"http:\/\/blogs.magicjudges.org\/rules\/mtr1-5-fr\/\">Num\u00e9ros DCI<\/a><br \/>\n1.6. <a href=\"http:\/\/blogs.magicjudges.org\/rules\/mtr1-6-fr\/\">Organisateur du tournoi<\/a><br \/>\n1.7. <a href=\"http:\/\/blogs.magicjudges.org\/rules\/mtr1-7-fr\/\">Head-Judge<\/a><br \/>\n1.8. <a href=\"http:\/\/blogs.magicjudges.org\/rules\/mtr1-8-fr\/\">Arbitres de salle<\/a><br \/>\n1.9. <a href=\"http:\/\/blogs.magicjudges.org\/rules\/mtr1-9-fr\/\">Scorekeeper<\/a><br \/>\n1.10. <a href=\"http:\/\/blogs.magicjudges.org\/rules\/mtr1-10-fr\/\">Joueurs<\/a><br \/>\n1.11. <a href=\"http:\/\/blogs.magicjudges.org\/rules\/mtr1-11-fr\/\">Spectateurs<\/a><br \/>\n1.12. <a href=\"http:\/\/blogs.magicjudges.org\/rules\/mtr1-12-fr\/\">Niveaux d\u2019Application des R\u00e8gles (REL)<\/a><\/p>\n<h2 style=\"text-align: justify;font-size: 16px\">2. Fonctionnement des tournois<\/h2>\n<p style=\"padding-left: 30px\">\n2.1. <a href=\"http:\/\/blogs.magicjudges.org\/rules\/mtr2-1-fr\/\">Structure d\u2019un match<\/a><br \/>\n2.2. <a href=\"http:\/\/blogs.magicjudges.org\/rules\/mtr2-2-fr\/\">R\u00e8gle du \u00ab commencer ou piocher \u00bb<\/a><br \/>\n2.3. <a href=\"http:\/\/blogs.magicjudges.org\/rules\/mtr2-3-fr\/\">Proc\u00e9dure de pr\u00e9paration de la partie<\/a><br \/>\n2.4. <a href=\"http:\/\/blogs.magicjudges.org\/rules\/mtr2-4-fr\/\">Conc\u00e9der ou faire \u00e9galit\u00e9 intentionnelle pour une partie ou un match<\/a><br \/>\n2.5. <a href=\"http:\/\/blogs.magicjudges.org\/rules\/mtr2-5-fr\/\">Proc\u00e9dure de fin de match<\/a><br \/>\n2.6. <a href=\"http:\/\/blogs.magicjudges.org\/rules\/mtr2-6-fr\/\">Extension de temps<\/a><br \/>\n2.7. <a href=\"http:\/\/blogs.magicjudges.org\/rules\/mtr2-7-fr\/\">Listage du deck<\/a><br \/>\n2.8. <a href=\"http:\/\/blogs.magicjudges.org\/rules\/mtr2-8-fr\/\">Deck-checks<\/a><br \/>\n2.9. <a href=\"http:\/\/blogs.magicjudges.org\/rules\/mtr2-9-fr\/\">Appels au Head-Judge<\/a><br \/>\n2.10. <a href=\"http:\/\/blogs.magicjudges.org\/rules\/mtr2-10-fr\/\">Dropper d\u2019un tournoi<\/a><br \/>\n2.11. <a href=\"http:\/\/blogs.magicjudges.org\/rules\/mtr2-11-fr\/\">Prise de notes<\/a><br \/>\n2.12. <a href=\"http:\/\/blogs.magicjudges.org\/rules\/mtr2-12-fr\/\">Appareils \u00e9lectroniques<\/a><br \/>\n2.13. <a href=\"http:\/\/blogs.magicjudges.org\/rules\/mtr2-13-fr\/\">\u00c9v\u00e8nements film\u00e9s<\/a>\n<\/p>\n<h2 style=\"text-align: justify;font-size: 16px\">3. R\u00e8gles de tournoi<\/h2>\n<p style=\"padding-left: 30px\">\n3.1. <a href=\"http:\/\/blogs.magicjudges.org\/rules\/mtr3-1-fr\/\">D\u00e9partages<\/a><br \/>\n3.2. <a href=\"http:\/\/blogs.magicjudges.org\/rules\/mtr3-2-fr\/\">Cat\u00e9gories de format et de classement<\/a><br \/>\n3.3. <a href=\"http:\/\/blogs.magicjudges.org\/rules\/mtr3-3-fr\/\">Cartes autoris\u00e9es<\/a><br \/>\n3.4. <a href=\"http:\/\/blogs.magicjudges.org\/rules\/mtr3-4-fr\/\">Cartes de remplacement (proxy)<\/a><br \/>\n3.5. <a href=\"http:\/\/blogs.magicjudges.org\/rules\/mtr3-5-fr\/\">Cartes check-list<\/a><br \/>\n3.6. <a href=\"http:\/\/blogs.magicjudges.org\/rules\/mtr3-6-fr\/\">Identification et interpr\u00e9tation des cartes<\/a><br \/>\n3.7. <a href=\"http:\/\/blogs.magicjudges.org\/rules\/mtr3-7-fr\/\">Nouvelles extensions<\/a><br \/>\n3.8. <a href=\"http:\/\/blogs.magicjudges.org\/rules\/mtr3-8-fr\/\">Marqueurs de jeu<\/a><br \/>\n3.9. <a href=\"http:\/\/blogs.magicjudges.org\/rules\/mtr3-9-fr\/\">M\u00e9lange des cartes<\/a><br \/>\n3.10. <a href=\"http:\/\/blogs.magicjudges.org\/rules\/mtr3-10-fr\/\">Pochettes<\/a><br \/>\n3.11. <a href=\"http:\/\/blogs.magicjudges.org\/rules\/mtr3-11-fr\/\">Cartes marqu\u00e9es<\/a><br \/>\n3.12. <a href=\"http:\/\/blogs.magicjudges.org\/rules\/mtr3-12-fr\/\">Informations cach\u00e9es<\/a><br \/>\n3.13. <a href=\"http:\/\/blogs.magicjudges.org\/rules\/mtr3-13-fr\/\">Cartes engag\u00e9es\/invers\u00e9es<\/a><br \/>\n3.14. <a href=\"http:\/\/blogs.magicjudges.org\/rules\/mtr3-14-fr\/\">Ordre du cimeti\u00e8re<\/a><br \/>\n3.15. <a href=\"http:\/\/blogs.magicjudges.org\/rules\/mtr3-15-fr\/\">R\u00e9serve<\/a>\n<\/p>\n<h2 style=\"text-align: justify;font-size: 16px\">4. Communication<\/h2>\n<p style=\"padding-left: 30px\">\n4.1. <a href=\"http:\/\/blogs.magicjudges.org\/rules\/mtr4-1-fr\/\">Communication entre les joueurs<\/a><br \/>\n4.2. <a href=\"http:\/\/blogs.magicjudges.org\/rules\/mtr4-2-fr\/\">Raccourcis de tournoi<\/a><br \/>\n4.3. <a href=\"http:\/\/blogs.magicjudges.org\/rules\/mtr4-3-fr\/\">Jeu dans le mauvais ordre<\/a><br \/>\n4.4. <a href=\"http:\/\/blogs.magicjudges.org\/rules\/mtr4-4-fr\/\">Boucles (en cours de traduction)<\/a><br \/>\n4.5  <a href=\"http:\/\/blogs.magicjudges.org\/rules\/mtr4-5-fr\/\">Capacit\u00e9s d\u00e9clench\u00e9es<\/a><br \/>\n4.6. <a href=\"http:\/\/blogs.magicjudges.org\/rules\/mtr4-6-fr\/\">Communication en Troll \u00e0 deux t\u00eates\/en \u00e9quipe<\/a><br \/>\n4.7. <a href=\"http:\/\/blogs.magicjudges.org\/rules\/mtr4-7-fr\/\">Game Layout (en cours de traduction)<\/a><br \/>\n4.8. <a href=\"http:\/\/blogs.magicjudges.org\/rules\/mtr4-8-fr\/\">Reversing Decisions (en cours de traduction)<\/a>\n<\/p>\n<h2 style=\"text-align: justify;font-size: 16px\">5. Violations des r\u00e8gles de tournoi<\/h2>\n<p style=\"padding-left: 30px\">\n5.1. <a href=\"http:\/\/blogs.magicjudges.org\/rules\/mtr5-1-fr\/\">Triche<\/a><br \/>\n5.2. <a href=\"http:\/\/blogs.magicjudges.org\/rules\/mtr5-2-fr\/\">Corruption<\/a><br \/>\n5.3. <a href=\"http:\/\/blogs.magicjudges.org\/rules\/mtr5-3-fr\/\">Paris<\/a><br \/>\n5.4. <a href=\"http:\/\/blogs.magicjudges.org\/rules\/mtr5-4-fr\/\">Conduite antisportive<\/a><br \/>\n5.5. <a href=\"http:\/\/blogs.magicjudges.org\/rules\/mtr5-5-fr\/\">Jeu lent<\/a><br \/>\n5.6. <a href=\"http:\/\/blogs.magicjudges.org\/rules\/mtr5-6-fr\/\">Outside Assistance<\/a>\n<\/p>\n<h2 style=\"text-align: justify;font-size: 16px\">6. R\u00e8gles de tournoi en Construit<\/h2>\n<p style=\"padding-left: 30px\">\n6.1. <a href=\"http:\/\/blogs.magicjudges.org\/rules\/mtr6-1-fr\/\">Limitations sur la construction de decks en Construit<\/a><br \/>\n6.2. <a href=\"http:\/\/blogs.magicjudges.org\/rules\/mtr6-2-fr\/\">L\u00e9galit\u00e9 des cartes<\/a><br \/>\n6.3. <a href=\"http:\/\/blogs.magicjudges.org\/rules\/mtr6-3-fr\/\">Decks construits au format Standard<\/a><br \/>\n6.4. <a href=\"http:\/\/blogs.magicjudges.org\/rules\/mtr6-4-fr\/\">Decks construits au format Modern<\/a><br \/>\n6.5. <a href=\"http:\/\/blogs.magicjudges.org\/rules\/mtr6-5-fr\/\">Decks construits au format Vintage<\/a><br \/>\n6.6. <a href=\"http:\/\/blogs.magicjudges.org\/rules\/mtr6-6-fr\/\">Decks construits au format Legacy<\/a>\n<\/p>\n<h2 style=\"text-align: justify;font-size: 16px\">7. R\u00e8gles de tournoi en Limit\u00e9<\/h2>\n<p style=\"padding-left: 30px\">\n7.1. <a href=\"http:\/\/blogs.magicjudges.org\/rules\/mtr7-1-fr\/\">Limitations sur la construction de decks<\/a><br \/>\n7.2. <a href=\"http:\/\/blogs.magicjudges.org\/rules\/mtr7-2-fr\/\">Cartes utilisables dans un tournoi en Limit\u00e9<\/a><br \/>\n7.3. <a href=\"http:\/\/blogs.magicjudges.org\/rules\/mtr7-3-fr\/\">Construction continue<\/a><br \/>\n7.4. <a href=\"http:\/\/blogs.magicjudges.org\/rules\/mtr7-4-fr\/\">Anomalies dans le produit<\/a><br \/>\n7.5. <a href=\"http:\/\/blogs.magicjudges.org\/rules\/mtr7-5-fr\/\">Listage des paquets scell\u00e9s<\/a><br \/>\n7.6. <a href=\"http:\/\/blogs.magicjudges.org\/rules\/mtr7-6-fr\/\">Pods de draft<\/a><br \/>\n7.7. <a href=\"http:\/\/blogs.magicjudges.org\/rules\/mtr7-7-fr\/\">Proc\u00e9dures de draft<\/a>\n<\/p>\n<h2 style=\"text-align: justify;font-size: 16px\">8. R\u00e8gles de tournoi par \u00e9quipes<\/h2>\n<p style=\"padding-left: 30px\">\n8.1. <a href=\"http:\/\/blogs.magicjudges.org\/rules\/mtr8-1-fr\/\">Nom de l\u2019\u00e9quipe<\/a><br \/>\n8.2. <a href=\"http:\/\/blogs.magicjudges.org\/rules\/mtr8-2-fr\/\">Composition de l&#8217;\u00e9quipe et identification<\/a><br \/>\n8.3. <a href=\"http:\/\/blogs.magicjudges.org\/rules\/mtr8-3-fr\/\">R\u00e8gles de communication \u00e0 l\u2019int\u00e9rieur de l\u2019\u00e9quipe<\/a><br \/>\n8.4. <a href=\"http:\/\/blogs.magicjudges.org\/rules\/mtr8-4-fr\/\">R\u00e8gle de construction unifi\u00e9e de deck<\/a><br \/>\n8.5. <a href=\"http:\/\/blogs.magicjudges.org\/rules\/mtr8-6-fr\/\">Tournois en Rochester par \u00e9quipes<\/a><br \/>\n8.6. <a href=\"http:\/\/blogs.magicjudges.org\/rules\/mtr8-7-fr\/\">Tournois en paquet scell\u00e9 par \u00e9quipes<\/a>\n<\/p>\n<h2 style=\"text-align: justify;font-size: 16px\">9. R\u00e8gles de tournoi en Troll \u00e0 deux t\u00eates<\/h2>\n<p style=\"padding-left: 30px\">\n9.1. <a href=\"http:\/\/blogs.magicjudges.org\/rules\/mtr9-1-fr\/\">Structure du match en Troll \u00e0 deux t\u00eates<\/a><br \/>\n9.2. <a href=\"http:\/\/blogs.magicjudges.org\/rules\/mtr9-2-fr\/\">R\u00e8gles de communication<\/a><br \/>\n9.3. <a href=\"http:\/\/blogs.magicjudges.org\/rules\/mtr9-3-fr\/\">R\u00e8gle du \u00ab commencer ou piocher \u00bb en Troll \u00e0 deux t\u00eates<\/a><br \/>\n9.4. <a href=\"http:\/\/blogs.magicjudges.org\/rules\/mtr9-4-fr\/\">Proc\u00e9dure de pr\u00e9paration de la partie en Troll \u00e0 deux t\u00eates<\/a><br \/>\n9.5. <a href=\"http:\/\/blogs.magicjudges.org\/rules\/mtr9-5-fr\/\">Decks en Construit en Troll \u00e0 deux t\u00eates<\/a><br \/>\n9.6. <a href=\"http:\/\/blogs.magicjudges.org\/rules\/mtr9-6-fr\/\">R\u00e8gles de tournoi en Limit\u00e9 en Troll \u00e0 deux t\u00eates<\/a><br \/>\n9.7. <a href=\"http:\/\/blogs.magicjudges.org\/rules\/mtr9-7-fr\/\">Tournois en Draft en Troll \u00e0 deux t\u00eates<\/a>\n<\/p>\n<h2 style=\"text-align: justify;font-size: 16px\">10. R\u00e8gles d\u2019homologation<\/h2>\n<p style=\"padding-left: 30px\">\n10.1. <a href=\"http:\/\/blogs.magicjudges.org\/rules\/mtr10-1-fr\/\">Nombre minimum de participants<\/a><br \/>\n10.2. <a href=\"http:\/\/blogs.magicjudges.org\/rules\/mtr10-2-fr\/\">Nombre de rondes<\/a><br \/>\n10.3. <a href=\"http:\/\/blogs.magicjudges.org\/rules\/mtr10-3-fr\/\">Tournois sur invitation<\/a><br \/>\n10.4. <a href=\"http:\/\/blogs.magicjudges.org\/rules\/mtr10-4-fr\/\">Algorithme d\u2019appariement<\/a>\n<\/p>\n<h2 style=\"text-align: justify;font-size: 16px\">Annexes<\/h2>\n<p style=\"padding-left: 30px\">\nAnnexe A \u2014 <a href=\"http:\/\/blogs.magicjudges.org\/rules\/mtr-appendix-a-fr\/\">Changements par rapport aux versions pr\u00e9c\u00e9dentes<\/a><br \/>\nAnnexe B \u2014 <a href=\"http:\/\/blogs.magicjudges.org\/rules\/mtr-appendix-b-fr\/\">Limites de temps<\/a><br \/>\nAnnexe C \u2014 <a href=\"http:\/\/blogs.magicjudges.org\/rules\/mtr-appendix-c-fr\/\">Explication des d\u00e9partages<\/a><br \/>\nAnnexe D \u2014 <a href=\"http:\/\/blogs.magicjudges.org\/rules\/mtr-appendix-d-fr\/\">Produit recommand\u00e9 pour les tournois en Limit\u00e9<\/a><br \/>\nAnnexe E \u2014 <a href=\"http:\/\/blogs.magicjudges.org\/rules\/mtr-appendix-e-fr\/\">Nombre de rondes recommand\u00e9 dans les tournois en rondes suisses<\/a><br \/>\nAnnexe F \u2014 <a href=\"http:\/\/blogs.magicjudges.org\/rules\/mtr-appendix-f-fr\/\">Niveau d\u2019Application des R\u00e8gles des tournois<\/a>\n<\/p>\n<p><small>Toutes les marques d\u00e9pos\u00e9es sont la propri\u00e9t\u00e9 de Wizards of the Coast LLC aux U.S.A. et dans les autres pays. \u00a92016 Wizards.<\/small><\/p>\n","protected":false},"excerpt":{"rendered":"<p>Applicable au 19 janvier 2018 Derni\u00e8re mise \u00e0 jour le 08 d\u00e9cembre 2017 Introduction La DCI est une organisation mondiale d\u00e9di\u00e9e au jeu organis\u00e9. Elle publie, applique et d\u00e9veloppe les r\u00e8gles et usages, utilisant les buts et la philosophie d\u00e9finis dans ce document, dans leGuide des proc\u00e9dures et infractions de Magic (IPG) et dans Arbitrer [&hellip;]<\/p>\n","protected":false},"author":30,"featured_media":0,"parent":0,"menu_order":0,"comment_status":"closed","ping_status":"closed","template":"page_width-index.php","meta":{"footnotes":"","_links_to":"","_links_to_target":""},"language":[9],"class_list":["post-5966","page","type-page","status-publish","hentry","language-fr"],"_links":{"self":[{"href":"https:\/\/blogs.magicjudges.org\/rules\/wp-json\/wp\/v2\/pages\/5966","targetHints":{"allow":["GET"]}}],"collection":[{"href":"https:\/\/blogs.magicjudges.org\/rules\/wp-json\/wp\/v2\/pages"}],"about":[{"href":"https:\/\/blogs.magicjudges.org\/rules\/wp-json\/wp\/v2\/types\/page"}],"author":[{"embeddable":true,"href":"https:\/\/blogs.magicjudges.org\/rules\/wp-json\/wp\/v2\/users\/30"}],"replies":[{"embeddable":true,"href":"https:\/\/blogs.magicjudges.org\/rules\/wp-json\/wp\/v2\/comments?post=5966"}],"version-history":[{"count":19,"href":"https:\/\/blogs.magicjudges.org\/rules\/wp-json\/wp\/v2\/pages\/5966\/revisions"}],"predecessor-version":[{"id":8654,"href":"https:\/\/blogs.magicjudges.org\/rules\/wp-json\/wp\/v2\/pages\/5966\/revisions\/8654"}],"wp:attachment":[{"href":"https:\/\/blogs.magicjudges.org\/rules\/wp-json\/wp\/v2\/media?parent=5966"}],"wp:term":[{"taxonomy":"language","embeddable":true,"href":"https:\/\/blogs.magicjudges.org\/rules\/wp-json\/wp\/v2\/language?post=5966"}],"curies":[{"name":"wp","href":"https:\/\/api.w.org\/{rel}","templated":true}]}}