{"id":5975,"date":"2017-01-13T00:05:56","date_gmt":"2017-01-12T21:05:56","guid":{"rendered":"http:\/\/blogs.magicjudges.org\/rules\/?page_id=5975"},"modified":"2017-01-13T00:20:28","modified_gmt":"2017-01-12T21:20:28","slug":"mtr1-3-fr","status":"publish","type":"page","link":"https:\/\/blogs.magicjudges.org\/rules\/mtr1-3-fr\/","title":{"rendered":"MTR 1.3 R\u00f4les de tournoi"},"content":{"rendered":"<p style=\"text-align: justify\">Les r\u00f4les suivants sont d\u00e9finis dans le cadre d\u2019un tournoi :<\/p>\n<ul style=\"text-align: justify\">\n<li>Organisateur de tournoi<\/li>\n<li>Head Judge<\/li>\n<li>Arbitre de salle<\/li>\n<li>Scorekeeper<\/li>\n<li>Joueur<\/li>\n<li>Spectateur<\/li>\n<\/ul>\n<p style=\"text-align: justify;margin-bottom: 0px\">Les personnes incarnant les quatre premiers r\u00f4les ci-dessus sont consid\u00e9r\u00e9es comme \u00e9tant les officiels de tournoi. Le Head-Judge et les arbitres de salle sont consid\u00e9r\u00e9s comme \u00e9tant arbitres. Une personne peut cumuler n\u2019importe quel nombre de ces r\u00f4les officiels. Les personnes n\u2019officiant pas comme arbitres dans un tournoi sont des spectateurs dans n\u2019importe quel match qu\u2019ils ne sont pas en train de jouer. Les journalistes sont aussi consid\u00e9r\u00e9s comme des spectateurs.<\/p>\n<div class=\"alert alert-info\" role=\"alert\"> <em>Une m\u00eame personne peut endosser tous ces six r\u00f4les au cours du m\u00eame tournoi. Lors des \u00e9v\u00e9nements de grande taille ces r\u00f4les sont g\u00e9n\u00e9ralement r\u00e9partis. Tout joueur est aussi le spectateur des matchs qui ont lieu sur les tables avoisinantes. Lors d\u2019un \u00e9v\u00e9nement toute personne qui n\u2019est pas un arbitre, qu\u2019elle ait un num\u00e9ro DCI ou non, est consid\u00e9r\u00e9e comme un spectateur.<\/em><\/p>\n<p><em>On attend des joueurs qu\u2019ils suivent les instructions donn\u00e9es par les Officiels du Tournoi, c\u2019est pourquoi il est important de savoir \u00e0 qui ce titre s\u2019applique. Il est \u00e9galement important de d\u00e9finir chacun de ces r\u00f4les de fa\u00e7on d\u00e9taill\u00e9e, par chance c\u2019est ce que font pour nous les MTR dans les sections 1.6 \u00e0 1.11, dans l\u2019ordre indiqu\u00e9 ci-dessus.<\/em><\/div>\n","protected":false},"excerpt":{"rendered":"<p>Les r\u00f4les suivants sont d\u00e9finis dans le cadre d\u2019un tournoi : Organisateur de tournoi Head Judge Arbitre de salle Scorekeeper Joueur Spectateur Les personnes incarnant les quatre premiers r\u00f4les ci-dessus sont consid\u00e9r\u00e9es comme \u00e9tant les officiels de tournoi. Le Head-Judge et les arbitres de salle sont consid\u00e9r\u00e9s comme \u00e9tant arbitres. Une personne peut cumuler n\u2019importe [&hellip;]<\/p>\n","protected":false},"author":30,"featured_media":0,"parent":0,"menu_order":0,"comment_status":"closed","ping_status":"closed","template":"page_width-index.php","meta":{"footnotes":"","_links_to":"","_links_to_target":""},"language":[9],"class_list":["post-5975","page","type-page","status-publish","hentry","language-fr"],"_links":{"self":[{"href":"https:\/\/blogs.magicjudges.org\/rules\/wp-json\/wp\/v2\/pages\/5975","targetHints":{"allow":["GET"]}}],"collection":[{"href":"https:\/\/blogs.magicjudges.org\/rules\/wp-json\/wp\/v2\/pages"}],"about":[{"href":"https:\/\/blogs.magicjudges.org\/rules\/wp-json\/wp\/v2\/types\/page"}],"author":[{"embeddable":true,"href":"https:\/\/blogs.magicjudges.org\/rules\/wp-json\/wp\/v2\/users\/30"}],"replies":[{"embeddable":true,"href":"https:\/\/blogs.magicjudges.org\/rules\/wp-json\/wp\/v2\/comments?post=5975"}],"version-history":[{"count":1,"href":"https:\/\/blogs.magicjudges.org\/rules\/wp-json\/wp\/v2\/pages\/5975\/revisions"}],"predecessor-version":[{"id":5976,"href":"https:\/\/blogs.magicjudges.org\/rules\/wp-json\/wp\/v2\/pages\/5975\/revisions\/5976"}],"wp:attachment":[{"href":"https:\/\/blogs.magicjudges.org\/rules\/wp-json\/wp\/v2\/media?parent=5975"}],"wp:term":[{"taxonomy":"language","embeddable":true,"href":"https:\/\/blogs.magicjudges.org\/rules\/wp-json\/wp\/v2\/language?post=5975"}],"curies":[{"name":"wp","href":"https:\/\/api.w.org\/{rel}","templated":true}]}}