{"id":6026,"date":"2016-01-13T12:22:48","date_gmt":"2016-01-13T09:22:48","guid":{"rendered":"http:\/\/blogs.magicjudges.org\/rules\/?page_id=6026"},"modified":"2018-03-26T20:13:14","modified_gmt":"2018-03-26T17:13:14","slug":"mtr3-3-fr","status":"publish","type":"page","link":"https:\/\/blogs.magicjudges.org\/rules\/mtr3-3-fr\/","title":{"rendered":"MTR 3.3 Cartes autoris\u00e9es"},"content":{"rendered":"<p style=\"text-align: justify\">Les joueurs peuvent utiliser n\u2019importe quelle Carte de Jeu Autoris\u00e9e d\u2019une extension <strong>Magic<\/strong> : The Gathering, d\u2019une extension de base, d\u2019une extension sp\u00e9ciale, d\u2019un suppl\u00e9ment et d\u2019impressions promotionnelles. Les Cartes de Jeu Autoris\u00e9es sont des cartes qui, non alt\u00e9r\u00e9es, remplissent les conditions suivantes :<\/p>\n<ul style=\"text-align: justify\">\n<li>La carte est une carte authentique publi\u00e9e par Wizards of the Coast.<br \/>\n<div class=\"alert alert-info\" role=\"alert\"> <em>Il est important de se rappeler que les fausses cartes de <strong>Magic<\/strong> existent bel et bien. La plupart du temps on peut remarquer que ces cartes sont fausses en les observant attentivement. Si on d\u00e9couvre que ces cartes sont utilis\u00e9es dans un tounoi, il faut que faire cesser cela sur-le-champ. En outre il se peut que le joueur qui utilise ces cartes ne r\u00e9alise pas qu\u2019elles sont fausses donc certes il faut l\u2019avertir qu\u2019il utilise des contrefa\u00e7ons et l\u2019informer qu\u2019il doit les remplacer mais, en tant qu\u2019arbitres, nous ne devons pas aller plus loin que \u00e7a sauf si nous pensons qu\u2019il avait connaissance de la contrefa\u00e7on et qu\u2019il utilisait de fausses cartes intentionnellement.<\/em><em>De plus les officiels de tournoi ne sont investis d\u2019aucune autorit\u00e9 l\u00e9gale pour confisquer de fausses cartes et ils ne doivent pas essayer de le faire. Faire cesser leur utilisation dans le cadre de l\u2019\u00e9v\u00e9nement est suffisant.<\/em><\/div><\/li>\n<li>La carte a un dos standard <strong>Magic<\/strong>, ou est une carte double face, ou est une carte qui fait partie d\u2019une paire \u00e0 assimiler.<br \/>\n<div class=\"alert alert-info\" role=\"alert\"> <em>Les tirages d\u2019artistes sont publi\u00e9s par Wizards of the Coast mais ils ne poss\u00e8dent pas le dos standard des cartes <strong>Magic<\/strong>. En cons\u00e9quence ils ne sont pas utilisables dans le contexte d\u2019un tournoi.<\/em><\/div><\/li>\n<li>La carte n\u2019a pas les coins carr\u00e9s.<br \/>\n<div class=\"alert alert-info\" role=\"alert\"> <em>Les cartes des \u00e9ditions Collector ont des bords noirs sur le recto mais des coins carr\u00e9s et des bords dor\u00e9s sur le verso. Leur usage n\u2019est pas l\u00e9gal en tournoi. De plus il arrive parfois que des planches non coup\u00e9es (uncut sheets) soient d\u00e9coup\u00e9es pour \u00eatre utilis\u00e9es. Il est important que ces cartes aient les m\u00eames coins que toutes les autres cartes.<\/em><\/div><\/li>\n<li>La carte est \u00e0 bord non-argent\u00e9 ou sans bord imprim\u00e9.<br \/>\n<div class=\"alert alert-info\" role=\"alert\"> <em>Les cartes des \u00e9ditions Unglued et Unhinged ont des bords argent\u00e9s avec un dos <strong>Magic<\/strong> classique. Elles ne sont pas l\u00e9galement utilisables pour jouer. Il existe aussi des cartes \u00e0 bords dor\u00e9s mais elles n\u2019ont pas un dos <strong>Magic<\/strong> standard.<\/em><\/div><\/li>\n<li>La carte n\u2019est pas un jeton.<br \/>\n<div class=\"alert alert-info\" role=\"alert\"> <em>On utilise des jetons pour repr\u00e9senter des objets qui n\u2019existent pas sous la forme de cartes <strong>Magic<\/strong> normales. Bien que des jetons officiels existent, rien n\u2019impose de les utiliser pour jouer en tournoi. De m\u00eame, les jetons avec un dos <strong>Magic<\/strong> classique ne peuvent pas \u00eatre inclus dans un deck.<\/em><\/div><\/li>\n<li>La carte n\u2019est pas endommag\u00e9e ou modifi\u00e9e de fa\u00e7on \u00e0 \u00eatre consid\u00e9r\u00e9e comme marqu\u00e9e.<br \/>\n<div class=\"alert alert-info\" role=\"alert\"> <em>On peut distinguer les cartes tordues de mani\u00e8re significative parmi les autres cartes d\u2019un deck, m\u00eame sous pochettes. De plus les cartes alt\u00e9r\u00e9es peuvent \u00eatre plus \u00e9paisses que les autres cartes du deck, selon la m\u00e9thode avec laquelle la carte a \u00e9t\u00e9 alt\u00e9r\u00e9e. S\u2019il est possible de reconna\u00eetre certaines cartes parmi les autres du deck sans regarder leur recto, alors ces cartes sont marqu\u00e9es et il n\u2019est pas l\u00e9gal de les jouer en tournoi.<\/em><\/div><\/li>\n<li>La carte est par ailleurs l\u00e9gale pour le tournoi comme le d\u00e9finit son format.<br \/>\n<div class=\"alert alert-info\" role=\"alert\"> <em>Les cartes incluses dans le deck doivent avoir \u00e9t\u00e9 imprim\u00e9es dans une extension l\u00e9gale pour le format, m\u00eame si la carte physique utilis\u00e9e provient d\u2019une \u00e9dition qui n\u2019est pas l\u00e9gale elle-m\u00eame. Par exemple, il est acceptable d\u2019utiliser des copies de <a href=\"https:\/\/blogs.magicjudges.org\/rules\/wp-content\/plugins\/lems-mtg-helper\/lems-mtg-helper-cardfinder.php?find=Mana+Leak&width=223&height=310\" class=\"jTip\" name=\"\">Mana Leak<\/a> de l\u2019\u00e9dition Forteresse (Stronghold) en Modern m\u00eame si Forteresse n\u2019est pas une \u00e9dition l\u00e9gale dans le format Modern.<\/em><\/div><\/li>\n<\/ul>\n<p style=\"text-align: justify;margin-bottom: 0px\">Le Head-Judge d\u2019un tournoi peut cr\u00e9er une carte de remplacement (proxy, cf. 3.4. &lt;a href=&quot;http:\/\/blogs.<strong>Magic<\/strong>judges.org\/rules\/mtr3-4-fr\/&#8221;&gt;;section 3.4<\/a>) pour une carte qui est devenue us\u00e9e ou endommag\u00e9e au cours du tournoi.<\/p>\n<div class=\"alert alert-info\" role=\"alert\"> <em>Le r\u00e8glement d\u00e9taill\u00e9 sur les proxies se trouve dans la section 3.4 mais il est important de noter ici que seul le Head-Judge d\u2019un \u00e9v\u00e9nement est en droit de cr\u00e9er une carte de remplacement et qu\u2019une proxy ne doit \u00eatre cr\u00e9\u00e9e que pour une carte qui a \u00e9t\u00e9 endommag\u00e9e au cours du tournoi ou qui provient de produit Limit\u00e9 ab\u00eem\u00e9 ou mal imprim\u00e9. La carte originelle endommag\u00e9e doit se trouver pr\u00e8s de l\u2019espace de jeu et elle remplace la proxy chaque fois que la carte est sur la pile ou sur le champ de bataille.<\/em><\/div>\n<p style=\"text-align: justify;margin-bottom: 0px\">Les joueurs ne peuvent utiliser des cartes de l\u2019extension Alpha que si leur deck est dans des pochettes opaques.<\/p>\n<div class=\"alert alert-info\" role=\"alert\"> <em>Les cartes de l\u2019\u00e9dition Alpha ont des coins qui sont sensiblement plus arrondis que toutes les cartes imprim\u00e9es par la suite \u00e0 partir de l\u2019\u00e9dition Beta. On peut les diff\u00e9rencier facilement des autres cartes du deck si on peut voir \u00e0 travers les pochettes.<\/em><\/div>\n<p style=\"text-align: justify;margin-bottom: 0px\">Les cartes \u00e0 bords argent\u00e9s ne peuvent \u00eatre utilis\u00e9s que dans un \u00e9v\u00e9nement convivial, et uniquement si le format l\u2019autorise le permet explicitement.<\/p>\n<p style=\"text-align: justify;margin-bottom: 0px\">Les joueurs peuvent utiliser des cartes non anglaises et\/ou avec des erreurs d\u2019impressions si elles sont l\u00e9gales par ailleurs et s\u2019ils ne s\u2019en servent pas pour gagner un avantage en utilisant un texte ou une image trompeurs. Les cartes promotionnelles officielles textless (sans texte) sont autoris\u00e9es dans les tournois <strong>Magic<\/strong> homologu\u00e9s dans lesquelles elles sont par ailleurs l\u00e9gales.<\/p>\n<div class=\"alert alert-info\" role=\"alert\"> <em>Rien n\u2019oblige les joueurs \u00e0 jouer avec des cartes imprim\u00e9es dans la langue natale du pays o\u00f9 le tournoi a lieu. Si un joueur a besoin de savoir ce que fait une carte, soit parce qu\u2019elle est dans une lanque qu\u2019il ne sait pas lire, soit parce qu\u2019elle est imprim\u00e9e sans texte (textless), il peut appeler un arbitre pour lui en demander le texte Oracle.<\/em><\/p>\n<p><em>L\u2019un des d\u00e9fauts d\u2019impression bien connus est quand l\u2019illustration est celle d\u2019une autre carte. Par exemple, dans la version en langue allemande de l\u2019\u00e9dition Revised, il y avait des For\u00eats (Wald) avec l\u2019illustration d\u2019une Plaine. Ces cartes sont d\u2019int\u00e9ressantes curiosit\u00e9s mais elles engendrent un \u00e9tat du jeu ambigu qui pr\u00eate \u00e0 confusion donc elles ne doivent pas \u00eatre utilis\u00e9es pour jouer en tournoi.<\/em><\/div>\n<p style=\"text-align: justify;margin-bottom: 0px\">Les modifications artistiques sont acceptables en tournoi homologu\u00e9, du moment que les modifications ne rendent pas le dessin de la carte m\u00e9connaissable, ne contiennent pas de conseil strat\u00e9gique majeur, ni ne contiennent d\u2019images offensantes. De plus, les modifications artistiques ne peuvent pas cacher ou modifier le co\u00fbt de mana ou le nom d\u2019une carte.<\/p>\n<div class=\"alert alert-info\" role=\"alert\"> <em>Bien que seul le Head-Judge d\u2019un \u00e9v\u00e9nement puisse d\u00e9cider d\u2019autoriser ou d\u2019interdire une carte alt\u00e9r\u00e9e, il est important de garder \u00e0 l\u2019esprit les indications ci-dessus. Si on peut toujours reconna\u00eetre l\u2019illustration, que le nom et le co\u00fbt de mana ne sont pas masqu\u00e9s et que la carte n\u2019est pas identifiable parmi les autres cartes du deck quand elles se trouvent dans une zone cach\u00e9e, alors elle doit \u00eatre autoris\u00e9e. L\u2019aspect offensant d\u2019une alt\u00e9ration est un domaine plus subjectif et il vaut mieux avoir une approche plus conservative en la mati\u00e8re.<\/em><\/div>\n<p style=\"text-align: justify;margin-bottom: 0px\">Le Head-Judge est l\u2019autorit\u00e9 finale d\u00e9terminant quelles sont les cartes acceptables pour un tournoi.<\/p>\n<div class=\"alert alert-info\" role=\"alert\"> <em>Afin de pr\u00e9server la coh\u00e9rence au sein d\u2019un tournoi donn\u00e9, le Head-Judge est le seul \u00e0 d\u00e9cider de la l\u00e9galit\u00e9 d\u2019une carte. Pour les joueurs qui utilisent des cartes alt\u00e9r\u00e9es, une bonne habitude \u00e0 prendre est de demander l\u2019approbation du Head-Judge avant le d\u00e9but du tournoi.<\/em><\/div>\n<p style=\"text-align: justify;margin-bottom: 0px\">Si un joueur doit remplacer une carte dans son deck et est incapable de trouver une carte de remplacement, ce joueur peut remplacer la carte avec une carte nomm\u00e9e Plaine, \u00cele, Marais, Montagne ou For\u00eat de son choix. Cela s\u2019applique \u00e9galement aux cartes perdues et \u00e0 celles qui doivent \u00eatre remplac\u00e9es pour que le deck soit l\u00e9gal.<\/p>\n<div class=\"alert alert-info\" role=\"alert\"> Ne cr\u00e9ez jamais une carte de remplacement \u00e0 cause de cartes marqu\u00e9es, \u00e0 moins qu\u2019il s\u2019agisse d\u2019un \u00e9v\u00e9nement en Limit\u00e9 et que les cartes \u00e9taient d\u00e9j\u00e0 marqu\u00e9es quand elles ont \u00e9t\u00e9 ouvertes. Dans un environnement humide, les cartes foils sont parfois marqu\u00e9es d\u00e8s leur sortie du booster. Remarquez qu\u2019il n\u2019est pas n\u00e9cessaire de remplacer les cartes perdues du sideboard par des terrains. Le joueur peut revenir dans la configuration initiale s\u2019il trouve des cartes de rechange plus tard. Remarquez que les Landes et les terrains neigeux ne sont pas des cartes de remplacement acceptables !<\/div>\n","protected":false},"excerpt":{"rendered":"<p>Les joueurs peuvent utiliser n\u2019importe quelle Carte de Jeu Autoris\u00e9e d\u2019une extension Magic : The Gathering, d\u2019une extension de base, d\u2019une extension sp\u00e9ciale, d\u2019un suppl\u00e9ment et d\u2019impressions promotionnelles. Les Cartes de Jeu Autoris\u00e9es sont des cartes qui, non alt\u00e9r\u00e9es, remplissent les conditions suivantes : La carte est une carte authentique publi\u00e9e par Wizards of the [&hellip;]<\/p>\n","protected":false},"author":30,"featured_media":0,"parent":0,"menu_order":0,"comment_status":"closed","ping_status":"closed","template":"page_width-index.php","meta":{"footnotes":"","_links_to":"","_links_to_target":""},"language":[9],"class_list":["post-6026","page","type-page","status-publish","hentry","language-fr"],"_links":{"self":[{"href":"https:\/\/blogs.magicjudges.org\/rules\/wp-json\/wp\/v2\/pages\/6026","targetHints":{"allow":["GET"]}}],"collection":[{"href":"https:\/\/blogs.magicjudges.org\/rules\/wp-json\/wp\/v2\/pages"}],"about":[{"href":"https:\/\/blogs.magicjudges.org\/rules\/wp-json\/wp\/v2\/types\/page"}],"author":[{"embeddable":true,"href":"https:\/\/blogs.magicjudges.org\/rules\/wp-json\/wp\/v2\/users\/30"}],"replies":[{"embeddable":true,"href":"https:\/\/blogs.magicjudges.org\/rules\/wp-json\/wp\/v2\/comments?post=6026"}],"version-history":[{"count":8,"href":"https:\/\/blogs.magicjudges.org\/rules\/wp-json\/wp\/v2\/pages\/6026\/revisions"}],"predecessor-version":[{"id":7663,"href":"https:\/\/blogs.magicjudges.org\/rules\/wp-json\/wp\/v2\/pages\/6026\/revisions\/7663"}],"wp:attachment":[{"href":"https:\/\/blogs.magicjudges.org\/rules\/wp-json\/wp\/v2\/media?parent=6026"}],"wp:term":[{"taxonomy":"language","embeddable":true,"href":"https:\/\/blogs.magicjudges.org\/rules\/wp-json\/wp\/v2\/language?post=6026"}],"curies":[{"name":"wp","href":"https:\/\/api.w.org\/{rel}","templated":true}]}}