{"id":6028,"date":"2016-01-13T12:22:58","date_gmt":"2016-01-13T09:22:58","guid":{"rendered":"http:\/\/blogs.magicjudges.org\/rules\/?page_id=6028"},"modified":"2017-01-13T13:12:23","modified_gmt":"2017-01-13T10:12:23","slug":"mtr3-5-fr","status":"publish","type":"page","link":"https:\/\/blogs.magicjudges.org\/rules\/mtr3-5-fr\/","title":{"rendered":"MTR 3.5 Cartes check-list"},"content":{"rendered":"<p style=\"text-align: justify;margin-bottom: 0px\">Les cartes check-list officielles des blocs Innistrad et T\u00e9n\u00e8bres sur Innistrad et de Magic Origines sont utilis\u00e9es pour repr\u00e9senter des cartes double face. Seules les cartes check-list officielles peuvent \u00eatre utilis\u00e9es pour repr\u00e9senter des cartes double face dans un deck.<\/p>\n<div class=\"alert alert-info\" role=\"alert\"> <em>La responsabilit\u00e9 d\u2019utiliser des cartes check-list ou des pochettes appropri\u00e9es incombe aux joueurs. L\u2019arbitre ne doit pas cr\u00e9er de cartes de remplacement (proxy) pour repr\u00e9senter des cartes check-list \u00e0 moins que la carte d\u2019origine n\u2019ait \u00e9t\u00e9 ab\u00eem\u00e9e pendant le tournoi en cours.<\/em><\/div>\n<p style=\"text-align: justify;margin-bottom: 0px\">Un joueur doit utiliser des cartes check-list s\u2019il a des cartes double face dans son deck et n\u2019utilise pas des pochettes compl\u00e8tement opaques.<\/p>\n<div class=\"alert alert-info\" role=\"alert\"> <em>Le moyen le plus simple de contr\u00f4ler l\u2019opacit\u00e9 d\u2019une pochette est de tenter de rep\u00e9rer le symbole de mana blanc au dos d\u2019une carte qui n\u2019est pas double face.<\/em><\/div>\n<p style=\"text-align: justify;margin-bottom: 0px\">Si un joueur utilise une carte check-list pour repr\u00e9senter une carte double face dans son deck, alors toutes les copies de cette carte double face dans son deck doivent \u00eatre repr\u00e9sent\u00e9es par des cartes check-list et les copies de cette cartes double face dans des zones cach\u00e9es sont consid\u00e9r\u00e9es comme non existantes lorsqu\u2019on d\u00e9termine si le deck est l\u00e9gal ou non.<\/p>\n<div class=\"alert alert-info\" role=\"alert\"> <em>Si un joueur m\u00e9lange accidentellement sa carte double face dans son deck qui contient des cartes check-list, nous la traiterons de la m\u00eame fa\u00e7on que s\u2019il s\u2019agissait d\u2019un jeton. Remarquer que d\u00e9sormais, il est possible qu\u2019un joueur utilise des check-list pour <a href=\"https:\/\/blogs.magicjudges.org\/rules\/wp-content\/plugins\/lems-mtg-helper\/lems-mtg-helper-cardfinder.php?find=Archangel+Avacyn&width=223&height=310\" class=\"jTip\" name=\"\">Archangel Avacyn<\/a> et \u00e9galement de vraies cartes de <a href=\"https:\/\/blogs.magicjudges.org\/rules\/wp-content\/plugins\/lems-mtg-helper\/lems-mtg-helper-cardfinder.php?find=Duskwatch+Recruiter&width=223&height=310\" class=\"jTip\" name=\"\">Duskwatch Recruiter<\/a> dans son deck.<\/em><\/div>\n<p style=\"text-align: justify;margin-bottom: 0px\">Chaque carte check-list doit avoir un et un seul \u00e9l\u00e9ment coch\u00e9 dans la liste.<\/p>\n<div class=\"alert alert-info\" role=\"alert\"> <em>De nombreux joueurs noircissent toutes les cases sauf celle de la carte qui est repr\u00e9sent\u00e9e. N\u2019importe quelle m\u00e9thode est acceptable du moment qu\u2019elle permet de marquer la carte check-list de telle sorte qu\u2019il n\u2019y ait aucune ambigu\u00eft\u00e9 quant \u00e0 la carte qu\u2019elle repr\u00e9sente.<\/em><\/div>\n<p style=\"text-align: justify;margin-bottom: 0px\">Une carte check-list est uniquement utilis\u00e9e lorsque la carte qu\u2019elle repr\u00e9sente est dans une zone cach\u00e9e. La carte repr\u00e9sent\u00e9e par la carte check-list n\u2019est pas une carte de Magic jouable tant que la carte de check-list n\u2019a pas \u00e9t\u00e9 plac\u00e9e dans une zone publique. Il n\u2019est pas autoris\u00e9 d\u2019utiliser plusieurs cartes check-list pour repr\u00e9senter un seul exemplaire de la carte r\u00e9elle. Pour chaque carte check-list utilis\u00e9e, le joueur doit avoir un exemplaire de la carte r\u00e9elle \u00e0 disposition, m\u00eame si elles ne sont pas consid\u00e9r\u00e9es comme faisant partie du sideboard et ne sont pas pr\u00e9sent\u00e9es \u00e0 l\u2019adversaire.<\/p>\n<div class=\"alert alert-info\" role=\"alert\"> <em>Quand la carte est en jeu, la vraie carte doit \u00eatre plac\u00e9e sur la carte check-list. Pendant les deck-checks, il est tr\u00e8s important de s\u2019assurer que le joueur poss\u00e8de bien le m\u00eame nombre de cartes face cach\u00e9e que de cartes check-list dans son deck.<\/em><\/div>\n","protected":false},"excerpt":{"rendered":"<p>Les cartes check-list officielles des blocs Innistrad et T\u00e9n\u00e8bres sur Innistrad et de Magic Origines sont utilis\u00e9es pour repr\u00e9senter des cartes double face. Seules les cartes check-list officielles peuvent \u00eatre utilis\u00e9es pour repr\u00e9senter des cartes double face dans un deck. Un joueur doit utiliser des cartes check-list s\u2019il a des cartes double face dans son [&hellip;]<\/p>\n","protected":false},"author":30,"featured_media":0,"parent":0,"menu_order":0,"comment_status":"closed","ping_status":"closed","template":"page_width-index.php","meta":{"footnotes":"","_links_to":"","_links_to_target":""},"language":[9],"class_list":["post-6028","page","type-page","status-publish","hentry","language-fr"],"_links":{"self":[{"href":"https:\/\/blogs.magicjudges.org\/rules\/wp-json\/wp\/v2\/pages\/6028","targetHints":{"allow":["GET"]}}],"collection":[{"href":"https:\/\/blogs.magicjudges.org\/rules\/wp-json\/wp\/v2\/pages"}],"about":[{"href":"https:\/\/blogs.magicjudges.org\/rules\/wp-json\/wp\/v2\/types\/page"}],"author":[{"embeddable":true,"href":"https:\/\/blogs.magicjudges.org\/rules\/wp-json\/wp\/v2\/users\/30"}],"replies":[{"embeddable":true,"href":"https:\/\/blogs.magicjudges.org\/rules\/wp-json\/wp\/v2\/comments?post=6028"}],"version-history":[{"count":1,"href":"https:\/\/blogs.magicjudges.org\/rules\/wp-json\/wp\/v2\/pages\/6028\/revisions"}],"predecessor-version":[{"id":6043,"href":"https:\/\/blogs.magicjudges.org\/rules\/wp-json\/wp\/v2\/pages\/6028\/revisions\/6043"}],"wp:attachment":[{"href":"https:\/\/blogs.magicjudges.org\/rules\/wp-json\/wp\/v2\/media?parent=6028"}],"wp:term":[{"taxonomy":"language","embeddable":true,"href":"https:\/\/blogs.magicjudges.org\/rules\/wp-json\/wp\/v2\/language?post=6028"}],"curies":[{"name":"wp","href":"https:\/\/api.w.org\/{rel}","templated":true}]}}