{"id":6033,"date":"2016-01-13T12:23:29","date_gmt":"2016-01-13T09:23:29","guid":{"rendered":"http:\/\/blogs.magicjudges.org\/rules\/?page_id=6033"},"modified":"2017-01-13T13:05:23","modified_gmt":"2017-01-13T10:05:23","slug":"mtr3-10-fr","status":"publish","type":"page","link":"https:\/\/blogs.magicjudges.org\/rules\/mtr3-10-fr\/","title":{"rendered":"MTR 3.10 Pochettes"},"content":{"rendered":"<p style=\"text-align: justify;margin-bottom: 0px\">Les joueurs peuvent utiliser des pochettes ou toute autre protection pour les cartes.<\/p>\n<div class=\"alert alert-info\" role=\"alert\"> <em>Les joueurs utilisent souvent des pochettes pour prot\u00e9ger leurs cartes de la salet\u00e9 et du frottement auxquels elles sont expos\u00e9es du fait de leur utilisation r\u00e9p\u00e9t\u00e9e. \u00c0 moins que les pochettes g\u00eanent le m\u00e9lange ou qu\u2019elles puissent \u00eatre consid\u00e9r\u00e9es comme offensantes, elles seront autoris\u00e9es aux conditions suivantes.<\/em><\/div>\n<p style=\"text-align: justify;margin-bottom: 0px\">Si un joueur choisit d\u2019utiliser des pochettes, elles doivent toutes \u00eatre identiques et toutes les cartes dans le deck doivent \u00eatre plac\u00e9es de la m\u00eame fa\u00e7on dans la pochette.<\/p>\n<div class=\"alert alert-info\" role=\"alert\"> <em>On ne peut jamais accepter un deck sous pochettes de plusieurs marques \/ types \/ couleurs \/ tailles etc. sinon cela permettrait au joueur de reconna\u00eetre certaines de ses cartes. De plus il faut prendre en consid\u00e9ration l\u2019\u00e9tat des pochettes. Si la plupart d\u2019entre elles ont le dos \u00e9rafl\u00e9 et us\u00e9 mais que quelques pochettes sont en meilleur \u00e9tat au point qu\u2019on les remarque, alors les pochettes ne sont pas identiques. Une autre pratique r\u00e9pandue est de \u201cdouble sleever\u201d un deck, auquel cas toutes les cartes doivent \u00eatre doublement pochet\u00e9es afin qu\u2019on ne puisse d\u00e9celer aucune variation dans la rigidit\u00e9 ou l\u2019\u00e9paisseur des cartes du deck. Ces conditions caract\u00e9risent comment d\u00e9terminer si des pochettes sont de nature identique ; ne pas les respecter doit \u00eatre consid\u00e9r\u00e9 comme une infraction de cartes marqu\u00e9es.<\/em><\/div>\n<p style=\"text-align: justify;margin-bottom: 0px\">Si les pochettes ont des hologrammes ou tout autre marquage similaire, les cartes doivent \u00eatre ins\u00e9r\u00e9es dans les pochettes de fa\u00e7on \u00e0 ce que ces marques n\u2019apparaissent que sur le recto des cartes.<\/p>\n<div class=\"alert alert-info\" role=\"alert\"> <em>Afin d\u2019\u00e9viter que des informations soient r\u00e9v\u00e9l\u00e9es en r\u00e9fl\u00e9chissant le recto de la carte du dessus d\u2019une pile, tous les hologrammes et autres marquages similaires doivent n\u2019appara\u00eetre que sur le recto des pochettes.<\/em><\/div>\n<p style=\"text-align: justify;margin-bottom: 0px\">Pendant un match, un joueur peut demander qu\u2019un arbitre inspecte les pochettes d\u2019un adversaire.<\/p>\n<div class=\"alert alert-info\" role=\"alert\"> <em>Si un joueur d\u00e9couvre quelque chose de suspect, il peut demander \u00e0 un arbitre de v\u00e9rifier les pochettes de son adversaire \u00e0 la recherche de cartes marqu\u00e9es. La proc\u00e9dure \u00e0 suivre ici est comparable \u00e0 celle d\u2019un deck-check, c\u2019est-\u00e0-dire que les cartes sont examin\u00e9es bri\u00e8vement pour v\u00e9rifier s\u2019il y a des dissemblances ou des probl\u00e8mes. Il convient de remarquer ici que dans l\u2019absolu n\u2019importe quelle pochette pourrait \u00eatre consid\u00e9r\u00e9e comme marqu\u00e9e si on l\u2019inspectait d\u2019assez pr\u00e8s et cela doit \u00eatre pris en compte lors de l\u2019examen des pochettes.<\/em><\/div>\n<p style=\"text-align: justify;margin-bottom: 0px\">L\u2019arbitre peut interdire l\u2019utilisation de pochettes s\u2019il pense qu\u2019elles sont usag\u00e9es, marqu\u00e9es ou sont dans une condition ou d\u2019une conception qui interf\u00e8re avec le m\u00e9lange ou le jeu. <\/p>\n<div class=\"alert alert-info\" role=\"alert\"> <em>Dans l\u2019\u00e9ventualit\u00e9 o\u00f9 il serait d\u00e9cid\u00e9 que les pochettes des cartes interf\u00e8rent avec le jeu ou compromettent l\u2019int\u00e9grit\u00e9 de la partie, l\u2019arbitre est en droit d\u2019exiger que des pochettes de remplacement soient utilis\u00e9es jusqu\u2019\u00e0 la fin du tournoi.<\/em><\/div>\n<p style=\"text-align: justify;margin-bottom: 0px\">\u00c0 des fins d\u2019efficacit\u00e9, l\u2019arbitre peut choisir de repousser le changement des pochettes \u00e0 la fin du match.<\/p>\n<div class=\"alert alert-info\" role=\"alert\"> <em>Exiger d\u2019un joueur qu\u2019il change ses pochettes en plein milieu d\u2019une partie perturbe ind\u00e9niablement son match voire le tournoi donc, si l\u2019arbitre estime qu\u2019il n\u2019y a pas d\u2019urgence, il est hautement pr\u00e9f\u00e9rable de repousser le remplacement des pochettes jusqu\u2019\u00e0 la fin du match. Si n\u00e9cessaire, on peut octroyer une extension de temps pour finir de remplacer les pochettes et permettre au joueur de continuer \u00e0 jouer le tournoi.<\/em><\/div>\n<p style=\"text-align: justify;margin-bottom: 0px\">Les tournois en Niveaux d\u2019Application des R\u00e8gles Comp\u00e9titif et Professionnel imposent des restrictions suppl\u00e9mentaires sur les pochettes.<\/p>\n<div class=\"alert alert-info\" role=\"alert\"> <em>De par la nature m\u00eame des \u00e9v\u00e9nements en Niveaux d\u2019Application des R\u00e8gles Comp\u00e9titif et Professionnel, des contraintes suppl\u00e9mentaires sont instaur\u00e9es pour r\u00e9duire les risques que l\u2019int\u00e9grit\u00e9 du tournoi soit compromise. C\u2019est pourquoi lors de ces \u00e9v\u00e9nements-l\u00e0 les remarques et les consignes suivantes doivent \u00eatre appliqu\u00e9es et prises en compte.<\/em><\/div>\n<p style=\"text-align: justify;margin-bottom: 0px\">Les dos hautement r\u00e9fl\u00e9chissants ne sont pas autoris\u00e9s. Les pochettes avec un motif holographique sur tout ou partie de l\u2019avant ou de l\u2019arri\u00e8re des pochettes ne sont pas autoris\u00e9es.<\/p>\n<div class=\"alert alert-info\" role=\"alert\"> <em>Si une pochette a un dos hautement r\u00e9fl\u00e9chissant, on peut gagner des informations au moment de prendre une carte dans le jeu en observant certaines caract\u00e9ristiques visibles telles que : s\u2019agit-il d\u2019un terrain ? ou de quelle couleur est-elle ? Il va de soi que ce n\u2019est pas quelque chose qui peut \u00eatre autoris\u00e9 \u00e0 cause des risques que cela engendre.<\/em><\/p>\n<p><em>La restriction qui concerne les motifs holographiques au recto vise \u00e0 maximiser la clart\u00e9 de la partie en ne g\u00eanant pas la reconnaissance visuelle de la carte par les deux joueurs. Il convient de prendre note qu\u2019en raison de la nature insignifiante d\u2019\u00e9l\u00e9ments aussi petits que le logo holographique Ultra Pro, son emplacement et sa taille en font un facteur n\u00e9gligeable pour \u00e9valuer la l\u00e9galit\u00e9 des pochettes.<\/em><\/div>\n<p style=\"text-align: justify;margin-bottom: 0px\">Les pochettes avec un dessin sur leur dos peuvent \u00eatre sujettes \u00e0 un examen plus approfondi, en particulier s\u2019il n\u2019y a pas une fronti\u00e8re nette autour des bords.<\/p>\n<div class=\"alert alert-info\" role=\"alert\"> <em>Quand les bords sont de couleur uniforme, un joueur peut difficilement dissimuler des marques sur les pochettes susceptibles d\u2019\u00eatre visibles quand les cartes sont empil\u00e9es, alors que quand les bords ne sont pas de couleur uniforme, il devient beaucoup plus difficile de remarquer les anomalies et donc cela requiert une \u00e9tude plus minutieuse lors de l\u2019analyse des pochettes.<\/em><\/div>\n<p style=\"text-align: justify;margin-bottom: 0px\">Lorsque des pochettes sont utilis\u00e9es avec des cartes double face, les pochettes doivent \u00eatre compl\u00e8tement opaques.<\/p>\n<div class=\"alert alert-info\" role=\"alert\"> <em>Dans l\u2019\u00e9ventualit\u00e9 o\u00f9 un joueur utiliserait des cartes double face directement dans son deck plut\u00f4t que des cartes check-list, les pochettes ne doivent laisser transpara\u00eetre aucune indication qu\u2019il y a une carte double face \u00e0 l\u2019int\u00e9rieur. Le plus souvent, la m\u00e9thode d\u2019observation la plus simple pour v\u00e9rifier cela est de regarder le dos de la pochette sous plusieurs angles de lumi\u00e8re pour en \u00e9valuer l\u2019opacit\u00e9. Si les pochettes se r\u00e9v\u00e8lent insuffisantes pour occulter la nature double face des cartes qu\u2019elles contiennent, le joueur devra soit utiliser les cartes check-list correspondantes, soit utiliser de nouvelles pochettes satisfaisantes. Il se peut que l\u2019infraction de cartes marqu\u00e9es s\u2019applique \u00e9galement.<\/em><\/div>\n<p style=\"text-align: justify\">Le Head-Judge est l\u2019autorit\u00e9 finale pour d\u00e9cider quelles pochettes sont autoris\u00e9es.<\/p>\n","protected":false},"excerpt":{"rendered":"<p>Les joueurs peuvent utiliser des pochettes ou toute autre protection pour les cartes. Si un joueur choisit d\u2019utiliser des pochettes, elles doivent toutes \u00eatre identiques et toutes les cartes dans le deck doivent \u00eatre plac\u00e9es de la m\u00eame fa\u00e7on dans la pochette. Si les pochettes ont des hologrammes ou tout autre marquage similaire, les cartes [&hellip;]<\/p>\n","protected":false},"author":30,"featured_media":0,"parent":0,"menu_order":0,"comment_status":"closed","ping_status":"closed","template":"page_width-index.php","meta":{"footnotes":"","_links_to":"","_links_to_target":""},"language":[9],"class_list":["post-6033","page","type-page","status-publish","hentry","language-fr"],"_links":{"self":[{"href":"https:\/\/blogs.magicjudges.org\/rules\/wp-json\/wp\/v2\/pages\/6033","targetHints":{"allow":["GET"]}}],"collection":[{"href":"https:\/\/blogs.magicjudges.org\/rules\/wp-json\/wp\/v2\/pages"}],"about":[{"href":"https:\/\/blogs.magicjudges.org\/rules\/wp-json\/wp\/v2\/types\/page"}],"author":[{"embeddable":true,"href":"https:\/\/blogs.magicjudges.org\/rules\/wp-json\/wp\/v2\/users\/30"}],"replies":[{"embeddable":true,"href":"https:\/\/blogs.magicjudges.org\/rules\/wp-json\/wp\/v2\/comments?post=6033"}],"version-history":[{"count":1,"href":"https:\/\/blogs.magicjudges.org\/rules\/wp-json\/wp\/v2\/pages\/6033\/revisions"}],"predecessor-version":[{"id":6048,"href":"https:\/\/blogs.magicjudges.org\/rules\/wp-json\/wp\/v2\/pages\/6033\/revisions\/6048"}],"wp:attachment":[{"href":"https:\/\/blogs.magicjudges.org\/rules\/wp-json\/wp\/v2\/media?parent=6033"}],"wp:term":[{"taxonomy":"language","embeddable":true,"href":"https:\/\/blogs.magicjudges.org\/rules\/wp-json\/wp\/v2\/language?post=6033"}],"curies":[{"name":"wp","href":"https:\/\/api.w.org\/{rel}","templated":true}]}}