{"id":6035,"date":"2016-01-13T12:23:40","date_gmt":"2016-01-13T09:23:40","guid":{"rendered":"http:\/\/blogs.magicjudges.org\/rules\/?page_id=6035"},"modified":"2017-01-13T13:05:41","modified_gmt":"2017-01-13T10:05:41","slug":"mtr3-12-fr","status":"publish","type":"page","link":"https:\/\/blogs.magicjudges.org\/rules\/mtr3-12-fr\/","title":{"rendered":"MTR 3.12 Informations cach\u00e9es"},"content":{"rendered":"<p style=\"text-align: justify;margin-bottom: 0px\">Les informations cach\u00e9es font r\u00e9f\u00e9rence aux cartes et autres objets que vous n\u2019avez pas le droit de voir d\u2019apr\u00e8s les r\u00e8gles du jeu et du format.<\/p>\n<div class=\"alert alert-info\" role=\"alert\"> <em>Les cartes de la biblioth\u00e8que, dans la main de l\u2019adversaire, exil\u00e9es face cach\u00e9e (ex : avec Pyxis of Pandemonium) et celles que les autres joueurs sont en train de drafter, constituent de bons exemples d\u2019informations cach\u00e9es.<\/em><\/div>\n<p style=\"text-align: justify;margin-bottom: 0px\">Tout au long d\u2019un match, d\u2019un draft et des proc\u00e9dures de pr\u00e9paration \u00e0 la partie, les joueurs doivent garder leurs cartes au-dessus de la surface de jeu et faire des efforts raisonnables pour emp\u00eacher que des informations cach\u00e9es soient r\u00e9v\u00e9l\u00e9es. N\u00e9anmoins, les joueurs peuvent choisir de r\u00e9v\u00e9ler leur main ou toute information cach\u00e9e qui sont \u00e0 leur disposition, \u00e0 moins que ce ne soit sp\u00e9cifiquement prohib\u00e9 par les r\u00e8gles. Les joueurs ne doivent pas activement tenter de gagner des informations qui leur sont cach\u00e9es, mais ne sont pas oblig\u00e9s d\u2019informer les adversaires qui r\u00e9v\u00e8lent accidentellement des informations cach\u00e9es.<\/p>\n<div class=\"alert alert-info\" role=\"alert\"> <em>Un joueur peut r\u00e9v\u00e9ler \u00e0 son adversaire n\u2019importe quelle information que ce joueur a le droit de conna\u00eetre. Cela implique qu\u2019il ne peut pas montrer \u00e0 son adversaire le contenu de son deck \u00e0 moins qu\u2019il n\u2019ait le droit de le voir \u00e0 ce m\u00eame moment (ex : pendant qu\u2019il y cherche une carte). Un joueur n\u2019a pas le droit d\u2019essayer de voir la main de son adversaire mais si son adversaire la tient de telle sorte qu\u2019elle soit r\u00e9v\u00e9l\u00e9e alors ce joueur n\u2019est pas tenu de l\u2019en informer.<\/em><\/div>\n","protected":false},"excerpt":{"rendered":"<p>Les informations cach\u00e9es font r\u00e9f\u00e9rence aux cartes et autres objets que vous n\u2019avez pas le droit de voir d\u2019apr\u00e8s les r\u00e8gles du jeu et du format. Tout au long d\u2019un match, d\u2019un draft et des proc\u00e9dures de pr\u00e9paration \u00e0 la partie, les joueurs doivent garder leurs cartes au-dessus de la surface de jeu et faire [&hellip;]<\/p>\n","protected":false},"author":30,"featured_media":0,"parent":0,"menu_order":0,"comment_status":"closed","ping_status":"closed","template":"page_width-index.php","meta":{"footnotes":"","_links_to":"","_links_to_target":""},"language":[9],"class_list":["post-6035","page","type-page","status-publish","hentry","language-fr"],"_links":{"self":[{"href":"https:\/\/blogs.magicjudges.org\/rules\/wp-json\/wp\/v2\/pages\/6035","targetHints":{"allow":["GET"]}}],"collection":[{"href":"https:\/\/blogs.magicjudges.org\/rules\/wp-json\/wp\/v2\/pages"}],"about":[{"href":"https:\/\/blogs.magicjudges.org\/rules\/wp-json\/wp\/v2\/types\/page"}],"author":[{"embeddable":true,"href":"https:\/\/blogs.magicjudges.org\/rules\/wp-json\/wp\/v2\/users\/30"}],"replies":[{"embeddable":true,"href":"https:\/\/blogs.magicjudges.org\/rules\/wp-json\/wp\/v2\/comments?post=6035"}],"version-history":[{"count":1,"href":"https:\/\/blogs.magicjudges.org\/rules\/wp-json\/wp\/v2\/pages\/6035\/revisions"}],"predecessor-version":[{"id":6050,"href":"https:\/\/blogs.magicjudges.org\/rules\/wp-json\/wp\/v2\/pages\/6035\/revisions\/6050"}],"wp:attachment":[{"href":"https:\/\/blogs.magicjudges.org\/rules\/wp-json\/wp\/v2\/media?parent=6035"}],"wp:term":[{"taxonomy":"language","embeddable":true,"href":"https:\/\/blogs.magicjudges.org\/rules\/wp-json\/wp\/v2\/language?post=6035"}],"curies":[{"name":"wp","href":"https:\/\/api.w.org\/{rel}","templated":true}]}}