{"id":6067,"date":"2016-01-13T12:38:09","date_gmt":"2016-01-13T09:38:09","guid":{"rendered":"http:\/\/blogs.magicjudges.org\/rules\/?page_id=6067"},"modified":"2017-03-01T01:36:15","modified_gmt":"2017-02-28T22:36:15","slug":"mtr5-4-fr","status":"publish","type":"page","link":"https:\/\/blogs.magicjudges.org\/rules\/mtr5-4-fr\/","title":{"rendered":"MTR 5.4 Conduite antisportive"},"content":{"rendered":"<p style=\"text-align: justify;margin-bottom: 0px\">La conduite antisportive ne sera \u00e0 aucun moment tol\u00e9r\u00e9e. Les participants au tournoi doivent se comporter de mani\u00e8re polie et respectueuse. La conduite antisportive inclut mais ne se limite pas \u00e0 :<\/p>\n<div class=\"alert alert-info\" role=\"alert\"> <em>De fa\u00e7on g\u00e9n\u00e9rale, cette section existe pour souligner une responsabilit\u00e9 tr\u00e8s importante qui incombe \u00e0 tous les joueurs : ne pas d\u00e9t\u00e9riorer l\u2019atmosph\u00e8re agr\u00e9able du tournoi. Bien que tous les comportements \u00e9num\u00e9r\u00e9s ci-dessous pr\u00e9sentent tous ce risque, ils ne constituent pas une liste exhaustive, d\u2019ailleurs il n\u2019est pas envisageable de r\u00e9diger une telle liste. Si le comportement d\u2019un joueur perturbe l\u2019\u00e9v\u00e9nement ou fait que vous-m\u00eame ou une autre personne vous sentez mal \u00e0 l\u2019aise, il s\u2019agit d\u2019un probl\u00e8me qui doit \u00eatre r\u00e9gl\u00e9.<\/em><\/div>\n<ul style=\"text-align: justify\">\n<li>Utiliser un langage vulgaire.<br \/>\n<div class=\"alert alert-info\" role=\"alert\"> <em>L\u2019interdiction ci-dessus ne doit pas \u00eatre comprise comme voulant dire que l\u2019utilisation de n\u2019importe quel juron lors d\u2019un \u00e9v\u00e9nement Magic sera automatiquement consid\u00e9r\u00e9 comme de la conduite antisportive. En effet beaucoup de joueurs de Magic ont l\u2019habitude d\u2019employer des jurons dans leur langage du quotidien sans m\u00eame y penser et cela n\u2019aurait aucun sens d\u2019essayer d\u2019\u00e9radiquer compl\u00e8tement ce genre d\u2019habitudes. Les jurons commencent \u00e0 poser des probl\u00e8mes quand ils nuisent au plaisir du jeu des autres participants de l\u2019\u00e9v\u00e9nement. Cela est susceptible de se produire, par exemple, quand ils sont utilis\u00e9s de fa\u00e7on excessive ou dirig\u00e9s contre une autre personne avec une intention malveillante. De telles situations sont vraiment s\u00e9rieuses et m\u00e9ritent l\u2019intervention d\u2019un arbitre. Consultez les <a href=\"http:\/\/blogs.magicjudges.org\/rules\/ipg4-4-fr\/\">section 4.1<\/a> et <a href=\"http:\/\/blogs.magicjudges.org\/rules\/ipg4-2-fr\/\">section 4.2<\/a> de l\u2019AIPG pour plus de pr\u00e9cisions.<\/em><br \/>\n<\/div><\/li>\n<li>Avoir un comportement dont on peut raisonnablement s\u2019attendre \u00e0 ce qu\u2019il cr\u00e9e le sentiment d\u2019\u00eatre harcel\u00e9, menac\u00e9, malmen\u00e9 ou traqu\u00e9.<\/li>\n<li>Se disputer avec, agir de fa\u00e7on agressive envers, ou ou des spectateurs.<\/li>\n<li>Ne pas respecter la vie priv\u00e9e ou la s\u00e9curit\u00e9 des participants, y compris les spectateurs et les officiels de tournoi.<\/li>\n<li>Utiliser les m\u00e9dias sociaux pour malmener, faire honte ou intimider un participant.<br \/>\n<div class=\"alert alert-info\" role=\"alert\"> <em>Un environnement sain est le minimum auquel s\u2019attendent tous les participants du tournoi. Les comportement qui contreviennent \u00e0 cette exigence ne doivent pas \u00eatre tol\u00e9r\u00e9s. Lisez la <a href=\"http:\/\/blogs.magicjudges.org\/rules\/ipg4-2-fr\/\">section 4.2<\/a> de l\u2019AIPG pour plus d\u2019informations.<\/em><br \/>\n<\/div><\/li>\n<li>L\u2019incapacit\u00e9 \u00e0 suivre les instructions d\u2019un officiel du tournoi.<br \/>\n<div class=\"alert alert-info\" role=\"alert\"> <em>JLes arbitres et les autres officiels du tournoi sont responsables de la bonne tenue de l\u2019\u00e9v\u00e9nement. Si nous avons besoin qu\u2019un joueur fasse quelque chose et qu\u2019il ne le fait pas, cela perturbe le tournoi. Ceci dit, si vous vous appr\u00eatez \u00e0 imposer votre autorit\u00e9, il faut que ce soit pour quelque chose qui am\u00e9liore le tournoi, pas pour quelque chose d\u2019arbitraire ou de trivial.<\/em><\/div><\/li>\n<\/ul>\n<p style=\"text-align: justify;margin-bottom: 0px\">Les officiels du tournoi doivent enqu\u00eater sur les situations de ce genre d\u00e8s qu\u2019elles sont port\u00e9es \u00e0 leur attention et agir de fa\u00e7on \u00e0 d\u00e9courager les r\u00e9cidives. Tous les incidents de conduite antisportive sont sujets \u00e0 enqu\u00eate par la DCI.<\/p>\n<div class=\"alert alert-info\" role=\"alert\"> <em>Les arbitres et les autres officiels du tournoi sont les personnes \u00e0 qui les joueurs s\u2019adressent en cas de probl\u00e8me. Cela inclut les probl\u00e8mes avec d\u2019autres personnes, comme la conduite antisportive. Il est tr\u00e8s rare que quelqu\u2019un demande qu\u2019on intervienne sans que rien ne le justifie ; bien au contraire, il arrive souvent que les gens ignorent de tels probl\u00e8mes ou tentent de les g\u00e9rer par eux-m\u00eames plus longtemps qu\u2019ils ne le devraient. Pour cette raison, nous devons traiter toutes les d\u00e9clarations \u00e0 ce sujet avec s\u00e9rieux et s\u2019en occuper avant que la situation ne d\u00e9g\u00e9n\u00e8re.<\/em><\/p>\n<p><em>Les m\u00e9thodes pour dissuader de r\u00e9it\u00e9rer ces comportements sont vari\u00e9es, on peut aller d\u2019un simple &#8220;Ne fais pas \u00e7a !&#8221; jusqu\u2019\u00e0 attribuer une p\u00e9nalit\u00e9 pour conduite antisportive. Quand un joueur enfreint une r\u00e8gle propre \u00e0 l\u2019organisateur ou \u00e0 la salle\u2014en fumant dans la salle par exemple\u2014il peut s\u2019av\u00e9rer n\u00e9cessaire d\u2019impliquer des repr\u00e9sentants de ces groupes afin de r\u00e9soudre le probl\u00e8me.<\/em><br \/>\n<\/div>\n","protected":false},"excerpt":{"rendered":"<p>La conduite antisportive ne sera \u00e0 aucun moment tol\u00e9r\u00e9e. Les participants au tournoi doivent se comporter de mani\u00e8re polie et respectueuse. La conduite antisportive inclut mais ne se limite pas \u00e0 : Utiliser un langage vulgaire. Avoir un comportement dont on peut raisonnablement s\u2019attendre \u00e0 ce qu\u2019il cr\u00e9e le sentiment d\u2019\u00eatre harcel\u00e9, menac\u00e9, malmen\u00e9 ou [&hellip;]<\/p>\n","protected":false},"author":30,"featured_media":0,"parent":0,"menu_order":0,"comment_status":"closed","ping_status":"closed","template":"","meta":{"footnotes":"","_links_to":"","_links_to_target":""},"language":[9],"class_list":["post-6067","page","type-page","status-publish","hentry","language-fr"],"_links":{"self":[{"href":"https:\/\/blogs.magicjudges.org\/rules\/wp-json\/wp\/v2\/pages\/6067","targetHints":{"allow":["GET"]}}],"collection":[{"href":"https:\/\/blogs.magicjudges.org\/rules\/wp-json\/wp\/v2\/pages"}],"about":[{"href":"https:\/\/blogs.magicjudges.org\/rules\/wp-json\/wp\/v2\/types\/page"}],"author":[{"embeddable":true,"href":"https:\/\/blogs.magicjudges.org\/rules\/wp-json\/wp\/v2\/users\/30"}],"replies":[{"embeddable":true,"href":"https:\/\/blogs.magicjudges.org\/rules\/wp-json\/wp\/v2\/comments?post=6067"}],"version-history":[{"count":2,"href":"https:\/\/blogs.magicjudges.org\/rules\/wp-json\/wp\/v2\/pages\/6067\/revisions"}],"predecessor-version":[{"id":6447,"href":"https:\/\/blogs.magicjudges.org\/rules\/wp-json\/wp\/v2\/pages\/6067\/revisions\/6447"}],"wp:attachment":[{"href":"https:\/\/blogs.magicjudges.org\/rules\/wp-json\/wp\/v2\/media?parent=6067"}],"wp:term":[{"taxonomy":"language","embeddable":true,"href":"https:\/\/blogs.magicjudges.org\/rules\/wp-json\/wp\/v2\/language?post=6067"}],"curies":[{"name":"wp","href":"https:\/\/api.w.org\/{rel}","templated":true}]}}