{"id":6099,"date":"2016-01-17T17:22:53","date_gmt":"2016-01-17T14:22:53","guid":{"rendered":"http:\/\/blogs.magicjudges.org\/rules\/?page_id=6099"},"modified":"2017-12-08T14:44:03","modified_gmt":"2017-12-08T11:44:03","slug":"mtr7-3-fr","status":"publish","type":"page","link":"https:\/\/blogs.magicjudges.org\/rules\/mtr7-3-fr\/","title":{"rendered":"MTR 7.3 Construction continue"},"content":{"rendered":"<p>Chaque joueur qui participe \u00e0 un \u00e9v\u00e9nement en Limit\u00e9 ne n\u00e9cessitant pas que les decks soient list\u00e9s peut modifier la composition de son deck entre les matchs en \u00e9changeant des cartes entre son deck et sa r\u00e9serve, sans que son deck n\u2019ait besoin de revenir \u00e0 son \u00e9tat d\u2019origine avant le prochain match. Le Head-Judge ou l\u2019organisateur du tournoi doivent informer les joueurs que cette option est utilis\u00e9e avant le d\u00e9but de la construction des decks. Cette option n\u2019est pas disponible pour les \u00e9v\u00e9nements en Niveau d\u2019Application des R\u00e8gles Comp\u00e9titif ou Professionnel.<\/p>\n","protected":false},"excerpt":{"rendered":"<p>Chaque joueur qui participe \u00e0 un \u00e9v\u00e9nement en Limit\u00e9 ne n\u00e9cessitant pas que les decks soient list\u00e9s peut modifier la composition de son deck entre les matchs en \u00e9changeant des cartes entre son deck et sa r\u00e9serve, sans que son deck n\u2019ait besoin de revenir \u00e0 son \u00e9tat d\u2019origine avant le prochain match. Le Head-Judge [&hellip;]<\/p>\n","protected":false},"author":30,"featured_media":0,"parent":0,"menu_order":0,"comment_status":"closed","ping_status":"closed","template":"page_width-index.php","meta":{"footnotes":"","_links_to":"","_links_to_target":""},"language":[9],"class_list":["post-6099","page","type-page","status-publish","hentry","language-fr"],"_links":{"self":[{"href":"https:\/\/blogs.magicjudges.org\/rules\/wp-json\/wp\/v2\/pages\/6099","targetHints":{"allow":["GET"]}}],"collection":[{"href":"https:\/\/blogs.magicjudges.org\/rules\/wp-json\/wp\/v2\/pages"}],"about":[{"href":"https:\/\/blogs.magicjudges.org\/rules\/wp-json\/wp\/v2\/types\/page"}],"author":[{"embeddable":true,"href":"https:\/\/blogs.magicjudges.org\/rules\/wp-json\/wp\/v2\/users\/30"}],"replies":[{"embeddable":true,"href":"https:\/\/blogs.magicjudges.org\/rules\/wp-json\/wp\/v2\/comments?post=6099"}],"version-history":[{"count":2,"href":"https:\/\/blogs.magicjudges.org\/rules\/wp-json\/wp\/v2\/pages\/6099\/revisions"}],"predecessor-version":[{"id":7184,"href":"https:\/\/blogs.magicjudges.org\/rules\/wp-json\/wp\/v2\/pages\/6099\/revisions\/7184"}],"wp:attachment":[{"href":"https:\/\/blogs.magicjudges.org\/rules\/wp-json\/wp\/v2\/media?parent=6099"}],"wp:term":[{"taxonomy":"language","embeddable":true,"href":"https:\/\/blogs.magicjudges.org\/rules\/wp-json\/wp\/v2\/language?post=6099"}],"curies":[{"name":"wp","href":"https:\/\/api.w.org\/{rel}","templated":true}]}}