{"id":6115,"date":"2016-01-17T17:29:51","date_gmt":"2016-01-17T14:29:51","guid":{"rendered":"http:\/\/blogs.magicjudges.org\/rules\/?page_id=6115"},"modified":"2017-01-17T18:00:32","modified_gmt":"2017-01-17T15:00:32","slug":"mtr8-5-fr","status":"publish","type":"page","link":"https:\/\/blogs.magicjudges.org\/rules\/mtr8-5-fr\/","title":{"rendered":"MTR 8.5 Tournois en Rochester par \u00e9quipes"},"content":{"rendered":"<p style=\"text-align: justify\">Des \u00e9quipes compos\u00e9es de trois joueurs chacune sont n\u00e9cessaires pour les \u00e9v\u00e9nements en Rochester par \u00e9quipes. Chaque table de draft est compos\u00e9e de deux \u00e9quipes. Les membres de chaque \u00e9quipe s\u2019assoient \u00e0 la table, dans le sens des aiguilles d\u2019une montre, dans l\u2019ordre A-B-C. (Par exemple, dans un \u00e9v\u00e9nement par \u00e9quipes de trois joueurs, les joueurs s\u2019assoient \u00e0 la table, dans le sens des aiguilles d\u2019une montre, dans l\u2019ordre 1A, 1B, 1C, 2A, 2B, 2C.)<\/p>\n<p style=\"text-align: justify\">Une \u00e9quipe, choisie au hasard d\u00e9cide de choisir en premier ou de laisser l\u2019autre \u00e9quipe choisir en premier. Le joueur \u00ab B \u00bb de l\u2019\u00e9quipe qui choisit en premier \u00e9tale le premier booster.<\/p>\n<p style=\"text-align: justify\">Au d\u00e9but du draft, le premier joueur ouvre son premier booster et en \u00e9tale le contenu sur la table, face visible et orient\u00e9 vers lui, en suivant les instructions des officiels de tournoi. Apr\u00e8s avoir examin\u00e9 les cartes, chaque joueur choisit une seule carte par tour. Une fois qu\u2019un joueur a choisi une carte et l\u2019a mise avec les autres cartes qu\u2019il a draft\u00e9es, il ne peut pas choisir une autre carte. Si un joueur ne parvient pas \u00e0 choisir une carte dans la p\u00e9riode de temps impartie, un officiel de tournoi choisit, pour ce joueur, la carte restant dans le booster qui a pass\u00e9 le plus de temps sur la table.<\/p>\n<p style=\"text-align: justify\">Le joueur qui drafte en premier les cartes provenant d\u2019un booster est appel\u00e9 joueur actif. Le premier joueur actif est le joueur qui a ouvert le premier booster du draft, en suivant les instructions d\u2019un officiel de tournoi. Chaque joueur, dans chaque pod de draft, joue le r\u00f4le du joueur actif une fois par groupe de boosters. Le joueur consid\u00e9r\u00e9 comme \u00e9tant le joueur actif change en suivant une forme en U, dans le sens des aiguilles d\u2019une montre pour les premier et troisi\u00e8me boosters, et dans le sens inverse des aiguilles d\u2019une montre pour le deuxi\u00e8me booster. Le dernier joueur \u00e0 ouvrir un booster d\u2019un groupe est le premier joueur \u00e0 ouvrir un booster du groupe suivant.<\/p>\n<p style=\"text-align: justify\">L\u2019ordre du draft en lui-m\u00eame bouge aussi en suivant une forme de U, dans le sens des aiguilles d\u2019une montre pour les premier et troisi\u00e8me boosters, et dans le sens inverse des aiguilles d\u2019une montre pour le deuxi\u00e8me booster, en commen\u00e7ant par le joueur actif, en continuant le tour de table jusqu\u2019\u00e0 ce que le dernier joueur d\u2019un groupe drafte une carte. Le dernier joueur d\u2019un groupe choisit deux cartes, l\u2019une apr\u00e8s l\u2019autre, puis le draft continue en sens inverse, pour revenir jusqu\u2019au joueur qui a commenc\u00e9 \u00e0 drafter. S\u2019il reste des cartes, le joueur qui a commenc\u00e9 \u00e0 drafter choisit deux cartes, l\u2019une apr\u00e8s l\u2019autre, et le draft reprend, de nouveau en sens inverse.<\/p>\n<p style=\"text-align: justify\"><em>Exemple:<\/em> l\u2019\u00e9quipe 1 et l\u2019\u00e9quipe 2 sont assises \u00e0 une table. Les joueurs sont d\u00e9nomm\u00e9s 1A-1B-1C-2A-2B- 2C, dans le sens des aiguilles d\u2019une montre. L\u2019\u00e9quipe 2 gagne le pile ou face et les membres de l\u2019\u00e9quipe 2 d\u00e9cident de laisser l\u2019\u00e9quipe 1 drafter en premier. Le joueur actif, pour le premier booster, est le joueur 1B. Le premier booster du joueur 1B est ouvert et \u00e9tal\u00e9 devant le joueur 1B. Vingt secondes sont consacr\u00e9es \u00e0 l\u2019observation des cartes, puis le draft s\u2019effectue dans l\u2019ordre suivant : <\/p>\n<table class=\"center\" style=\"width: 60%;border: none;border-color: #ffffff\">\n<tbody>\n<tr>\n<td>Joueur 1B\u2014carte 1<\/td>\n<td>Joueur 1A\u2014carte 6<\/td>\n<td>Joueur 1C\u2014carte 11<\/td>\n<\/tr>\n<tr>\n<td>Joueur 1C\u2014carte 2<\/td>\n<td>Joueur 1A\u2014carte 7<\/td>\n<td>Joueur 1B\u2014carte 12<\/td>\n<\/tr>\n<tr>\n<td>Joueur 2A\u2014carte 3<\/td>\n<td>Joueur 2C\u2014carte 8<\/td>\n<td>Joueur 1B\u2014carte 13<\/td>\n<\/tr>\n<tr>\n<td>Joueur 2B\u2014carte 4<\/td>\n<td>Joueur 2B\u2014carte 9<\/td>\n<td>Joueur 1C\u2014carte 14<\/td>\n<\/tr>\n<tr>\n<td>Joueur 2C\u2014carte 5<\/td>\n<td>Joueur 2A\u2014carte 10<\/td>\n<td>Joueur 2A\u2014carte 15<\/td>\n<\/tr>\n<tr>\n<td><\/td>\n<td><\/td>\n<td><\/td>\n<\/tr>\n<\/tbody>\n<\/table>\n<p style=\"text-align: justify\">Pendant que les cartes sont draft\u00e9es, les joueurs doivent laisser visible la derni\u00e8re carte \u00e0 avoir \u00e9t\u00e9 draft\u00e9e depuis le booster en cours. A tout autre moment, les joueurs peuvent laisser une des cartes qu\u2019ils ont draft\u00e9es, face visible, sur leur tas de cartes draft\u00e9es ou laisser toutes les cartes faces cach\u00e9es. Les joueurs ne peuvent pas observer les cartes qu\u2019ils ont draft\u00e9es pendant que le draft est en cours ou lorsqu\u2019un officiel de tournoi l\u2019interdit explicitement.<\/p>\n","protected":false},"excerpt":{"rendered":"<p>Des \u00e9quipes compos\u00e9es de trois joueurs chacune sont n\u00e9cessaires pour les \u00e9v\u00e9nements en Rochester par \u00e9quipes. Chaque table de draft est compos\u00e9e de deux \u00e9quipes. Les membres de chaque \u00e9quipe s\u2019assoient \u00e0 la table, dans le sens des aiguilles d\u2019une montre, dans l\u2019ordre A-B-C. (Par exemple, dans un \u00e9v\u00e9nement par \u00e9quipes de trois joueurs, les [&hellip;]<\/p>\n","protected":false},"author":30,"featured_media":0,"parent":0,"menu_order":0,"comment_status":"closed","ping_status":"closed","template":"page_width-index.php","meta":{"footnotes":"","_links_to":"","_links_to_target":""},"language":[9],"class_list":["post-6115","page","type-page","status-publish","hentry","language-fr"],"_links":{"self":[{"href":"https:\/\/blogs.magicjudges.org\/rules\/wp-json\/wp\/v2\/pages\/6115","targetHints":{"allow":["GET"]}}],"collection":[{"href":"https:\/\/blogs.magicjudges.org\/rules\/wp-json\/wp\/v2\/pages"}],"about":[{"href":"https:\/\/blogs.magicjudges.org\/rules\/wp-json\/wp\/v2\/types\/page"}],"author":[{"embeddable":true,"href":"https:\/\/blogs.magicjudges.org\/rules\/wp-json\/wp\/v2\/users\/30"}],"replies":[{"embeddable":true,"href":"https:\/\/blogs.magicjudges.org\/rules\/wp-json\/wp\/v2\/comments?post=6115"}],"version-history":[{"count":1,"href":"https:\/\/blogs.magicjudges.org\/rules\/wp-json\/wp\/v2\/pages\/6115\/revisions"}],"predecessor-version":[{"id":6121,"href":"https:\/\/blogs.magicjudges.org\/rules\/wp-json\/wp\/v2\/pages\/6115\/revisions\/6121"}],"wp:attachment":[{"href":"https:\/\/blogs.magicjudges.org\/rules\/wp-json\/wp\/v2\/media?parent=6115"}],"wp:term":[{"taxonomy":"language","embeddable":true,"href":"https:\/\/blogs.magicjudges.org\/rules\/wp-json\/wp\/v2\/language?post=6115"}],"curies":[{"name":"wp","href":"https:\/\/api.w.org\/{rel}","templated":true}]}}