{"id":6125,"date":"2016-01-17T17:35:56","date_gmt":"2016-01-17T14:35:56","guid":{"rendered":"http:\/\/blogs.magicjudges.org\/rules\/?page_id=6125"},"modified":"2017-03-01T01:38:25","modified_gmt":"2017-02-28T22:38:25","slug":"mtr9-3-fr","status":"publish","type":"page","link":"https:\/\/blogs.magicjudges.org\/rules\/mtr9-3-fr\/","title":{"rendered":"MTR 9.3 R\u00e8gle du \u00ab commencer ou piocher \u00bb en Troll \u00e0 deux t\u00eates"},"content":{"rendered":"<p style=\"text-align: justify;margin-bottom: 0px\">Une \u00e9quipe choisie au hasard d\u00e9cide de jouer en premier ou en second. Ce choix doit \u00eatre fait avant qu\u2019au moins un des deux membres de cette \u00e9quipe ne regarde sa main. Si au moins un des deux membres de cette \u00e9quipe regarde sa main avant que ce choix ne soit fait, cette \u00e9quipe joue en premier. L\u2019\u00e9quipe qui joue en premier passe l\u2019\u00e9tape de pioche de son premier tour.<\/p>\n<div class=\"alert alert-info\" role=\"alert\"> <em>Il ne s\u2019agit que d\u2019une simple r\u00e9\u00e9criture de la r\u00e8gle habituelle du \u00ab commencer ou piocher \u00bb o\u00f9 le mot \u201cjoueur\u201d a \u00e9t\u00e9 remplac\u00e9 par le mot \u201c\u00e9quipe\u201d. Une seul chose manque : les deux paragraphes qui concernent les parties deux et trois. S\u2019il faut jouer une partie deux parce que la partie un s\u2019est termin\u00e9e par une \u00e9galit\u00e9, n\u2019h\u00e9sitez pas \u00e0 vous r\u00e9f\u00e9rer aux r\u00e8gles habituelles dans les <a href=\"http:\/\/blogs.magicjudges.org\/rules\/mtr2-2-fr\/\">section 2.2<\/a> pour savoir comment cela fonctionne.<\/em><\/div>\n","protected":false},"excerpt":{"rendered":"<p>Une \u00e9quipe choisie au hasard d\u00e9cide de jouer en premier ou en second. Ce choix doit \u00eatre fait avant qu\u2019au moins un des deux membres de cette \u00e9quipe ne regarde sa main. Si au moins un des deux membres de cette \u00e9quipe regarde sa main avant que ce choix ne soit fait, cette \u00e9quipe joue [&hellip;]<\/p>\n","protected":false},"author":30,"featured_media":0,"parent":0,"menu_order":0,"comment_status":"closed","ping_status":"closed","template":"page_width-index.php","meta":{"footnotes":"","_links_to":"","_links_to_target":""},"language":[9],"class_list":["post-6125","page","type-page","status-publish","hentry","language-fr"],"_links":{"self":[{"href":"https:\/\/blogs.magicjudges.org\/rules\/wp-json\/wp\/v2\/pages\/6125","targetHints":{"allow":["GET"]}}],"collection":[{"href":"https:\/\/blogs.magicjudges.org\/rules\/wp-json\/wp\/v2\/pages"}],"about":[{"href":"https:\/\/blogs.magicjudges.org\/rules\/wp-json\/wp\/v2\/types\/page"}],"author":[{"embeddable":true,"href":"https:\/\/blogs.magicjudges.org\/rules\/wp-json\/wp\/v2\/users\/30"}],"replies":[{"embeddable":true,"href":"https:\/\/blogs.magicjudges.org\/rules\/wp-json\/wp\/v2\/comments?post=6125"}],"version-history":[{"count":2,"href":"https:\/\/blogs.magicjudges.org\/rules\/wp-json\/wp\/v2\/pages\/6125\/revisions"}],"predecessor-version":[{"id":6453,"href":"https:\/\/blogs.magicjudges.org\/rules\/wp-json\/wp\/v2\/pages\/6125\/revisions\/6453"}],"wp:attachment":[{"href":"https:\/\/blogs.magicjudges.org\/rules\/wp-json\/wp\/v2\/media?parent=6125"}],"wp:term":[{"taxonomy":"language","embeddable":true,"href":"https:\/\/blogs.magicjudges.org\/rules\/wp-json\/wp\/v2\/language?post=6125"}],"curies":[{"name":"wp","href":"https:\/\/api.w.org\/{rel}","templated":true}]}}