{"id":6137,"date":"2016-01-17T17:42:56","date_gmt":"2016-01-17T14:42:56","guid":{"rendered":"http:\/\/blogs.magicjudges.org\/rules\/?page_id=6137"},"modified":"2017-01-17T18:02:43","modified_gmt":"2017-01-17T15:02:43","slug":"mtr10-1-fr","status":"publish","type":"page","link":"https:\/\/blogs.magicjudges.org\/rules\/mtr10-1-fr\/","title":{"rendered":"MTR 10.1 Nombre minimum de participants"},"content":{"rendered":"<p style=\"text-align: justify\">Le nombre minimum de participants pour qu\u2019un tournoi puisse \u00eatre homologu\u00e9 est de :<\/p>\n<ul style=\"text-align: justify\">\n<li>Huit (8) joueurs minimum pour les tournois en individuel.<\/li>\n<li>Quatre (4) \u00e9quipes minimum pour les tournois par \u00e9quipes et en Troll \u00e0 deux t\u00eates.<\/li>\n<\/ul>\n<p style=\"text-align: justify\">Si le nombre minimum de participants n\u2019est pas atteint, le tournoi n\u2019est plus homologu\u00e9 DCI et ne rapportera pas de point Planeswalker. Si le nombre minimum de participants n\u2019est pas atteint, l\u2019organisateur du tournoi doit rapporter le tournoi avec le statut \u00ab Did Not Occur \u00bb (n\u2019a pas eu lieu).<\/p>\n","protected":false},"excerpt":{"rendered":"<p>Le nombre minimum de participants pour qu\u2019un tournoi puisse \u00eatre homologu\u00e9 est de : Huit (8) joueurs minimum pour les tournois en individuel. Quatre (4) \u00e9quipes minimum pour les tournois par \u00e9quipes et en Troll \u00e0 deux t\u00eates. Si le nombre minimum de participants n\u2019est pas atteint, le tournoi n\u2019est plus homologu\u00e9 DCI et ne [&hellip;]<\/p>\n","protected":false},"author":30,"featured_media":0,"parent":0,"menu_order":0,"comment_status":"closed","ping_status":"closed","template":"page_width-index.php","meta":{"footnotes":"","_links_to":"","_links_to_target":""},"language":[9],"class_list":["post-6137","page","type-page","status-publish","hentry","language-fr"],"_links":{"self":[{"href":"https:\/\/blogs.magicjudges.org\/rules\/wp-json\/wp\/v2\/pages\/6137","targetHints":{"allow":["GET"]}}],"collection":[{"href":"https:\/\/blogs.magicjudges.org\/rules\/wp-json\/wp\/v2\/pages"}],"about":[{"href":"https:\/\/blogs.magicjudges.org\/rules\/wp-json\/wp\/v2\/types\/page"}],"author":[{"embeddable":true,"href":"https:\/\/blogs.magicjudges.org\/rules\/wp-json\/wp\/v2\/users\/30"}],"replies":[{"embeddable":true,"href":"https:\/\/blogs.magicjudges.org\/rules\/wp-json\/wp\/v2\/comments?post=6137"}],"version-history":[{"count":1,"href":"https:\/\/blogs.magicjudges.org\/rules\/wp-json\/wp\/v2\/pages\/6137\/revisions"}],"predecessor-version":[{"id":6141,"href":"https:\/\/blogs.magicjudges.org\/rules\/wp-json\/wp\/v2\/pages\/6137\/revisions\/6141"}],"wp:attachment":[{"href":"https:\/\/blogs.magicjudges.org\/rules\/wp-json\/wp\/v2\/media?parent=6137"}],"wp:term":[{"taxonomy":"language","embeddable":true,"href":"https:\/\/blogs.magicjudges.org\/rules\/wp-json\/wp\/v2\/language?post=6137"}],"curies":[{"name":"wp","href":"https:\/\/api.w.org\/{rel}","templated":true}]}}