{"id":6140,"date":"2016-01-17T17:43:10","date_gmt":"2016-01-17T14:43:10","guid":{"rendered":"http:\/\/blogs.magicjudges.org\/rules\/?page_id=6140"},"modified":"2017-12-08T14:50:46","modified_gmt":"2017-12-08T11:50:46","slug":"mtr10-4-fr","status":"publish","type":"page","link":"https:\/\/blogs.magicjudges.org\/rules\/mtr10-4-fr\/","title":{"rendered":"MTR 10.4 Algorithme d\u2019appariement"},"content":{"rendered":"<p style=\"text-align: justify\">\u00c0 moins qu\u2019il ne soit annonc\u00e9 autrement, un tournoi suit par d\u00e9faut l\u2019algorithme d\u2019appariement dit des rondes suisses. Les tournois peuvent ensuite, de mani\u00e8re optionnelle, avoir des rondes d\u2019\u00e9limination directe avec les 2, 4 ou 8 (ou un autre nombre) meilleurs joueurs \u00e0 l\u2019issue des rondes suisses. L\u2019algorithme d\u2019appariement des rondes suisses est modifi\u00e9 dans les tournois en draft, comme pr\u00e9cis\u00e9 dans la <a href=\"http:\/\/blogs.magicjudges.org\/rules\/mtr7-6-fr\/\">section 7.6<\/a>.<\/p>\n<p style=\"text-align: justify\">Pour les tournois en format Construit avec une portion en \u00e9limination directe (ou les tournois en paquet scell\u00e9 qui n\u2019utilisent pas un booster draft pour la partie en \u00e9limination directe), il est recommand\u00e9 d\u2019appareiller les joueurs restants d\u2019apr\u00e8s le classement final \u00e0 la fin des rondes suisses.<\/p>\n<p style=\"text-align: justify\">Avec 8 joueurs, le premier rencontre le huiti\u00e8me, le second rencontre le septi\u00e8me, le troisi\u00e8me rencontre le sixi\u00e8me et le quatri\u00e8me rencontre le cinqui\u00e8me. Le gagnant du match 1\/8 rencontre ensuite le gagnant du match 4\/5 et le gagnant du match 2\/7 rencontre le gagnant du match 3\/6. Enfin, les gagnants jouent le dernier match de la partie en \u00e9limination directe.<\/p>\n<p style=\"text-align: justify\"><img loading=\"lazy\" decoding=\"async\" class=\"aligncenter size-full wp-image-403\" src=\"http:\/\/blogs.magicjudges.org\/rules\/files\/2015\/10\/T8Const.jpg\" alt=\"T8Const\" width=\"226\" height=\"180\" \/><br \/>\nAvec 4 joueurs, le premier rencontre le quatri\u00e8me et le second rencontre le troisi\u00e8me. Puis les gagnants jouent le dernier match de la partie en \u00e9limination directe.<\/p>\n<p style=\"text-align: justify\"><img loading=\"lazy\" decoding=\"async\" class=\"aligncenter size-full wp-image-404\" src=\"http:\/\/blogs.magicjudges.org\/rules\/files\/2015\/10\/T4Const.jpg\" alt=\"T4Const\" width=\"170\" height=\"83\" \/><br \/>\nPour les tournois en Limit\u00e9 qui ont une partie en \u00e9limination directe en booster draft, il est recommand\u00e9 de conserver uniquement 8 joueurs et de suivre la m\u00e9thode d\u00e9crite ci-dessous.<\/p>\n<p style=\"text-align: justify\">Utilisez une m\u00e9thode al\u00e9atoire pour faire s\u2019asseoir les joueurs autour de la table de draft et effectuez le draft.<\/p>\n<p style=\"text-align: justify\"><img loading=\"lazy\" decoding=\"async\" class=\"aligncenter size-full wp-image-405\" src=\"http:\/\/blogs.magicjudges.org\/rules\/files\/2015\/10\/DraftSeating.jpg\" alt=\"DraftSeating\" width=\"144\" height=\"144\" \/><\/p>\n<p style=\"text-align: justify\">Une fois le draft termin\u00e9, le joueur en place 1 joue contre le joueur en place 5, le joueur en place 2 joue contre le joueur en place 6, le joueur en place 3 joue contre le joueur en place 7 et le joueur en place 4 joue contre le joueur en place 8. Le gagnant du match 1\/5 joue ensuite contre le gagnant du match 3\/7 et le gagnant du match 2\/6 joue contre le gagnant du match 4\/8. Enfin, les gagnants jouent le dernier match de la partie en \u00e9limination directe.<\/p>\n<p style=\"text-align: justify\"><img loading=\"lazy\" decoding=\"async\" class=\"aligncenter size-full wp-image-406\" src=\"http:\/\/blogs.magicjudges.org\/rules\/files\/2015\/10\/T8Draft.jpg\" alt=\"T8Draft\" width=\"226\" height=\"180\" \/><br \/>\nPour les Premier Events, les recommandations ci-dessus concernant la partie en \u00e9limination directe du tournoi sont obligatoires et non optionnelles.<\/p>\n<p style=\"text-align: justify\">Les Premier Event incluent les tournois suivants : <b>Magic: The Gathering<\/b> World Championship, World <b>Magic <\/b>Cup, Nationals, Nationals Last Chance Qualifiers, Pro Tour, Regional Pro Tour Qualifiers, Regional Last Chance Qualifiers, Preliminary Pro Tour Qualifiers, Pro Tour Qualifiers, Grand Prix, Grand Prix Trials, WPN Premium Tournaments, WPN Premium Qualifiers.<\/p>\n","protected":false},"excerpt":{"rendered":"<p>\u00c0 moins qu\u2019il ne soit annonc\u00e9 autrement, un tournoi suit par d\u00e9faut l\u2019algorithme d\u2019appariement dit des rondes suisses. Les tournois peuvent ensuite, de mani\u00e8re optionnelle, avoir des rondes d\u2019\u00e9limination directe avec les 2, 4 ou 8 (ou un autre nombre) meilleurs joueurs \u00e0 l\u2019issue des rondes suisses. L\u2019algorithme d\u2019appariement des rondes suisses est modifi\u00e9 dans [&hellip;]<\/p>\n","protected":false},"author":30,"featured_media":0,"parent":0,"menu_order":0,"comment_status":"closed","ping_status":"closed","template":"page_width-index.php","meta":{"footnotes":"","_links_to":"","_links_to_target":""},"language":[9],"class_list":["post-6140","page","type-page","status-publish","hentry","language-fr"],"_links":{"self":[{"href":"https:\/\/blogs.magicjudges.org\/rules\/wp-json\/wp\/v2\/pages\/6140","targetHints":{"allow":["GET"]}}],"collection":[{"href":"https:\/\/blogs.magicjudges.org\/rules\/wp-json\/wp\/v2\/pages"}],"about":[{"href":"https:\/\/blogs.magicjudges.org\/rules\/wp-json\/wp\/v2\/types\/page"}],"author":[{"embeddable":true,"href":"https:\/\/blogs.magicjudges.org\/rules\/wp-json\/wp\/v2\/users\/30"}],"replies":[{"embeddable":true,"href":"https:\/\/blogs.magicjudges.org\/rules\/wp-json\/wp\/v2\/comments?post=6140"}],"version-history":[{"count":3,"href":"https:\/\/blogs.magicjudges.org\/rules\/wp-json\/wp\/v2\/pages\/6140\/revisions"}],"predecessor-version":[{"id":7191,"href":"https:\/\/blogs.magicjudges.org\/rules\/wp-json\/wp\/v2\/pages\/6140\/revisions\/7191"}],"wp:attachment":[{"href":"https:\/\/blogs.magicjudges.org\/rules\/wp-json\/wp\/v2\/media?parent=6140"}],"wp:term":[{"taxonomy":"language","embeddable":true,"href":"https:\/\/blogs.magicjudges.org\/rules\/wp-json\/wp\/v2\/language?post=6140"}],"curies":[{"name":"wp","href":"https:\/\/api.w.org\/{rel}","templated":true}]}}