{"id":6508,"date":"2017-01-06T13:46:27","date_gmt":"2017-01-06T10:46:27","guid":{"rendered":"http:\/\/blogs.magicjudges.org\/rules\/?page_id=6508"},"modified":"2018-04-05T17:17:30","modified_gmt":"2018-04-05T14:17:30","slug":"ipg1-5-fr","status":"publish","type":"page","link":"https:\/\/blogs.magicjudges.org\/rules\/ipg1-5-fr\/","title":{"rendered":"IPG 1.5 Ensembles de cartes"},"content":{"rendered":"<p>Certaines infractions dans ce document mentionnent un \u00ab\u00a0ensemble\u00a0\u00bb de cartes.<\/p>\n<div class=\"alert alert-info\" role=\"alert\"> <em>Ces infractions sont <a href=\"http:\/\/blogs.magicjudges.org\/rules\/ipg-2-2-fr\/\">IPG 2.2 Erreur de jeu \u2014 Observation de cartes suppl\u00e9mentaires<\/a>, <a href=\"http:\/\/blogs.magicjudges.org\/rules\/ipg-2-3-fr\/\">IPG 2.3 Erreur de jeu \u2014 Erreur li\u00e9e \u00e0 une carte cach\u00e9e<\/a> et <a href=\"http:\/\/blogs.magicjudges.org\/rules\/ipg-3-5-fr\/\">IPG 3.5 Erreur de tournoi \u2014 Probl\u00e8me de deck<\/a>.<\/em><\/div>\n<p>Un ensemble est un groupe distinct de cartes, d\u00e9fini par une r\u00e8gle de jeu ou un effet. Cela peut correspondre \u00e0 une zone sp\u00e9cifique, ou peut repr\u00e9senter seulement une partie de la zone. Un ensemble peut \u00eatre constitu\u00e9 d\u2019une seule carte.<\/p>\n<div class=\"alert alert-info\" role=\"alert\"> <em>Cette r\u00e8gle est assez claire. Des Ensembles temporaires peuvent \u00eatre cr\u00e9\u00e9s bri\u00e8vement lors de la r\u00e9solution d\u2019un sort (comme par exemple Fait ou fiction ou Compagnie rassembl\u00e9e). Si un joueur a une ou plusieurs cartes en main, c\u2019est un ensemble. S&#8217;il a regard\u00e9 les 6 premi\u00e8res cartes de sa biblioth\u00e8que lors de la r\u00e9solution de <a href=\"https:\/\/blogs.magicjudges.org\/rules\/wp-content\/plugins\/lems-mtg-helper\/lems-mtg-helper-cardfinder.php?find=Compagnie+rassembl%C3%A9e&width=223&height=310\" class=\"jTip\" name=\"\">Compagnie rassembl\u00e9e<\/a>, c\u2019est un ensemble. D\u2019autres ensembles existent naturellement dans le jeu, comme la biblioth\u00e8que, le cimeti\u00e8re, l\u2019exil, et la main. Pour \u00eatre aussi clair que possible, il est explicitement dit qu\u2019une carte unique peut \u00eatre un ensemble.<\/em><\/div>\n<p>Les cartes sont consid\u00e9r\u00e9es comme appartenant \u00e0 un ensemble de cartes, jusqu\u2019\u00e0 ce qu\u2019elles rejoignent un nouvel ensemble de cartes. Il n\u2019y a pas d\u2019entre-deux.<\/p>\n<div class=\"alert alert-info\" role=\"alert\"> <em>Ces phrases expliquent, de fa\u00e7on tout \u00e0 fait explicite, que quelques que soient les circonstances, une carte fait toujours partie d\u2019un ensemble.<\/em><\/div>\n","protected":false},"excerpt":{"rendered":"<p>Certaines infractions dans ce document mentionnent un \u00ab\u00a0ensemble\u00a0\u00bb de cartes. Un ensemble est un groupe distinct de cartes, d\u00e9fini par une r\u00e8gle de jeu ou un effet. Cela peut correspondre \u00e0 une zone sp\u00e9cifique, ou peut repr\u00e9senter seulement une partie de la zone. Un ensemble peut \u00eatre constitu\u00e9 d\u2019une seule carte. Les cartes sont consid\u00e9r\u00e9es [&hellip;]<\/p>\n","protected":false},"author":30,"featured_media":0,"parent":0,"menu_order":0,"comment_status":"closed","ping_status":"closed","template":"page_width-index.php","meta":{"footnotes":"","_links_to":"","_links_to_target":""},"language":[9],"class_list":["post-6508","page","type-page","status-publish","hentry","language-fr"],"_links":{"self":[{"href":"https:\/\/blogs.magicjudges.org\/rules\/wp-json\/wp\/v2\/pages\/6508","targetHints":{"allow":["GET"]}}],"collection":[{"href":"https:\/\/blogs.magicjudges.org\/rules\/wp-json\/wp\/v2\/pages"}],"about":[{"href":"https:\/\/blogs.magicjudges.org\/rules\/wp-json\/wp\/v2\/types\/page"}],"author":[{"embeddable":true,"href":"https:\/\/blogs.magicjudges.org\/rules\/wp-json\/wp\/v2\/users\/30"}],"replies":[{"embeddable":true,"href":"https:\/\/blogs.magicjudges.org\/rules\/wp-json\/wp\/v2\/comments?post=6508"}],"version-history":[{"count":7,"href":"https:\/\/blogs.magicjudges.org\/rules\/wp-json\/wp\/v2\/pages\/6508\/revisions"}],"predecessor-version":[{"id":7679,"href":"https:\/\/blogs.magicjudges.org\/rules\/wp-json\/wp\/v2\/pages\/6508\/revisions\/7679"}],"wp:attachment":[{"href":"https:\/\/blogs.magicjudges.org\/rules\/wp-json\/wp\/v2\/media?parent=6508"}],"wp:term":[{"taxonomy":"language","embeddable":true,"href":"https:\/\/blogs.magicjudges.org\/rules\/wp-json\/wp\/v2\/language?post=6508"}],"curies":[{"name":"wp","href":"https:\/\/api.w.org\/{rel}","templated":true}]}}