{"id":6952,"date":"2017-09-23T14:51:43","date_gmt":"2017-09-23T11:51:43","guid":{"rendered":"http:\/\/blogs.magicjudges.org\/rules\/?page_id=6952"},"modified":"2018-11-03T20:59:02","modified_gmt":"2018-11-03T17:59:02","slug":"ipg3-4-es","status":"publish","type":"page","link":"https:\/\/blogs.magicjudges.org\/rules\/ipg3-es\/ipg3-4-es\/","title":{"rendered":"IPG 3.4 Error de torneo \u2014 Problema de Lista de Mazo"},"content":{"rendered":"<div style=\"padding-right: 20px;float: left;width: 80%;margin-top: 0px\">\n<h2>Definici\u00f3n<\/h2>\n<p><span style=\"font-weight: 400\">La lista de mazo es ilegal, no se corresponde con lo que el jugador planea jugar, o necesita ser modificada porque se perdi\u00f3 una carta durante el transcurso del torneo.<\/span><\/p>\n<\/div>\n<div style=\"float: right;width: 20%;margin-top: 0px;margin-bottom: -20px;text-align: center\">\n<div class=\"alert alert-warning\" role=\"alert\"> <\/p>\n<p style=\"text-align: center;margin-top: 10px;margin-left: -10px\"><strong>Penalizaci\u00f3n<\/strong><\/p>\n<p style=\"text-align: center;margin-bottom: 10px;margin-left: -12px\">P\u00e9rdida de Juego<\/p>\n<p><\/div>\n<\/div>\n<br style=\"clear: both; height: 1px; margin: -1px 0pt 0pt; overflow: hidden;\">\n<p style=\"margin-top: -5px\"><div class=\"alert alert-info\" role=\"alert\"> <\/p>\n<p><i><span style=\"font-weight: 400\">Esos son la mayor\u00eda de los casos en los que la lista del mazo debe ser modificada. Un mazo ilegal es un mazo sin suficientes cartas, con demasiadas cartas en el sideboard, con nombres de cartas ambiguos o con cartas ilegales en el formato.<\/span><\/i><\/p>\n<p><i><span style=\"font-weight: 400\">Aunque usamos listas de mazo para confirmar que los jugadores no cambian sus mazos durante el transcurso del torneo, consideramos que el mazo f\u00edsico es la verdadera representaci\u00f3n de lo que el jugador quiere jugar, y esperamos que la lista del mazo represente el mazo f\u00edsico.<\/span><\/i><\/p>\n<p><i><span style=\"font-weight: 400\">Aunque la penalizaci\u00f3n por cartas perdidas puede parecer dura, los jugadores tienen la opci\u00f3n de reemplazar esas cartas perdidas con otras copias, si pueden encontrarlas. Adem\u00e1s esto disuade a los jugadores de una trampa potencial, en la que el jugador determina que su mazo tiene pocas tierras y le gustar\u00eda &#8220;perder&#8221; una carta y reemplazarla con una tierra<\/span><\/i><span style=\"font-weight: 400\"><\/div><\/span><\/p>\n<p><span style=\"font-weight: 400\">Esta infracci\u00f3n no cubre los errores en el registro hechos por otro participante antes del intercambio del conjunto de cartas de mazo cerrado. Esos deber\u00edan ser corregidos a criterio del juez.<\/span><\/p>\n<p><span style=\"font-weight: 400\"><div class=\"alert alert-info\" role=\"alert\"> <\/span><i><span style=\"font-weight: 400\">En el caso de Mazo Sellado, el registro es hecho por otro jugador, por lo que los errores no fueron cometidos por el jugador que juega el mazo. No queremos penalizar a un jugador por un error cometido por otro participante. Usa tu juicio para determinar si el error puede ser corregido y hazlo.<\/span><\/i><span style=\"font-weight: 400\"><\/div><\/span><\/p>\n<h2><b>Ejemplos<\/b><\/h2>\n<ul>\n<li style=\"font-weight: 400\"><b>A.<\/b><span style=\"font-weight: 400\"> Un jugador en un torneo Legacy tiene listado <a href=\"https:\/\/blogs.magicjudges.org\/rules\/wp-content\/plugins\/lems-mtg-helper\/lems-mtg-helper-cardfinder.php?find=Mana+Drain&width=223&height=310\" class=\"jTip\" name=\"\">Mana Drain<\/a> (una carta prohibida) en su lista de mazo.<\/span><\/li>\n<li style=\"font-weight: 400\"><b>B.<\/b><span style=\"font-weight: 400\"> Un jugador tiene una lista de mazo de 56 cartas. Su mazo actualmente contiene 60 cartas, con cuatro <a href=\"https:\/\/blogs.magicjudges.org\/rules\/wp-content\/plugins\/lems-mtg-helper\/lems-mtg-helper-cardfinder.php?find=Esfumar&width=223&height=310\" class=\"jTip\" name=\"\">Esfumar<\/a> no escritos.<\/span><\/li>\n<li style=\"font-weight: 400\"><b>C.<\/b><span style=\"font-weight: 400\"> Un jugador escribe \u2018Sarkhan\u2019 en un formato que contiene tanto a <a href=\"https:\/\/blogs.magicjudges.org\/rules\/wp-content\/plugins\/lems-mtg-helper\/lems-mtg-helper-cardfinder.php?find=Sarkhan%2C+el+dragonhablante&width=223&height=310\" class=\"jTip\" name=\"\">Sarkhan, el dragonhablante<\/a> como a <a href=\"https:\/\/blogs.magicjudges.org\/rules\/wp-content\/plugins\/lems-mtg-helper\/lems-mtg-helper-cardfinder.php?find=Sarkhan+invicto&width=223&height=310\" class=\"jTip\" name=\"\">Sarkhan invicto<\/a>.<\/span><\/li>\n<li style=\"font-weight: 400\"><b>D.<\/b><span style=\"font-weight: 400\"> Un jugador pierde algunas cartas y no puede encontrar copias de reemplazo, impidi\u00e9ndole jugar un mazo que coincida con su lista de mazo.<\/span><\/li>\n<li style=\"font-weight: 400\"><b>E.<\/b><span style=\"font-weight: 400\"> Un jugador registra <a href=\"https:\/\/blogs.magicjudges.org\/rules\/wp-content\/plugins\/lems-mtg-helper\/lems-mtg-helper-cardfinder.php?find=Ajani%2C+protector+gallardo&width=223&height=310\" class=\"jTip\" name=\"\">Ajani, protector gallardo<\/a>, pero est\u00e1 jugando <a href=\"https:\/\/blogs.magicjudges.org\/rules\/wp-content\/plugins\/lems-mtg-helper\/lems-mtg-helper-cardfinder.php?find=Ajani+implacable&width=223&height=310\" class=\"jTip\" name=\"\">Ajani implacable<\/a>.<\/span><\/li>\n<\/ul>\n<h2><b>Filosof\u00eda<\/b><\/h2>\n<p><span style=\"font-weight: 400\">Las listas de mazo se usan para asegurar que los mazos no son cambiados durante el transcurso de un torneo.<\/span><\/p>\n<p><span style=\"font-weight: 400\"><div class=\"alert alert-info\" role=\"alert\"> <\/span><i><span style=\"font-weight: 400\">Como se ha explicado anteriormente, la lista del mazo es un registro escrito de lo que el jugador quiere jugar. Es importante que los jueces tengan acceso a un registro confiable del mazo del jugador para las investigaciones.<\/span><\/i><span style=\"font-weight: 400\"><\/div><\/span><\/p>\n<p><span style=\"font-weight: 400\">Los jueces y otros oficiales de torneo deben estar atentos y recordar a los jugadores antes de comenzar el torneo de la importancia de entregar una lista de mazo legal y jugar con un mazo legal.<\/span><\/p>\n<p><span style=\"font-weight: 400\"><div class=\"alert alert-info\" role=\"alert\"> <\/span><i><span style=\"font-weight: 400\">Hacer anuncios al comienzo de un torneo puede prevenir un mont\u00f3n de los errores que podr\u00edan ocurrir en el torneo, por ejemplo, &#8220;revisen su lista de mazo y aseg\u00farense de tener al menos 60 cartas en su mazo principal y hasta 15 cartas en el sideboard&#8221;.<\/span><\/i><\/p>\n<p><i><span style=\"font-weight: 400\">Las listas de mazo son a veces un trabajo apresurado de \u00faltimo momento, por lo que otorgar un minuto o dos adicionales al inicio del torneo pueden prevenirse algunos errores.<\/span><\/i><span style=\"font-weight: 400\"><\/div><\/span><\/p>\n<p><span style=\"font-weight: 400\">Un jugador normalmente recibe una P\u00e9rdida de juego si su lista de mazo es cambiada despu\u00e9s de que comenz\u00f3 el torneo.<\/span><\/p>\n<p><span style=\"font-weight: 400\"><div class=\"alert alert-info\" role=\"alert\"> <\/span><i><span style=\"font-weight: 400\">Esta frase est\u00e1 para reforzar que cuando alguna parte de esta infracci\u00f3n requiere que la lista de mazo sea cambiada para reflejar el mazo que est\u00e1 siendo jugado debe asignarse una P\u00e9rdida de Juego. La frase dice &#8220;normalmente&#8221; porque existe el caso en el que el jugador no puede reemplazar una carta perdida, recibe la penalizaci\u00f3n, y luego consigue un reemplazo. En ese caso, podemos devolver la lista a su configuraci\u00f3n original sin asignar una penalizaci\u00f3n.<\/span><\/i><span style=\"font-weight: 400\"><\/div><\/span><\/p>\n<p><span style=\"font-weight: 400\">Las penalizaciones por error de lista de mazo descubiertas fuera del contexto de la partida y sus procedimientos (como por ejemplo descubiertas durante una cuenta de la lista de mazo) se asignan al comienza de la siguiente partida a menos que el juez crea que hay una importante evidencia de que el mazo es ilegal.<\/span><\/p>\n<p><span style=\"font-weight: 400\"><div class=\"alert alert-info\" role=\"alert\"> <\/span><i><span style=\"font-weight: 400\">Si un error es descubierto durante una revisi\u00f3n de mazo, la penalizaci\u00f3n es aplicada inmediatamente. Los jugadores no est\u00e1n jugando. Asigna la penalizaci\u00f3n, aplica la soluci\u00f3n, y si la partida no ha terminado, pon los jugadores a jugar lo m\u00e1s pronto posible.<\/span><\/i><i><span style=\"font-weight: 400\"><br \/>\n<\/span><\/i><i><span style=\"font-weight: 400\">Los jueces ocasionalmente tambi\u00e9n revisar\u00e1n la legalidad de las listas fuera de una revisi\u00f3n de mazo. Si se encuentra un problema con una lista fuera de una revisi\u00f3n de mazo, entonces la penalizaci\u00f3n deber\u00eda ser asignada al comienzo de la siguiente ronda. Esto es mayormente por consistencia. Si revisamos una lista y encontramos un problema con 10 minutos restantes de ronda, la partida actual puede seguir en progreso o puede haber finalizado. Si a\u00fan contin\u00faa, la p\u00e9rdida de juego probablemente terminar\u00eda la partida. Esto significa que la penalizaci\u00f3n puede ser m\u00e1s dura seg\u00fan en qu\u00e9 posici\u00f3n del mont\u00f3n de listas de mazo estaba la lista de ese jugador. Para equilibrar esto, asignamos las penalizaciones al comienzo de la siguiente ronda. Esto no se aplica si crees que el mazo es ilegal, por ejemplo, una lista de un mazo de Modern contiene <a href=\"https:\/\/blogs.magicjudges.org\/rules\/wp-content\/plugins\/lems-mtg-helper\/lems-mtg-helper-cardfinder.php?find=Tropiezo+mental&width=223&height=310\" class=\"jTip\" name=\"\">Tropiezo mental<\/a>. Puedes inspeccionar el mazo del jugador. Si el mazo tambi\u00e9n es ilegal, contin\u00faa y asigna la penalizaci\u00f3n. En caso contrario, asigna la penalizaci\u00f3n y resuelve el problema entre rondas, teniendo efecto la penalizaci\u00f3n al comienzo de la siguiente ronda.<\/span><\/i><span style=\"font-weight: 400\"><\/div><\/span><\/p>\n<p><span style=\"font-weight: 400\">Los nombres ambiguos o poco claro pueden permitir a un jugador manipular los contenidos de su mazo hasta que sea descubierto.<\/span><\/p>\n<p><span style=\"font-weight: 400\"><div class=\"alert alert-info\" role=\"alert\"> <\/span><i><span style=\"font-weight: 400\">Escribir nombres de cartas ambiguos o incorrectos puede ser un intento de hacer trampa. El jugador puede estar intentando tener la posibilidad de modificar el mazo m\u00e1s tarde mientras dice que simplemente acort\u00f3 los nombres.<\/span><\/i><span style=\"font-weight: 400\"><\/div><\/span><\/p>\n<p><span style=\"font-weight: 400\">Nombres acortados de personajes (planeswalkers y otros permanentes legendarios) en las listas de mazo son aceptables siempre y cuando sean la \u00fanica versi\u00f3n de ese personaje en el formato y se tratan como si fuera esa carta, incluso si otras cartas comienzan con el mismo nombre.<\/span><\/p>\n<p><span style=\"font-weight: 400\"><div class=\"alert alert-info\" role=\"alert\"> <\/span><i><span style=\"font-weight: 400\">En el caso de personajes relacionados con la historia, a menudo es f\u00e1cil deducir a qu\u00e9 carta se refiere el jugador. Si un jugador apunta &#8220;4 Ulrich&#8221;, es poco probable que el jugador est\u00e9 hablando de <a href=\"https:\/\/blogs.magicjudges.org\/rules\/wp-content\/plugins\/lems-mtg-helper\/lems-mtg-helper-cardfinder.php?find=Allegado+de+Ulrich&width=223&height=310\" class=\"jTip\" name=\"\">Allegado de Ulrich<\/a>, aunque empiece con la misma serie de letras. En este caso de permanentes legendarios y planeswalkers, hay una excepci\u00f3n al requerimiento de que las cartas listadas tengan el nombre completo, pero las cartas deben seguir siendo inequ\u00edvocamente identificables. En cambio, listar &#8220;4 Jace&#8221; en una lista de mazo de Legacy no es suficiente, ya que existen m\u00faltiples representaciones de &#8220;Jace&#8221; que son legales en el formato. Si los jueces permitieran a un jugador apuntar &#8220;4 Jace&#8221; sin considerarlo una infracci\u00f3n, el jugador podr\u00eda tomar ventaja de la ambig\u00fcedad intercambiando <a href=\"https:\/\/blogs.magicjudges.org\/rules\/wp-content\/plugins\/lems-mtg-helper\/lems-mtg-helper-cardfinder.php?find=Jace%2C+perito+de+la+memoria&width=223&height=310\" class=\"jTip\" name=\"\">Jace, perito de la memoria<\/a> con <a href=\"https:\/\/blogs.magicjudges.org\/rules\/wp-content\/plugins\/lems-mtg-helper\/lems-mtg-helper-cardfinder.php?find=Jace%2C+el+escultor+mental&width=223&height=310\" class=\"jTip\" name=\"\">Jace, el escultor mental<\/a> cuando fuese necesario sin miedo a recibir una P\u00e9rdida de Juego.<\/span><\/i><span style=\"font-weight: 400\"><\/div><\/span><\/p>\n<p><span style=\"font-weight: 400\">El juez principal puede elegir no asignar esta penalizaci\u00f3n si cree que lo que el jugador escribi\u00f3 es obvio y no ambiguo, incluso si no es el nombre completo y exacto de la carta. En torneos Limitados, el juez principal puede optar por no asignar esta penalizaci\u00f3n a la cantidad de tierras b\u00e1sicas anotadas incorrectamente si cree que la cantidad de tierras correctas es obvia. Esto deber\u00eda ser determinado solamente por lo que est\u00e1 escrito en la lista de mazo, y no basado en la intenci\u00f3n o el contenido actual del mazo; si se necesita revisar el mazo para confirmar entonces lo escrito no es obvio.<\/span><\/p>\n<p><span style=\"font-weight: 400\"><div class=\"alert alert-info\" role=\"alert\"> <\/span><i><span style=\"font-weight: 400\">Comprobar y confirmar las cartas de un mazo con respecto a la lista del mazo en esta situaci\u00f3n causa trabajo innecesario para el equipo de revisi\u00f3n de mazos. Si el error es extremadamente obvio y el nombre correcto de la carta puede ser solo uno, entonces no hay ambig\u00fcedad. Si el error es obvio, entonces realmente no hay duda de qu\u00e9 carta es. No hay ni siquiera raz\u00f3n para comprobarlo. En esos casos, el Juez Principal tiene permitido no asignar la penalizaci\u00f3n. No es ni siquiera una Advertencia. Sin embargo, no todos los jueces ven &#8220;obvio&#8221; lo mismo. Algunos tienden a ser demasiado flexibles con el significado de obvio. Para determinar si obvio es suficientemente obvio usa estas directrices: Si has gastado tiempo debatiendo sobre si es obvio, entonces no es obvio; si tienes que comprobar el mazo para ver lo que realmente est\u00e1n jugando, no es suficientemente obvio. Por ejemplo &#8220;U\/B Shockland&#8221; es una carta obvia, as\u00ed como &#8220;Temple of B\/G&#8221;, no necesito mirar el mazo para saber qu\u00e9 cartas son. Lo mismo con &#8220;Bob&#8221;. &#8220;Goyf&#8221; es m\u00e1s arriesgado, pero el autor cree que es suficientemente obvio.<\/span><\/i><\/p>\n<p><i><span style=\"font-weight: 400\">\u00bfY qu\u00e9 ocurre en la situaci\u00f3n en la que el jugador escribe el nombre incorrecto de la carta?, como <a href=\"https:\/\/blogs.magicjudges.org\/rules\/wp-content\/plugins\/lems-mtg-helper\/lems-mtg-helper-cardfinder.php?find=Templo+del+padecimiento&width=223&height=310\" class=\"jTip\" name=\"\">Templo del padecimiento<\/a> en un mazo negro-rojo que f\u00edsicamente contiene <a href=\"https:\/\/blogs.magicjudges.org\/rules\/wp-content\/plugins\/lems-mtg-helper\/lems-mtg-helper-cardfinder.php?find=Templo+de+la+malicia&width=223&height=310\" class=\"jTip\" name=\"\">Templo de la malicia<\/a>, y es descubierto durante una revisi\u00f3n de mazo. \u00bfEs un error de escritura? Probablemente. \u00bfEs obvio que quiere decir Templo de la malicia? No mirando s\u00f3lo la lista del mazo. As\u00ed que en este escenario no se podr\u00eda aplicar la reducci\u00f3n.<\/span><\/i><\/p>\n<p><i><span style=\"font-weight: 400\"><span class='judge-tooltip'><a href='https:\/\/apps.magicjudges.org\/judges\/dci\/40645391' >Toby Elliott<\/a><span class='avatar'><img width='200' height='200' src='https:\/\/apps.magicjudges.org\/dci\/avatar?dci=40645391&size=200'><\/span><\/span> escribi\u00f3 una maravillosa entrada en su blog detallando<\/span><\/i><a href=\"http:\/\/blogs.magicjudges.org\/telliott\/2014\/05\/27\/of-course-they-do-it-must-be-obvious\/\"> <i><span style=\"font-weight: 400\">qu\u00e9 es y qu\u00e9 no es considerado &#8220;obvio&#8221;<\/span><\/i><\/a><i><span style=\"font-weight: 400\">.<\/span><\/i><span style=\"font-weight: 400\"><\/div><\/span><\/p>\n<h2><b>Soluci\u00f3n adicional<\/b><\/h2>\n<p><span style=\"font-weight: 400\">Si la lista de mazo contiene cartas ilegales, remu\u00e9velas.<\/span><\/p>\n<p><span style=\"font-weight: 400\"><div class=\"alert alert-info\" role=\"alert\"> <\/span><i><span style=\"font-weight: 400\">Los pasos para la soluci\u00f3n se realizan en orden. La primera cosa que quieres es remover las cartas ilegales de la lista. Si las cartas ilegales est\u00e1n tambi\u00e9n en el mazo, remu\u00e9velas tambi\u00e9n de all\u00ed.<\/span><\/i><span style=\"font-weight: 400\"><\/div><\/span><\/p>\n<p><span style=\"font-weight: 400\">Altera la lista de mazo para que coincida con el mazo que el jugador est\u00e1 jugando.<\/span><\/p>\n<p><span style=\"font-weight: 400\"><div class=\"alert alert-info\" role=\"alert\"> <\/span><i><span style=\"font-weight: 400\">Para arreglar el error, queremos asegurarnos de que el jugador est\u00e1 jugando lo que pretend\u00eda jugar, no forzamos que el mazo coincida con la lista, sino que alteramos la lista para reflejar el contenido del mazo. El mazo que el jugador ha presentado es frecuentemente lo que pretende jugar.[<\/span><\/i><span style=\"font-weight: 400\">\/alert]<\/span><\/p>\n<p><span style=\"font-weight: 400\">Si el mazo\/sideboard y la lista de mazo violan ambos una restricci\u00f3n m\u00e1xima de cartas (normalmente demasiadas cartas en un sideboard, m\u00e1s de cuatro de una carta, o la misma carta en dos mazos en el formato Construido Unificado), quita las cartas seg\u00fan indicaciones del jugador para que la lista de mazo sea legal.<\/span><\/p>\n<p><span style=\"font-weight: 400\"><i>En este caso es necesario remover cartas de la lista. El jugador decide qu\u00e9 cartas remover para que las cantidades sean correctas. En el caso de formatos Construidos por Equipos, el equipo puede decidir que jugador necesita cambiar su lista. El resultado de esto es que el jugador que cambio la lista reciba una P\u00e9rdida de Juego. Los jugadores pueden debatir sobre esto, pero esta decisi\u00f3n no deber\u00eda tomar demasiado tiempo. Esto puede llevar a \u201cdiscusiones estrat\u00e9gicas\u201d, pero es una consecuencia aceptable<\/i><\/span><i><span style=\"font-weight: 400\">.<\/span><\/i><span style=\"font-weight: 400\"><\/div><\/span><\/p>\n<p><span style=\"font-weight: 400\">Si el mazo contiene demasiado pocas cartas, el jugador elige agregar cualquier combinaci\u00f3n de cartas llamadas Llanura, Isla, Pantano, Monta\u00f1a o Bosque hasta alcanzar el m\u00ednimo. Modifica la lista de mazo para reflejar esto.\u00a0<\/span><\/p>\n<p><span style=\"font-weight: 400\"><div class=\"alert alert-info\" role=\"alert\"> <\/span><i><span style=\"font-weight: 400\">Aunque algunos mazos se podr\u00edan jugar con menos cartas, otros no llegar\u00e1n a la cantidad m\u00ednima necesaria tras remover las cartas ilegales. Adem\u00e1s, el jugador puede no ser capaz de encontrar reemplazos para las cartas perdidas. Para solucionar esos problemas, los jueces pueden a\u00f1adir Llanuras, Islas, Pantanos, Monta\u00f1as y Bosques a elecci\u00f3n del jugador a su mazo, para que sea un mazo jugable. Debido a que algunos formatos tienen restricciones especiales sobre tierras b\u00e1sicas nevadas y Yermos, y a que su disponibilidad no est\u00e1 garantizada, no est\u00e1n permitidos.<\/span><\/i><span style=\"font-weight: 400\"><\/div><\/span><\/p>\n<p>Estos cambios pueden ser revertidos sin penalizaci\u00f3n si el jugador luego puede encontrar reemplazos id\u00e9nticos para las cartas originales legales.<\/p>\n<p><span style=\"font-weight: 400\"><div class=\"alert alert-info\" role=\"alert\"> <\/span><i><span style=\"font-weight: 400\">Si las cartas perdidas son encontradas, est\u00e1 bien remover las tierras b\u00e1sicas adicionales y permitir al jugador jugar con las cartas que deber\u00edan estar en su mazo.<\/span><\/i><span style=\"font-weight: 400\"><\/div><\/span><\/p>\n","protected":false},"excerpt":{"rendered":"<p>Definici\u00f3n La lista de mazo es ilegal, no se corresponde con lo que el jugador planea jugar, o necesita ser modificada porque se perdi\u00f3 una carta durante el transcurso del torneo. Esta infracci\u00f3n no cubre los errores en el registro hechos por otro participante antes del intercambio del conjunto de cartas de mazo cerrado. Esos [&hellip;]<\/p>\n","protected":false},"author":243,"featured_media":0,"parent":4313,"menu_order":0,"comment_status":"closed","ping_status":"closed","template":"","meta":{"footnotes":"","_links_to":"","_links_to_target":""},"language":[8],"class_list":["post-6952","page","type-page","status-publish","hentry","language-es"],"_links":{"self":[{"href":"https:\/\/blogs.magicjudges.org\/rules\/wp-json\/wp\/v2\/pages\/6952","targetHints":{"allow":["GET"]}}],"collection":[{"href":"https:\/\/blogs.magicjudges.org\/rules\/wp-json\/wp\/v2\/pages"}],"about":[{"href":"https:\/\/blogs.magicjudges.org\/rules\/wp-json\/wp\/v2\/types\/page"}],"author":[{"embeddable":true,"href":"https:\/\/blogs.magicjudges.org\/rules\/wp-json\/wp\/v2\/users\/243"}],"replies":[{"embeddable":true,"href":"https:\/\/blogs.magicjudges.org\/rules\/wp-json\/wp\/v2\/comments?post=6952"}],"version-history":[{"count":6,"href":"https:\/\/blogs.magicjudges.org\/rules\/wp-json\/wp\/v2\/pages\/6952\/revisions"}],"predecessor-version":[{"id":8570,"href":"https:\/\/blogs.magicjudges.org\/rules\/wp-json\/wp\/v2\/pages\/6952\/revisions\/8570"}],"up":[{"embeddable":true,"href":"https:\/\/blogs.magicjudges.org\/rules\/wp-json\/wp\/v2\/pages\/4313"}],"wp:attachment":[{"href":"https:\/\/blogs.magicjudges.org\/rules\/wp-json\/wp\/v2\/media?parent=6952"}],"wp:term":[{"taxonomy":"language","embeddable":true,"href":"https:\/\/blogs.magicjudges.org\/rules\/wp-json\/wp\/v2\/language?post=6952"}],"curies":[{"name":"wp","href":"https:\/\/api.w.org\/{rel}","templated":true}]}}