{"id":7312,"date":"2018-01-05T15:24:57","date_gmt":"2018-01-05T12:24:57","guid":{"rendered":"http:\/\/blogs.magicjudges.org\/rules\/?page_id=7312"},"modified":"2018-01-05T15:24:57","modified_gmt":"2018-01-05T12:24:57","slug":"mtr5-6-de","status":"publish","type":"page","link":"https:\/\/blogs.magicjudges.org\/rules\/mtr5-6-de\/","title":{"rendered":"MTR 5.6 Hilfe von Au\u00dfen"},"content":{"rendered":"<div>W\u00e4hrend eines Matches d\u00fcrfen die Spieler nicht um Spieltipps von Zuschauern bitten und die Zuschauer d\u00fcrfen den Spielern keine Spieltipps geben.<\/div>\n<div><\/div>\n<div>W\u00e4hrend des Deckbaus d\u00fcrfen weder Spieler noc h Zuschauer einem Spieler Ratschl\u00e4ge geben oder Anmerkungen machen, bis die Deckliste des Spielers abgegeben wurde.<\/div>\n<div><\/div>\n<div>Von der Ank\u00fcndigung der Draft &#8211; Pods bis zum Ende des Drafts d\u00fcrfen die Spieler und Zuschauer keine<\/div>\n<div>Informationen \u00fcber die Kartenauswahl im Dr afts oder die Strategien geben. Auf Competitive und Professional REL wird von Spielern und Zuschauern erwartet, dass sie w\u00e4hrend des Drafts still sind.<\/div>\n<div><\/div>\n<div>Manche dieser Einschr\u00e4nkungen k\u00f6nnen f\u00fcr die Berichterstattung aufgehoben werden; in solchen F\u00e4llen werd en die Spieler \u00fcber die ge\u00e4nderten Rahmenbedingungen informiert. Mitglieder desselben Teams sind in bestimmten Team &#8211; Turnieren ebenfalls von diesen Einschr\u00e4nkungen ausgenommen (<a href=\"http:\/\/blogs.magicjudges.org\/rules\/mtr4-5-de\/\">siehe Abschnitt 4.5<\/a>).<\/div>\n","protected":false},"excerpt":{"rendered":"<p>W\u00e4hrend eines Matches d\u00fcrfen die Spieler nicht um Spieltipps von Zuschauern bitten und die Zuschauer d\u00fcrfen den Spielern keine Spieltipps geben. W\u00e4hrend des Deckbaus d\u00fcrfen weder Spieler noc h Zuschauer einem Spieler Ratschl\u00e4ge geben oder Anmerkungen machen, bis die Deckliste des Spielers abgegeben wurde. Von der Ank\u00fcndigung der Draft &#8211; Pods bis zum Ende des [&hellip;]<\/p>\n","protected":false},"author":28,"featured_media":0,"parent":0,"menu_order":0,"comment_status":"closed","ping_status":"closed","template":"","meta":{"footnotes":"","_links_to":"","_links_to_target":""},"language":[12],"class_list":["post-7312","page","type-page","status-publish","hentry","language-de"],"_links":{"self":[{"href":"https:\/\/blogs.magicjudges.org\/rules\/wp-json\/wp\/v2\/pages\/7312","targetHints":{"allow":["GET"]}}],"collection":[{"href":"https:\/\/blogs.magicjudges.org\/rules\/wp-json\/wp\/v2\/pages"}],"about":[{"href":"https:\/\/blogs.magicjudges.org\/rules\/wp-json\/wp\/v2\/types\/page"}],"author":[{"embeddable":true,"href":"https:\/\/blogs.magicjudges.org\/rules\/wp-json\/wp\/v2\/users\/28"}],"replies":[{"embeddable":true,"href":"https:\/\/blogs.magicjudges.org\/rules\/wp-json\/wp\/v2\/comments?post=7312"}],"version-history":[{"count":1,"href":"https:\/\/blogs.magicjudges.org\/rules\/wp-json\/wp\/v2\/pages\/7312\/revisions"}],"predecessor-version":[{"id":7313,"href":"https:\/\/blogs.magicjudges.org\/rules\/wp-json\/wp\/v2\/pages\/7312\/revisions\/7313"}],"wp:attachment":[{"href":"https:\/\/blogs.magicjudges.org\/rules\/wp-json\/wp\/v2\/media?parent=7312"}],"wp:term":[{"taxonomy":"language","embeddable":true,"href":"https:\/\/blogs.magicjudges.org\/rules\/wp-json\/wp\/v2\/language?post=7312"}],"curies":[{"name":"wp","href":"https:\/\/api.w.org\/{rel}","templated":true}]}}