{"id":7427,"date":"2018-01-11T00:23:01","date_gmt":"2018-01-10T21:23:01","guid":{"rendered":"http:\/\/blogs.magicjudges.org\/rules\/?page_id=7427"},"modified":"2018-01-11T00:23:01","modified_gmt":"2018-01-10T21:23:01","slug":"mtr3-3-pt","status":"publish","type":"page","link":"https:\/\/blogs.magicjudges.org\/rules\/mtr3-3-pt\/","title":{"rendered":"MTR 3.3 Cards autorizados"},"content":{"rendered":"<p><span style=\"font-weight: 400\">Jogadores podem usar quaisquer Cards de Jogo autorizados das expans\u00f5es de Magic: The Gathering, cole\u00e7\u00f5es b\u00e1sicas, cole\u00e7\u00f5es especiais, suplementos e impress\u00f5es promocionais. Cards de Jogo autorizados s\u00e3o cards que, n\u00e3o alterados, re\u00fanam as seguintes condi\u00e7\u00f5es:<\/span><\/p>\n<p>&nbsp;<\/p>\n<ul>\n<li><span style=\"font-weight: 400\"> O card \u00e9 genu\u00edno e publicado pela Wizards of the Coast.<\/span><\/li>\n<\/ul>\n<p><span style=\"font-weight: 400\"><div class=\"alert alert-info\" role=\"alert\"> \u00c9 importante lembrar que cards falsos de Magic existem. Normalmente, esses cards podem ser identificados como falsos sob exame minucioso. Se esses cards s\u00e3o encontrados em uso em um torneio, eles n\u00e3o devem continuar a serem utilizados. Al\u00e9m disso, o jogador utilizando o card pode n\u00e3o perceber que s\u00e3o falsos, ent\u00e3o al\u00e9m de alertar que ele est\u00e1 utilizando e que devem ser substitu\u00eddos, n\u00f3s, como ju\u00edzes, n\u00e3o devemos tomar qualquer a\u00e7\u00e3o seguinte a menos que n\u00f3s acreditemos que ele sabia e utilizava os cards intencionalmente.<\/span><\/p>\n<p><span style=\"font-weight: 400\">Al\u00e9m disso, Oficiais do Torneio n\u00e3o tem autoridade legal de confiscar cards falsos e n\u00e3o devem tentar fazer. Interromper seu uso \u00e9 suficiente.<\/div><\/span><\/p>\n<ul>\n<li><span style=\"font-weight: 400\"> O card tem um verso padr\u00e3o de Magic, \u00e9 um card dupla-face ou \u00e9 um card que \u00e9 parte de um par que se funde.<\/span><\/li>\n<\/ul>\n<p><span style=\"font-weight: 400\"><div class=\"alert alert-info\" role=\"alert\"> Artist proofs s\u00e3o impressas pela Wizards of the Coast, mas n\u00e3o tem o fundo padr\u00e3o de card de Magic. Eles s\u00e3o portanto ilegais para jogo em torneio.<\/div><\/span><\/p>\n<ul>\n<li><span style=\"font-weight: 400\"> O card n\u00e3o tem cantos quadrados.<\/span><\/li>\n<\/ul>\n<p><span style=\"font-weight: 400\"><div class=\"alert alert-info\" role=\"alert\"> Cards de Collector&#8217;s\u2019 Edition tem borda preta na face, mas n\u00e3o tem bordas arredondadas e possuem uma borda dourada no fundo. Esses cards n\u00e3o s\u00e3o legais para uso em torneio. Al\u00e9m disso, folhas de cards sem ser cortadas s\u00e3o algumas vezes cortadas para uso. \u00c9 importante que esse card tenha a mesma borda que todos os outros cards.<\/div><\/span><\/p>\n<ul>\n<li><span style=\"font-weight: 400\"> O card n\u00e3o tem bordas prateadas ou sem borda estruturada<\/span><\/li>\n<\/ul>\n<p><span style=\"font-weight: 400\"><div class=\"alert alert-info\" role=\"alert\"> Cards de Unglued e Unhinged tem bordas prateadas com um fund similar ao de um card comum de Magic. Esses n\u00e3o s\u00e3o cards legais para jogo. Cards de borda dourada tamb\u00e9m existem, e eles n\u00e3o tem o fundo padr\u00e3o de card de Magic.<\/div><\/span><\/p>\n<ul>\n<li><span style=\"font-weight: 400\"> O card n\u00e3o \u00e9 um card de ficha.<\/span><\/li>\n<\/ul>\n<p><span style=\"font-weight: 400\"><div class=\"alert alert-info\" role=\"alert\"> Fichas s\u00e3o utilizadas para representar objetos que n\u00e3o existem como cards de Magic normais. Apesar de fichas oficiais de Magic existirem, n\u00e3o \u00e9 necess\u00e1rio que elas sejam utilizadas em partidas do torneio.<\/div><\/span><\/p>\n<ul>\n<li><span style=\"font-weight: 400\"> O card n\u00e3o est\u00e1 danificado ou modificado de uma forma que possa torn\u00e1-lo marcado.<\/span><\/li>\n<\/ul>\n<p><span style=\"font-weight: 400\"><div class=\"alert alert-info\" role=\"alert\"> Cards significantemente amassados podem ser distinguidos de outros de um grim\u00f3rio, mesmo em protectors. Al\u00e9m disso, cards alterados podem ser mais grossos que outros cards do deck, dependendo do m\u00e9todo utilizado para alterar o card. Se qualquer card puder ser distinguido dos outros cards no deck sem ser necess\u00e1rio ver sua fronte, ent\u00e3o esses cards n\u00e3o s\u00e3o legais para jogo em torneio.<\/div><\/span><\/p>\n<ul>\n<li><span style=\"font-weight: 400\"> O card \u00e9 permitido para o torneio conforme definido pelo formato.<\/span><\/li>\n<\/ul>\n<p><span style=\"font-weight: 400\"><div class=\"alert alert-info\" role=\"alert\"> Os cards sendo jogados no deck devem ser de uma edi\u00e7\u00e3o que seja legal no formato, mesmo que a impress\u00e3o seja de uma edi\u00e7\u00e3o antiga e ilegal. Por exemplo, \u00e9 legal utilizar a vers\u00e3o de Stronghold de Fuga de Mana no Modern, mesmo que Stronghold n\u00e3o seja legal no formato.<\/div><\/span><\/p>\n<p><span style=\"font-weight: 400\">O Juiz-mor de um torneio pode providenciar um card substituto (consulte se\u00e7\u00e3o 3.4) para um card que ficou gasto ou danificado durante o torneio.<\/span><\/p>\n<p><span style=\"font-weight: 400\"><div class=\"alert alert-info\" role=\"alert\"> Detalhes adicionais sobre proxies pode ser encontrado na se\u00e7\u00e3o 3.4 do MTR, mas \u00e9 importante notar que uma proxy pode ser apenas entregue pelo Juiz Mor do evento, e deve apenas ser feita no caso de um card danificado no decorrer do torneio, ou de um produto limitado danificado\/com erro de impress\u00e3o. O original danificado deve ser mantido perto da \u00e1rea do jogo, e substituir a proxy quando o card estiver na pilha ou em campo.<\/div><\/span><\/p>\n<p><span style=\"font-weight: 400\">Quaisquer outros cards que n\u00e3o sejam cards autorizados s\u00e3o proibidos em todos os torneios sancionados<\/span><\/p>\n<p><span style=\"font-weight: 400\"><div class=\"alert alert-info\" role=\"alert\"> Qualquer card que n\u00e3o atende o crit\u00e9rio acima, incluindo proxy feitas em casa, n\u00e3o podem ser utilizado em um torneio que \u00e9 sancionado por uma loja WPN. Apesar de existirem eventos que permitem proxy (geralmente Vintage, Legacy e Commander), esses eventos n\u00e3o devem ser feitos como um torneio sancionado com o software WER de reporte.<\/div><\/span><\/p>\n<p><span style=\"font-weight: 400\">Cards de terrenos b\u00e1sicos de Unglued e Unhinged s\u00e3o autorizados em torneios sancionados de Magic.<\/span><\/p>\n<p><span style=\"font-weight: 400\"><div class=\"alert alert-info\" role=\"alert\"> Apesar da maior parte das impress\u00f5es de Unglued e Unhinged serem feitas com borda prateada, os terrenos b\u00e1sicos foram impressos com bordas pretas tradicionais. Eles podem ser utilizados em qualquer torneio sancionado.<\/div><\/span><\/p>\n<p><span style=\"font-weight: 400\">Os jogadores podem usar cards de Alpha somente se o deck estiver em protetores opacos.<\/span><\/p>\n<p><span style=\"font-weight: 400\"><div class=\"alert alert-info\" role=\"alert\"> Cards de Alpha tem bordas que s\u00e3o significantemente mais arredondados que cards de Beta em diante. Eles podem facilmente ser distinguidos de outros cards do deck se o sleeve for transl\u00facido.<\/div><\/span><\/p>\n<p><span style=\"font-weight: 400\">Jogadores podem usar cards autorizados que n\u00e3o estejam em ingl\u00eas e\/ou com erros de impress\u00e3o, desde que n\u00e3o utilizados para obter vantagem por conter textos ou imagens incompletas. Cards promocionais sem texto oficiais s\u00e3o autorizadas em torneios de Magic em que elas deveriam ser de outras formas permitidas.<\/span><\/p>\n<p><span style=\"font-weight: 400\"><div class=\"alert alert-info\" role=\"alert\"> N\u00e3o \u00e9 necess\u00e1rio que jogadores joguem com cards que s\u00e3o impressos na l\u00edngua nativa da \u00e1rea em que o torneio est\u00e1 sendo jogado. \u00a0Se um jogador precisa saber o que um card faz, tanto por estar em uma l\u00edngua que ele \u00e9 incapaz de ler, ou por ser uma impress\u00e3o sem texto, ele pode chamar o juiz perguntar pelo texto do Oracle. Existem alguns famosos erros de impress\u00e3o em que a arte \u00e9 diferente do card comum. Por exemplo, a vers\u00e3o em alem\u00e3o de Revised tem uma Floresta (Wald) com arte de plan\u00edcie. Esses cards, apesar de uma interessante curiosidade, criam situa\u00e7\u00f5es amb\u00edguas e confusas e portanto n\u00e3o devem ser utilizados em torneio.<\/div><\/span><\/p>\n<p><span style=\"font-weight: 400\">Modifica\u00e7\u00f5es art\u00edsticas s\u00e3o aceit\u00e1veis em torneios sancionados, desde que as modifica\u00e7\u00f5es n\u00e3o tornem a arte do card irreconhec\u00edvel, contenha dicas estrat\u00e9gicas substanciais ou contenha imagens ofensivas. Modifica\u00e7\u00f5es art\u00edsticas tamb\u00e9m n\u00e3o podem obstruir ou alterar o custo de mana ou o nome do card.<\/span><\/p>\n<p><span style=\"font-weight: 400\"><div class=\"alert alert-info\" role=\"alert\"> O Juiz Mor de um evento pode decidir permitir ou n\u00e3o qualquer card alterado, mas \u00e9 importante manter as orienta\u00e7\u00f5es acima em mente. Se a arte ainda \u00e9 reconhec\u00edvel, o nome e custo de mana n\u00e3o est\u00e3o obstru\u00eddos, e o card n\u00e3o \u00e9 distingu\u00edvel de nenhum outro card enquanto em uma zona oculta, ent\u00e3o ele pode ser permitido. A potencial ofensividade de uma altera\u00e7\u00e3o \u00e9 uma \u00e1rea mais subjetiva, e deve ter uma abordagem mais conservadora.<\/div><\/span><\/p>\n<p><span style=\"font-weight: 400\">O Juiz-Mor \u00e9 a autoridade final em cards autorizados para um torneio.<\/span><\/p>\n<p><span style=\"font-weight: 400\"><div class=\"alert alert-info\" role=\"alert\"> Para garantir consist\u00eancia em qualquer torneio, o Juiz Mor \u00e9 o \u00fanico a decidir a legalidade de um card. \u00c9 uma boa pr\u00e1tica que jogadores donos de cards alterados obtenham autoriza\u00e7\u00e3o quanto aos cards antes do come\u00e7o do torneio.<\/div><\/span><\/p>\n<p><span style=\"font-weight: 400\">Se for requisitado a um jogador que substitua um card de seu deck e ele for incapaz de achar um substituto, o jogador pode substituir o card por um card de nome Plan\u00edcie, P\u00e2ntano, Ilha, Montanha ou Floresta de sua escolha. Isso tamb\u00e9m se aplica a cards que foram perdidos e devem ser substitu\u00eddos para tornar um deck v\u00e1lido.<\/span><\/p>\n<p><span style=\"font-weight: 400\"><div class=\"alert alert-info\" role=\"alert\"> Nunca atribua proxies para cards marcados, a menos que seja um evento de formato limitado e o card tenha sido aberto marcado. Foils em um ambiente \u00famido algumas vezes est\u00e3o marcadas ao sair do booster. Note que cards perdidos do sideboard n\u00e3o s\u00e3o necess\u00e1rios de serem substitu\u00eddos por terrenos b\u00e1sicos. O jogador pode reverter para configura\u00e7\u00e3o original se substitutos aceit\u00e1veis forem encontrados mais tarde no evento. Por favor note que Ermos e terrenos nevados n\u00e3o s\u00e3o terrenos aceit\u00e1veis para substitui\u00e7\u00e3o.<\/div><\/span><\/p>\n","protected":false},"excerpt":{"rendered":"<p>Jogadores podem usar quaisquer Cards de Jogo autorizados das expans\u00f5es de Magic: The Gathering, cole\u00e7\u00f5es b\u00e1sicas, cole\u00e7\u00f5es especiais, suplementos e impress\u00f5es promocionais. Cards de Jogo autorizados s\u00e3o cards que, n\u00e3o alterados, re\u00fanam as seguintes condi\u00e7\u00f5es: &nbsp; O card \u00e9 genu\u00edno e publicado pela Wizards of the Coast. O card tem um verso padr\u00e3o de Magic, [&hellip;]<\/p>\n","protected":false},"author":249,"featured_media":0,"parent":0,"menu_order":0,"comment_status":"closed","ping_status":"closed","template":"","meta":{"footnotes":"","_links_to":"","_links_to_target":""},"language":[13],"class_list":["post-7427","page","type-page","status-publish","hentry","language-pt_br"],"_links":{"self":[{"href":"https:\/\/blogs.magicjudges.org\/rules\/wp-json\/wp\/v2\/pages\/7427","targetHints":{"allow":["GET"]}}],"collection":[{"href":"https:\/\/blogs.magicjudges.org\/rules\/wp-json\/wp\/v2\/pages"}],"about":[{"href":"https:\/\/blogs.magicjudges.org\/rules\/wp-json\/wp\/v2\/types\/page"}],"author":[{"embeddable":true,"href":"https:\/\/blogs.magicjudges.org\/rules\/wp-json\/wp\/v2\/users\/249"}],"replies":[{"embeddable":true,"href":"https:\/\/blogs.magicjudges.org\/rules\/wp-json\/wp\/v2\/comments?post=7427"}],"version-history":[{"count":1,"href":"https:\/\/blogs.magicjudges.org\/rules\/wp-json\/wp\/v2\/pages\/7427\/revisions"}],"predecessor-version":[{"id":7431,"href":"https:\/\/blogs.magicjudges.org\/rules\/wp-json\/wp\/v2\/pages\/7427\/revisions\/7431"}],"wp:attachment":[{"href":"https:\/\/blogs.magicjudges.org\/rules\/wp-json\/wp\/v2\/media?parent=7427"}],"wp:term":[{"taxonomy":"language","embeddable":true,"href":"https:\/\/blogs.magicjudges.org\/rules\/wp-json\/wp\/v2\/language?post=7427"}],"curies":[{"name":"wp","href":"https:\/\/api.w.org\/{rel}","templated":true}]}}