{"id":7433,"date":"2018-01-11T00:25:31","date_gmt":"2018-01-10T21:25:31","guid":{"rendered":"http:\/\/blogs.magicjudges.org\/rules\/?page_id=7433"},"modified":"2018-01-11T00:25:31","modified_gmt":"2018-01-10T21:25:31","slug":"mtr3-5-pt","status":"publish","type":"page","link":"https:\/\/blogs.magicjudges.org\/rules\/mtr3-5-pt\/","title":{"rendered":"MTR 3.5 Cards Curinga"},"content":{"rendered":"<p><span style=\"font-weight: 400\">Cards curinga oficiais s\u00e3o usados para representar cards dupla face. Somente cards curinga oficiais podem ser usados para representar cards dupla face em um deck. <\/span><\/p>\n<p><span style=\"font-weight: 400\"><div class=\"alert alert-info\" role=\"alert\"> \u00c9 uma responsabilidade do jogador ter checklist cards ou sleeves apropriados. Um juiz n\u00e3o deve criar proxies para representar um checklist card a menos que o card original tenha sido danificado ao decorrer do torneio.<\/div><\/span><\/p>\n<p><span style=\"font-weight: 400\">O uso de cards curinga \u00e9 necess\u00e1rio se um jogador tem cards dupla face no seu deck e n\u00e3o faz uso de protetores completamente opacos. <\/span><\/p>\n<p><span style=\"font-weight: 400\"><div class=\"alert alert-info\" role=\"alert\"> A maneira mais f\u00e1cil de conferir o qu\u00e3o opaco \u00e9 um sleeve \u00e9 buscar pelo s\u00edmbolo de mana branca em um card que n\u00e3o \u00e9 dupla face.<\/div><\/span><\/p>\n<p><span style=\"font-weight: 400\">Se um jogador usa um card curinga para representar um card dupla face de seu deck, ent\u00e3o todas as c\u00f3pias daquele card dupla face do deck devem ser representados por cards curinga, e qualquer c\u00f3pia desse card dupla face em uma zona escondida s\u00e3o consideradas inexistentes para fins de determina\u00e7\u00e3o da legalidade do deck. <\/span><\/p>\n<p><span style=\"font-weight: 400\"><div class=\"alert alert-info\" role=\"alert\"> Se um jogador acidentalmente embaralha seus cards dupla face no seu deck junto com o checklist card, n\u00f3s tratamos da mesma maneira que removeriamos uma ficha embaralhada, sem atribuir uma puni\u00e7\u00e3o. Perceba que isso tamb\u00e9m significa que voc\u00ea deve conferir que se um jogador tem diferentes cards dupla face embaralhados juntos.<\/div><\/span><\/p>\n<p><span style=\"font-weight: 400\">Cada card curinga usado deve ter um (e apenas um) dos itens marcados. <\/span><\/p>\n<p><span style=\"font-weight: 400\"><div class=\"alert alert-info\" role=\"alert\"> Alguns jogadores ir\u00e3o preencher todas as caixas exceto a do card que est\u00e1 sendo representado. Qualquer maneira de fazer com que o card representado seja claro \u00e9 aceit\u00e1vel.<\/div><\/span><\/p>\n<p><span style=\"font-weight: 400\">O card curinga s\u00f3 \u00e9 utilizado enquanto o card que ele representa est\u00e1 em uma zona que n\u00e3o seja p\u00fablica. O card representado por um card de curinga n\u00e3o \u00e9 um card de Magic utiliz\u00e1vel at\u00e9 que o card curinga seja colocado numa zona p\u00fablica. V\u00e1rios cards curinga n\u00e3o podem ser utilizados para representar uma \u00fanica c\u00f3pia do card real. Para cada card de curinga utilizado, o jogador deve ter uma c\u00f3pia do card real dispon\u00edvel, embora eles n\u00e3o sejam considerados cards da reserva de cards e n\u00e3o sejam apresentados ao seu oponente.<\/span><\/p>\n<p><span style=\"font-weight: 400\"><div class=\"alert alert-info\" role=\"alert\"> Quando o card real est\u00e1 em jogo, ele deve ser colocado sob o checklist card. Conferir se o jogador tem um n\u00famero de cards reais equivalentes a sua quantidade de checklist card durante checagens de deck \u00e9 muito importante.<\/div><\/span><\/p>\n","protected":false},"excerpt":{"rendered":"<p>Cards curinga oficiais s\u00e3o usados para representar cards dupla face. Somente cards curinga oficiais podem ser usados para representar cards dupla face em um deck. O uso de cards curinga \u00e9 necess\u00e1rio se um jogador tem cards dupla face no seu deck e n\u00e3o faz uso de protetores completamente opacos. Se um jogador usa um [&hellip;]<\/p>\n","protected":false},"author":249,"featured_media":0,"parent":0,"menu_order":0,"comment_status":"closed","ping_status":"closed","template":"","meta":{"footnotes":"","_links_to":"","_links_to_target":""},"language":[13],"class_list":["post-7433","page","type-page","status-publish","hentry","language-pt_br"],"_links":{"self":[{"href":"https:\/\/blogs.magicjudges.org\/rules\/wp-json\/wp\/v2\/pages\/7433","targetHints":{"allow":["GET"]}}],"collection":[{"href":"https:\/\/blogs.magicjudges.org\/rules\/wp-json\/wp\/v2\/pages"}],"about":[{"href":"https:\/\/blogs.magicjudges.org\/rules\/wp-json\/wp\/v2\/types\/page"}],"author":[{"embeddable":true,"href":"https:\/\/blogs.magicjudges.org\/rules\/wp-json\/wp\/v2\/users\/249"}],"replies":[{"embeddable":true,"href":"https:\/\/blogs.magicjudges.org\/rules\/wp-json\/wp\/v2\/comments?post=7433"}],"version-history":[{"count":1,"href":"https:\/\/blogs.magicjudges.org\/rules\/wp-json\/wp\/v2\/pages\/7433\/revisions"}],"predecessor-version":[{"id":7436,"href":"https:\/\/blogs.magicjudges.org\/rules\/wp-json\/wp\/v2\/pages\/7433\/revisions\/7436"}],"wp:attachment":[{"href":"https:\/\/blogs.magicjudges.org\/rules\/wp-json\/wp\/v2\/media?parent=7433"}],"wp:term":[{"taxonomy":"language","embeddable":true,"href":"https:\/\/blogs.magicjudges.org\/rules\/wp-json\/wp\/v2\/language?post=7433"}],"curies":[{"name":"wp","href":"https:\/\/api.w.org\/{rel}","templated":true}]}}