{"id":7440,"date":"2018-01-11T00:40:19","date_gmt":"2018-01-10T21:40:19","guid":{"rendered":"http:\/\/blogs.magicjudges.org\/rules\/?page_id=7440"},"modified":"2018-01-11T00:40:19","modified_gmt":"2018-01-10T21:40:19","slug":"mtr3-9-pt","status":"publish","type":"page","link":"https:\/\/blogs.magicjudges.org\/rules\/mtr3-9-pt\/","title":{"rendered":"MTR 3.9 Embaralhamento de cards"},"content":{"rendered":"<p><span style=\"font-weight: 400\">Os decks devem ser embaralhados no in\u00edcio de cada jogo e sempre que uma instru\u00e7\u00e3o requerer isso. Embaralhamento \u00e9 definido como trazer o deck a um estado em que nenhum jogador pode ter qualquer informa\u00e7\u00e3o sobre a ordem ou a posi\u00e7\u00e3o de cards em qualquer parte do deck.<\/span><\/p>\n<p><span style=\"font-weight: 400\"><div class=\"alert alert-info\" role=\"alert\"> A frase \u201cordem ou posi\u00e7\u00e3o\u201d \u00e9 a chave. Um baralho que esteja \u201cmanado\u201d n\u00e3o \u00e9 aleat\u00f3rio, mesmo que que o jogador n\u00e3o tenha informa\u00e7\u00e3o sobre a posi\u00e7\u00e3o de um card espec\u00edfico, ele tem a informa\u00e7\u00e3o da ordem dos cards (que \u00e9 terreno-m\u00e1gica-terreno-m\u00e1gica). Tamb\u00e9m \u00e9 importante que o jogador n\u00e3o deveria saber nenhuma informa\u00e7\u00e3o de onde o card est\u00e1, at\u00e9 mesmo em qual metade do deck ele est\u00e1.<\/div><\/span><\/p>\n<p><span style=\"font-weight: 400\">Embaralhar por pilhas n\u00e3o pode ser executado al\u00e9m de uma vez no in\u00edcio de um jogo para contar os cards do deck.<\/span><\/p>\n<p><span style=\"font-weight: 400\"><div class=\"alert alert-info\" role=\"alert\"> Pile shuffling \u00e9 completamente n\u00e3o-aleat\u00f3rio, j\u00e1 que cards individualmente podem ser rastreados por serem embaralhados em uma ordem pr\u00e9-determinada. Um \u00fanico pile shuffle pode ajudar jogadores a contar seus baralhos e encontrar cards grudados ou perdidos, mas mais de um pile shuffle n\u00e3o contribui para tornar o baralho aleat\u00f3rio e constitui Jogo Lento. Uma vez que o jogo tenha come\u00e7ado, a utilidade de contar o baralho se foi em sua maior parte. Dessa maneira, um \u00fanico pile shuffle no come\u00e7o do jogo \u00e9 permitido, mas n\u00e3o em qualquer outra vez. Por favor lembre quando aplicar o IPG que h\u00e1bitos s\u00e3o dif\u00edceis de quebrar, e um \u00fanico aviso pode ser adequado para a primeira vez.<\/div><\/span><\/p>\n<p><span style=\"font-weight: 400\">Uma vez que o deck \u00e9 embaralhado, deve ser apresentado a um advers\u00e1rio. Por essa a\u00e7\u00e3o, os jogadores afirmam que seus decks s\u00e3o legais e aleat\u00f3rios. O advers\u00e1rio pode ent\u00e3o embaralh\u00e1-lo adicionalmente. Cards e protetores n\u00e3o devem correr o perigo de serem danificados durante este processo.<\/span><\/p>\n<p><span style=\"font-weight: 400\"><div class=\"alert alert-info\" role=\"alert\"> O baralho deve estar completamente aleat\u00f3rio quando apresentado ao oponente, e o oponente embaralhar n\u00e3o \u00e9 imposto para deixar o baralho \u201cmais aleat\u00f3rio\u201d. O prop\u00f3sito da segunda embaralhada \u00e9 para desencorajar organiza\u00e7\u00e3o do baralho e trapa\u00e7a.<\/div><\/span><\/p>\n<p><span style=\"font-weight: 400\">Se o advers\u00e1rio n\u00e3o acredita que o jogador fez um esfor\u00e7o razo\u00e1vel para embaralhar seu deck, o advers\u00e1rio deve notificar o juiz.<\/span><\/p>\n<p><span style=\"font-weight: 400\"><div class=\"alert alert-info\" role=\"alert\"> Ju\u00edzes ainda devem saber o que est\u00e1 acontecendo. Vers\u00f5es anteriores do IPG incluem um exemplo de trapa\u00e7a que dizia \u201c3 pile shuffle para desfazer uma organiza\u00e7\u00e3o de mana\u201d, mas esse exemplo foi removido na atualiza\u00e7\u00e3o de fevereiro de 2015. Apesar de n\u00e3o chamar o juiz n\u00e3o ser mais trapa\u00e7a, ju\u00edzes ainda devem ser notificados imediatamente.<\/div><\/span><\/p>\n<p><span style=\"font-weight: 400\">Os jogadores podem pedir para um juiz embaralhar suas cartas ao inv\u00e9s do advers\u00e1rio; Este pedido ser\u00e1 honrado a crit\u00e9rio do juiz.<\/span><\/p>\n<p><span style=\"font-weight: 400\"><div class=\"alert alert-info\" role=\"alert\"> Ju\u00edzes devem usar seu crit\u00e9rio aqui. Embaralhar toma uma quantidade consider\u00e1vel de tempo, durante a qual o juiz n\u00e3o pode atender outras chamadas. Embaralhar para jogadores deve ser guardado para circunst\u00e2ncias exepcionais.<\/div><\/span><\/p>\n<p><span style=\"font-weight: 400\">Se um jogador teve a oportunidade de ver qualquer parte da face frontal de um card do deck sendo embaralhado, o deck n\u00e3o \u00e9 mais considerado aleat\u00f3rio e deve ser embaralhado novamente.<\/span><\/p>\n<p><span style=\"font-weight: 400\"><div class=\"alert alert-info\" role=\"alert\"> No REL Competitivo e Profissional, um jogador que n\u00e3o torna seu baralho aleat\u00f3rio novamente ap\u00f3s ver cards cometeu Olhar Cards Extras, e pode precisar ser investigado por Trapa\u00e7a<\/div><\/span><\/p>\n<p><span style=\"font-weight: 400\">Em torneios com N\u00edvel de Aplica\u00e7\u00e3o de Regras Competitivo e Profissional, os jogadores s\u00e3o obrigados a embaralhar os decks de seus oponentes depois que seus donos os tenham embaralhado. Em torneios com N\u00edvel de Aplica\u00e7\u00e3o de Regras Regular, fica a crit\u00e9rio do Juiz-Mor fazer essa exig\u00eancia.<\/span><\/p>\n<p><span style=\"font-weight: 400\"><div class=\"alert alert-info\" role=\"alert\"> Em algumas culturas, pedir para embaralhar o grim\u00f3rio de um oponente \u00e9 considerado um insulto. O requerimento de embaralhar o grim\u00f3rio do oponente \u00e9 para impedir trapaceiros de tomar vantagem dessas normas culturais.<\/span><\/p>\n<p><span style=\"font-weight: 400\">Como um baralho deve estar aleat\u00f3rio ao ser apresentado ao oponente, essa embaralhada n\u00e3o precisa ser extensa. Entretanto, simplesmente cortar o baralho n\u00e3o \u00e9 suficiente para cumprir esse requerimento.<\/div><\/span><\/p>\n","protected":false},"excerpt":{"rendered":"<p>Os decks devem ser embaralhados no in\u00edcio de cada jogo e sempre que uma instru\u00e7\u00e3o requerer isso. Embaralhamento \u00e9 definido como trazer o deck a um estado em que nenhum jogador pode ter qualquer informa\u00e7\u00e3o sobre a ordem ou a posi\u00e7\u00e3o de cards em qualquer parte do deck. Embaralhar por pilhas n\u00e3o pode ser executado [&hellip;]<\/p>\n","protected":false},"author":249,"featured_media":0,"parent":0,"menu_order":0,"comment_status":"closed","ping_status":"closed","template":"","meta":{"footnotes":"","_links_to":"","_links_to_target":""},"language":[13],"class_list":["post-7440","page","type-page","status-publish","hentry","language-pt_br"],"_links":{"self":[{"href":"https:\/\/blogs.magicjudges.org\/rules\/wp-json\/wp\/v2\/pages\/7440","targetHints":{"allow":["GET"]}}],"collection":[{"href":"https:\/\/blogs.magicjudges.org\/rules\/wp-json\/wp\/v2\/pages"}],"about":[{"href":"https:\/\/blogs.magicjudges.org\/rules\/wp-json\/wp\/v2\/types\/page"}],"author":[{"embeddable":true,"href":"https:\/\/blogs.magicjudges.org\/rules\/wp-json\/wp\/v2\/users\/249"}],"replies":[{"embeddable":true,"href":"https:\/\/blogs.magicjudges.org\/rules\/wp-json\/wp\/v2\/comments?post=7440"}],"version-history":[{"count":1,"href":"https:\/\/blogs.magicjudges.org\/rules\/wp-json\/wp\/v2\/pages\/7440\/revisions"}],"predecessor-version":[{"id":7443,"href":"https:\/\/blogs.magicjudges.org\/rules\/wp-json\/wp\/v2\/pages\/7440\/revisions\/7443"}],"wp:attachment":[{"href":"https:\/\/blogs.magicjudges.org\/rules\/wp-json\/wp\/v2\/media?parent=7440"}],"wp:term":[{"taxonomy":"language","embeddable":true,"href":"https:\/\/blogs.magicjudges.org\/rules\/wp-json\/wp\/v2\/language?post=7440"}],"curies":[{"name":"wp","href":"https:\/\/api.w.org\/{rel}","templated":true}]}}