{"id":7444,"date":"2018-01-11T00:41:59","date_gmt":"2018-01-10T21:41:59","guid":{"rendered":"http:\/\/blogs.magicjudges.org\/rules\/?page_id=7444"},"modified":"2018-01-11T00:41:59","modified_gmt":"2018-01-10T21:41:59","slug":"mtr3-10-pt","status":"publish","type":"page","link":"https:\/\/blogs.magicjudges.org\/rules\/mtr3-10-pt\/","title":{"rendered":"MTR 3.10 Protetores"},"content":{"rendered":"<p><span style=\"font-weight: 400\">Os jogadores podem usar protetores pl\u00e1sticos de cards ou outros dispositivos de prote\u00e7\u00e3o em cards. <\/span><\/p>\n<p><span style=\"font-weight: 400\"><div class=\"alert alert-info\" role=\"alert\"> Frequentemente jogadores estar\u00e3o utilizando protetores para proteger seus cards da sujeira e fric\u00e7\u00e3o que eles seriam expostos pelo uso cont\u00ednuo. Confirmado que eles n\u00e3o interferem com o embaralhamento, ou que n\u00e3o podem ser considerados ofensivos, eles ser\u00e3o permitidos com as seguintes condi\u00e7\u00f5es.<\/div><\/span><\/p>\n<p><span style=\"font-weight: 400\">Se um jogador escolhe usar protetores de cards, todos os protetores devem ser id\u00eanticos e todos os cards no seu deck devem ser colocados nos protetores da mesma maneira.<\/span><\/p>\n<p><span style=\"font-weight: 400\"><div class=\"alert alert-info\" role=\"alert\"> Ter um grim\u00f3rio com protetores de marcas\/tipos\/cores\/condi\u00e7\u00e3o\/tamanho diferentes n\u00e3o \u00e9 permitido, j\u00e1 que isso permite que os jogadores diferenciem as cartas. Adicionalmente as condi\u00e7\u00f5es dos protetores devem ser notadas. Se a maioria dos protetores est\u00e1 desgastada e usada no lado vis\u00edvel estando no grim\u00f3rio, mas alguns protetores est\u00e3o em uma not\u00e1vel melhor condi\u00e7\u00e3o, os protetores n\u00e3o s\u00e3o id\u00eanticos. Outra pr\u00e1tica comum \u00e9 utilizar \u2018\u2019protetores duplos\u2019\u2019 no grim\u00f3rio, nesse caso todas as cartas devem ter dois protetores para que n\u00e3o exista varia\u00e7\u00e3o na rigidez e espessura das cartas no grim\u00f3rio. Desvios not\u00e1veis da natureza id\u00eantica dos protetores deve ser considerado Cartas Marcadas.<\/div><\/span><\/p>\n<p><span style=\"font-weight: 400\">Se os protetores apresentam hologramas ou outras marcas semelhantes, os cards devem ser inseridos nos protetores para que essas marcas s\u00f3 apare\u00e7am nas faces frontais dos cards.<\/span><\/p>\n<p><span style=\"font-weight: 400\"><div class=\"alert alert-info\" role=\"alert\"> Para prevenir informa\u00e7\u00e3o sendo revelada por refletir a face de uma carta acima numa pilha todos os hologramas e similares devem estar apenas na face do protetor do card.<\/div><\/span><\/p>\n<p><span style=\"font-weight: 400\">Durante uma partida, um jogador pode solicitar que um juiz inspecione os protetores de cards do seu oponente.<\/span><\/p>\n<p><span style=\"font-weight: 400\"><div class=\"alert alert-info\" role=\"alert\"> Se um jogador acha algo suspeito ele pode pedir a um juiz para checar Cartas Marcadas nos protetores de seu oponente. O processo para isso \u00e9 parecido com o de uma checagem de grim\u00f3rio, onde as cartas s\u00e3o rapidamente examinadas para diferen\u00e7as ou problemas. Deve ser notado que todos os protetores podem ser considera marcados se examinados atentamente, e isso deve ser considerado quando se avaliar protetores.<\/div><\/span><\/p>\n<p><span style=\"font-weight: 400\">O juiz pode proibir aqueles protetores de cards, se ele acredita que eles s\u00e3o marcados, danificados, ou de qualquer outra condi\u00e7\u00e3o ou design que interfira com o embaralhamento ou com o jogo.<\/span><\/p>\n<p><span style=\"font-weight: 400\"><div class=\"alert alert-info\" role=\"alert\"> No evento de se determinar que os protetores de cartas est\u00e3o interferindo com o jogo ou comprometendo a integridade do jogo, o juiz pode exigir que se use protetores substitutos pelo restante do torneio.<\/div><\/span><\/p>\n<p><span style=\"font-weight: 400\">No interesse da efici\u00eancia, o juiz pode optar por adiar qualquer mudan\u00e7a de protetores para o final da partida.<\/span><\/p>\n<p><span style=\"font-weight: 400\"><div class=\"alert alert-info\" role=\"alert\"> O ato de exigir que um jogador troque seus protetores no meio de uma partida \u00e9 inegavelmente prejudicial, se o juiz sentir que n\u00e3o h\u00e1 necessidade urgente, adiar a troca para depois da partida \u00e9 uma alternativa superior. Se necess\u00e1rio uma extens\u00e3o de tempo pode ser dada para completar a tarefa e permitir que o jogador continue no torneio.<\/div><\/span><\/p>\n<p><span style=\"font-weight: 400\">Torneios com N\u00edvel de Aplica\u00e7\u00e3o de Regras Competitivo e Profissional imp\u00f5em restri\u00e7\u00f5es adicionais nos protetores.<\/span><\/p>\n<p><span style=\"font-weight: 400\"><div class=\"alert alert-info\" role=\"alert\"> Devido a natureza do N\u00edvel de Aplica\u00e7\u00e3o de Regras Competitivo e Profissional, restri\u00e7\u00f5es adicionais s\u00e3o fixadas para reduzir a chance de a integridade do evento ser comprometida. Como tal nesses eventos as seguintes observa\u00e7\u00f5es e regulamentos devem ser aplicadas e consideradas.<\/div><\/span><\/p>\n<p><span style=\"font-weight: 400\">Protetores altamente refletivos n\u00e3o s\u00e3o permitidos. Protetores com padr\u00f5es hologr\u00e1ficos na frente ou nas costas de alguns ou de todos os protetores n\u00e3o s\u00e3o permitidos.<\/span><\/p>\n<p><span style=\"font-weight: 400\"><div class=\"alert alert-info\" role=\"alert\"> Se um protetor tem a parte de tr\u00e1s altamente espelhada, informa\u00e7\u00e3o pode ser ganha quando se pegar cartas do grim\u00f3rio onde algumas caracter\u00edsticas podem ser observadas, como se a carta \u00e9 ou n\u00e3o um terreno, ou que cor ela \u00e9. Isso claramente n\u00e3o \u00e9 algo que possa ser permitido, devido ao risco que cria.<\/span><\/p>\n<p><span style=\"font-weight: 400\">A restri\u00e7\u00e3o em padr\u00f5es de holograma na frente \u00e9 em vista de maximizar a clareza do jogo, assim como n\u00e3o prejudicar a visualiza\u00e7\u00e3o da carta para ambos os jogadores. Deve ser notado que devido a natureza insignificante de algo como o adesivo do logo da Ultra Pro, o seu posicionamento e tamanho n\u00e3o o torna um fator quando se avaliar os protetores.<\/div><\/span><\/p>\n<p><span style=\"font-weight: 400\">Protetores com artes gr\u00e1ficas em suas costas podem ser submetidos a exame complementar, especialmente se n\u00e3o houver uma borda s\u00f3lida em torno dos cantos.<\/span><\/p>\n<p><span style=\"font-weight: 400\"><div class=\"alert alert-info\" role=\"alert\"> Com bordas s\u00f3lidas um jogador n\u00e3o pode facilmente esconder marca\u00e7\u00f5es nos protetores que podem ser vistos quanto as cartas est\u00e3o em uma pilha, ao passo que sem uma borda s\u00f3lida, anormalidades s\u00e3o bem mais dif\u00edceis de se notar, e demandam ent\u00e3o estudo extra quando se avaliar os protetores.<\/div><\/span><\/p>\n<p><span style=\"font-weight: 400\">Ao usar protetores em cards de dupla face, os protetores devem ser completamente opacos.<\/span><\/p>\n<p><span style=\"font-weight: 400\"><div class=\"alert alert-info\" role=\"alert\"> No evento de um jogador estar usando cartas de face dupla em vez de uma carta de Checklist, o protetor n\u00e3o deve deixar qualquer indica\u00e7\u00e3o que uma carta de dupla face est\u00e1 nele. Frequentemente a maneira mais f\u00e1cil de observar isso \u00e9 olhar a parte de tr\u00e1s do protetor em diversos \u00e2ngulos na luz para determinar sua opacidade. Se o protetor for provado inefetivo em prevenir que se revele a natureza da carta de face dupla o jogador precisar\u00e1 ou usar cartas de checklist apropriadas, ou usar, novos, adequados protetores. A infra\u00e7\u00e3o de Cartas Marcadas tamb\u00e9m pode ser aplicada.<\/div><\/span><\/p>\n<p><span style=\"font-weight: 400\">O Juiz-Mor \u00e9 a autoridade final sobre a permiss\u00e3o de uso de protetores.<\/span><\/p>\n","protected":false},"excerpt":{"rendered":"<p>Os jogadores podem usar protetores pl\u00e1sticos de cards ou outros dispositivos de prote\u00e7\u00e3o em cards. Se um jogador escolhe usar protetores de cards, todos os protetores devem ser id\u00eanticos e todos os cards no seu deck devem ser colocados nos protetores da mesma maneira. Se os protetores apresentam hologramas ou outras marcas semelhantes, os cards [&hellip;]<\/p>\n","protected":false},"author":249,"featured_media":0,"parent":0,"menu_order":0,"comment_status":"closed","ping_status":"closed","template":"","meta":{"footnotes":"","_links_to":"","_links_to_target":""},"language":[13],"class_list":["post-7444","page","type-page","status-publish","hentry","language-pt_br"],"_links":{"self":[{"href":"https:\/\/blogs.magicjudges.org\/rules\/wp-json\/wp\/v2\/pages\/7444","targetHints":{"allow":["GET"]}}],"collection":[{"href":"https:\/\/blogs.magicjudges.org\/rules\/wp-json\/wp\/v2\/pages"}],"about":[{"href":"https:\/\/blogs.magicjudges.org\/rules\/wp-json\/wp\/v2\/types\/page"}],"author":[{"embeddable":true,"href":"https:\/\/blogs.magicjudges.org\/rules\/wp-json\/wp\/v2\/users\/249"}],"replies":[{"embeddable":true,"href":"https:\/\/blogs.magicjudges.org\/rules\/wp-json\/wp\/v2\/comments?post=7444"}],"version-history":[{"count":1,"href":"https:\/\/blogs.magicjudges.org\/rules\/wp-json\/wp\/v2\/pages\/7444\/revisions"}],"predecessor-version":[{"id":7445,"href":"https:\/\/blogs.magicjudges.org\/rules\/wp-json\/wp\/v2\/pages\/7444\/revisions\/7445"}],"wp:attachment":[{"href":"https:\/\/blogs.magicjudges.org\/rules\/wp-json\/wp\/v2\/media?parent=7444"}],"wp:term":[{"taxonomy":"language","embeddable":true,"href":"https:\/\/blogs.magicjudges.org\/rules\/wp-json\/wp\/v2\/language?post=7444"}],"curies":[{"name":"wp","href":"https:\/\/api.w.org\/{rel}","templated":true}]}}