{"id":10,"date":"2014-03-19T11:58:53","date_gmt":"2014-03-19T11:58:53","guid":{"rendered":"http:\/\/blogs.magicjudges.org\/rulestips-es\/?page_id=10"},"modified":"2016-04-19T08:26:03","modified_gmt":"2016-04-19T08:26:03","slug":"sobre-nosotros","status":"publish","type":"page","link":"https:\/\/blogs.magicjudges.org\/rulestips-es\/sobre-nosotros\/","title":{"rendered":"Sobre Nosotros"},"content":{"rendered":"<p>En este blog nos dedicaremos a publicar diariamente consejos \u00fatiles para todos los jugadores de Magic, la mayor\u00eda de ellos traducidos directamente del <a href=\"http:\/\/blogs.magicjudges.org\/rulestips\">Rules Tip <\/a>original.<\/p>\n<p>El equipo est\u00e1 compuesto por:<\/p>\n<p>&#8211;\u00a0Ib\u00f3n Varela, Juez de Nivel 1 de Orense.<\/p>\n<p>&#8211; Alejandro Sang\u00fcesa, Juez de Nivel 2 de Zaragoza<\/p>\n<p>&#8211; Pablo Rold\u00e1n, Juez de Nivel 2 de Sevilla<\/p>\n<p>&#8211; Arthur Cohen, Juez de Nivel 2 de Barcelona<\/p>\n<p>&#8211; Jos\u00e9 Ignacio P\u00e9rez, Juez de Nivel 2 de Vigo<\/p>\n<p>&#8211; Patricia Fern\u00e1ndez, Juez de Nivel 2 de Orense<\/p>\n","protected":false},"excerpt":{"rendered":"<p>En este blog nos dedicaremos a publicar diariamente consejos \u00fatiles para todos los jugadores de Magic, la mayor\u00eda de ellos traducidos directamente del Rules Tip original. El equipo est\u00e1 compuesto por: &#8211;\u00a0Ib\u00f3n Varela, Juez de Nivel 1 de Orense. &#8211; Alejandro Sang\u00fcesa, Juez de Nivel 2 de Zaragoza &#8211; Pablo Rold\u00e1n, Juez de Nivel 2 [&hellip;]<\/p>\n","protected":false},"author":105,"featured_media":0,"parent":0,"menu_order":0,"comment_status":"closed","ping_status":"closed","template":"","meta":{"footnotes":"","_links_to":"","_links_to_target":""},"language":[],"class_list":["post-10","page","type-page","status-publish","hentry"],"_links":{"self":[{"href":"https:\/\/blogs.magicjudges.org\/rulestips-es\/wp-json\/wp\/v2\/pages\/10","targetHints":{"allow":["GET"]}}],"collection":[{"href":"https:\/\/blogs.magicjudges.org\/rulestips-es\/wp-json\/wp\/v2\/pages"}],"about":[{"href":"https:\/\/blogs.magicjudges.org\/rulestips-es\/wp-json\/wp\/v2\/types\/page"}],"author":[{"embeddable":true,"href":"https:\/\/blogs.magicjudges.org\/rulestips-es\/wp-json\/wp\/v2\/users\/105"}],"replies":[{"embeddable":true,"href":"https:\/\/blogs.magicjudges.org\/rulestips-es\/wp-json\/wp\/v2\/comments?post=10"}],"version-history":[{"count":8,"href":"https:\/\/blogs.magicjudges.org\/rulestips-es\/wp-json\/wp\/v2\/pages\/10\/revisions"}],"predecessor-version":[{"id":1821,"href":"https:\/\/blogs.magicjudges.org\/rulestips-es\/wp-json\/wp\/v2\/pages\/10\/revisions\/1821"}],"wp:attachment":[{"href":"https:\/\/blogs.magicjudges.org\/rulestips-es\/wp-json\/wp\/v2\/media?parent=10"}],"wp:term":[{"taxonomy":"language","embeddable":true,"href":"https:\/\/blogs.magicjudges.org\/rulestips-es\/wp-json\/wp\/v2\/language?post=10"}],"curies":[{"name":"wp","href":"https:\/\/api.w.org\/{rel}","templated":true}]}}